INSERT INTO `course_chapter_lessons` (`id`, `title`, `slug`, `description`, `instructor_id`, `course_id`, `chapter_id`, `chapter_item_id`, `file_path`, `storage`, `volume`, `duration`, `file_type`, `downloadable`, `order`, `is_free`, `status`, `created_at`, `updated_at`) VALUES
(1770, 'Illo facere aut id iusto qui.', 'nemo-libero-voluptas-necessitatibus-sint-pariatur-quo-eveniet', 'Unlock the full potential of Python in the realms of data science and machine learning with this comprehensive course. Designed for aspiring data scientists, machine learning engineers, and anyone eager to dive into the world of data, this course takes you from foundational concepts to advanced techniques, ensuring a thorough understanding and hands-on experience with the latest tools and methodologies', 1003, 64, 443, 2212, 'https://vimeo.com/273651219', 'vimeo', NULL, '1', 'video', 1, NULL, 1, 'active', '2024-07-03 21:41:02', '2024-07-03 21:41:02'),
(1771, 'Laborum deserunt velit non incidunt a quia et maxime.', 'placeat-asperiores-soluta-occaecati-id', 'Unlock the full potential of Python in the realms of data science and machine learning with this comprehensive course. Designed for aspiring data scientists, machine learning engineers, and anyone eager to dive into the world of data, this course takes you from foundational concepts to advanced techniques, ensuring a thorough understanding and hands-on experience with the latest tools and methodologies', 1003, 64, 443, 2213, 'https://drive.google.com/file/d/1CmtT6i3-QZtz7Oq_lcJHBcQkCVMdb0cV/view', 'google_drive', NULL, '2', 'video', 1, NULL, 0, 'active', '2024-07-03 21:41:02', '2024-07-03 21:41:02'),
(1772, 'In tenetur porro nobis facilis earum doloremque.', 'eum-id-voluptas-delectus', 'Unlock the full potential of Python in the realms of data science and machine learning with this comprehensive course. Designed for aspiring data scientists, machine learning engineers, and anyone eager to dive into the world of data, this course takes you from foundational concepts to advanced techniques, ensuring a thorough understanding and hands-on experience with the latest tools and methodologies', 1003, 64, 443, 2215, 'https://www.youtube.com/watch?v=pVTGfHyLlDU', 'youtube', NULL, '1', 'video', 1, NULL, NULL, 'active', '2024-07-03 21:41:02', '2024-07-03 21:41:02'),
(1773, 'Saepe consectetur provident commodi quis.', 'aut-veniam-quod-similique-harum-repellendus', 'Unlock the full potential of Python in the realms of data science and machine learning with this comprehensive course. Designed for aspiring data scientists, machine learning engineers, and anyone eager to dive into the world of data, this course takes you from foundational concepts to advanced techniques, ensuring a thorough understanding and hands-on experience with the latest tools and methodologies', 1003, 64, 444, 2216, 'https://www.youtube.com/watch?v=7cMOjf4C9KE', 'youtube', NULL, '11', 'video', 1, NULL, 1, 'active', '2024-07-03 21:41:02', '2024-07-03 21:41:02'),
(1774, 'Officiis aut dolor suscipit praesentium ea.', 'nulla-numquam-aut-rerum-blanditiis', 'Unlock the full potential of Python in the realms of data science and machine learning with this comprehensive course. Designed for aspiring data scientists, machine learning engineers, and anyone eager to dive into the world of data, this course takes you from foundational concepts to advanced techniques, ensuring a thorough understanding and hands-on experience with the latest tools and methodologies', 1003, 64, 444, 2217, 'https://vimeo.com/273651219', 'vimeo', NULL, '1', 'video', 1, NULL, 1, 'active', '2024-07-03 21:41:02', '2024-07-03 21:41:02'),
(1775, 'Alias aut vitae velit in laborum illum voluptatibus nemo.', 'ut-voluptas-sunt-dicta-corrupti-omnis-voluptatibus', 'Unlock the full potential of Python in the realms of data science and machine learning with this comprehensive course. Designed for aspiring data scientists, machine learning engineers, and anyone eager to dive into the world of data, this course takes you from foundational concepts to advanced techniques, ensuring a thorough understanding and hands-on experience with the latest tools and methodologies', 1003, 64, 444, 2218, 'https://drive.google.com/file/d/1CmtT6i3-QZtz7Oq_lcJHBcQkCVMdb0cV/view', 'google_drive', NULL, '2', 'video', 1, NULL, 0, 'active', '2024-07-03 21:41:02', '2024-07-03 21:41:02'),
(1776, 'Voluptatem quod rem ut at consequatur at.', 'quod-doloremque-dolorem-minus-voluptas-sit-sit-et', 'Unlock the full potential of Python in the realms of data science and machine learning with this comprehensive course. Designed for aspiring data scientists, machine learning engineers, and anyone eager to dive into the world of data, this course takes you from foundational concepts to advanced techniques, ensuring a thorough understanding and hands-on experience with the latest tools and methodologies', 1003, 64, 444, 2220, 'https://www.youtube.com/watch?v=pVTGfHyLlDU', 'youtube', NULL, '1', 'video', 1, NULL, NULL, 'active', '2024-07-03 21:41:02', '2024-07-03 21:41:02'),
(1777, 'Aliquid facilis repudiandae quod qui magni est.', 'necessitatibus-suscipit-quo-similique-dolorem-et-aut-aut', 'Unlock the full potential of Python in the realms of data science and machine learning with this comprehensive course. Designed for aspiring data scientists, machine learning engineers, and anyone eager to dive into the world of data, this course takes you from foundational concepts to advanced techniques, ensuring a thorough understanding and hands-on experience with the latest tools and methodologies', 1003, 64, 445, 2221, 'https://www.youtube.com/watch?v=7cMOjf4C9KE', 'youtube', NULL, '11', 'video', 1, NULL, 1, 'active', '2024-07-03 21:41:02', '2024-07-03 21:41:02'),
(1778, 'Ipsum iste vero natus soluta sunt qui labore itaque.', 'itaque-ea-officia-esse-placeat-facilis', 'Unlock the full potential of Python in the realms of data science and machine learning with this comprehensive course. Designed for aspiring data scientists, machine learning engineers, and anyone eager to dive into the world of data, this course takes you from foundational concepts to advanced techniques, ensuring a thorough understanding and hands-on experience with the latest tools and methodologies', 1003, 64, 445, 2222, 'https://vimeo.com/273651219', 'vimeo', NULL, '1', 'video', 1, NULL, 1, 'active', '2024-07-03 21:41:02', '2024-07-03 21:41:02'),
(1779, 'Soluta et sed ullam dolorem.', 'voluptatem-nemo-sunt-in-ratione-et', 'Unlock the full potential of Python in the realms of data science and machine learning with this comprehensive course. Designed for aspiring data scientists, machine learning engineers, and anyone eager to dive into the world of data, this course takes you from foundational concepts to advanced techniques, ensuring a thorough understanding and hands-on experience with the latest tools and methodologies', 1003, 64, 445, 2223, 'https://drive.google.com/file/d/1CmtT6i3-QZtz7Oq_lcJHBcQkCVMdb0cV/view', 'google_drive', NULL, '2', 'video', 1, NULL, 0, 'active', '2024-07-03 21:41:02', '2024-07-03 21:41:02'),
(1780, 'Adipisci fugiat eum qui et.', 'perferendis-reiciendis-cupiditate-ratione-doloribus-delectus-accusantium-ex', 'Unlock the full potential of Python in the realms of data science and machine learning with this comprehensive course. Designed for aspiring data scientists, machine learning engineers, and anyone eager to dive into the world of data, this course takes you from foundational concepts to advanced techniques, ensuring a thorough understanding and hands-on experience with the latest tools and methodologies', 1003, 64, 445, 2225, 'https://www.youtube.com/watch?v=pVTGfHyLlDU', 'youtube', NULL, '1', 'video', 1, NULL, NULL, 'active', '2024-07-03 21:41:02', '2024-07-03 21:41:02'),
(1781, 'Id magni numquam labore odit minus.', 'sed-maiores-dolores-velit-voluptatibus-maiores-occaecati-cum', 'Unlock the full potential of Python in the realms of data science and machine learning with this comprehensive course. Designed for aspiring data scientists, machine learning engineers, and anyone eager to dive into the world of data, this course takes you from foundational concepts to advanced techniques, ensuring a thorough understanding and hands-on experience with the latest tools and methodologies', 1003, 64, 446, 2226, 'https://www.youtube.com/watch?v=7cMOjf4C9KE', 'youtube', NULL, '11', 'video', 1, NULL, 1, 'active', '2024-07-03 21:41:02', '2024-07-03 21:41:02'),
(1782, 'Dolores provident eum autem eum.', 'similique-sit-accusantium-commodi-ducimus-aut-aperiam-aut-rerum', 'Unlock the full potential of Python in the realms of data science and machine learning with this comprehensive course. Designed for aspiring data scientists, machine learning engineers, and anyone eager to dive into the world of data, this course takes you from foundational concepts to advanced techniques, ensuring a thorough understanding and hands-on experience with the latest tools and methodologies', 1003, 64, 446, 2227, 'https://vimeo.com/273651219', 'vimeo', NULL, '1', 'video', 1, NULL, 1, 'active', '2024-07-03 21:41:02', '2024-07-03 21:41:02'),
(1783, 'Optio consequuntur et debitis repellendus porro ratione asperiores.', 'et-maxime-qui-amet-labore', 'Unlock the full potential of Python in the realms of data science and machine learning with this comprehensive course. Designed for aspiring data scientists, machine learning engineers, and anyone eager to dive into the world of data, this course takes you from foundational concepts to advanced techniques, ensuring a thorough understanding and hands-on experience with the latest tools and methodologies', 1003, 64, 446, 2228, 'https://drive.google.com/file/d/1CmtT6i3-QZtz7Oq_lcJHBcQkCVMdb0cV/view', 'google_drive', NULL, '2', 'video', 1, NULL, 0, 'active', '2024-07-03 21:41:02', '2024-07-03 21:41:02'),
(1784, 'Expedita voluptas aliquid aut incidunt sit fugiat dolores.', 'dolor-ut-eos-et', 'Unlock the full potential of Python in the realms of data science and machine learning with this comprehensive course. Designed for aspiring data scientists, machine learning engineers, and anyone eager to dive into the world of data, this course takes you from foundational concepts to advanced techniques, ensuring a thorough understanding and hands-on experience with the latest tools and methodologies', 1003, 64, 446, 2230, 'https://www.youtube.com/watch?v=pVTGfHyLlDU', 'youtube', NULL, '1', 'video', 1, NULL, NULL, 'active', '2024-07-03 21:41:02', '2024-07-03 21:41:02'),
(1785, 'Atque ipsam hic dolorem sint non expedita quo.', 'neque-doloremque-vero-numquam', 'Unlock the full potential of Python in the realms of data science and machine learning with this comprehensive course. Designed for aspiring data scientists, machine learning engineers, and anyone eager to dive into the world of data, this course takes you from foundational concepts to advanced techniques, ensuring a thorough understanding and hands-on experience with the latest tools and methodologies', 1003, 64, 447, 2231, 'https://www.youtube.com/watch?v=7cMOjf4C9KE', 'youtube', NULL, '11', 'video', 1, NULL, 1, 'active', '2024-07-03 21:41:02', '2024-07-03 21:41:02'),
(1786, 'Eos officiis inventore est.', 'praesentium-iste-natus-voluptatem-et', 'Unlock the full potential of Python in the realms of data science and machine learning with this comprehensive course. Designed for aspiring data scientists, machine learning engineers, and anyone eager to dive into the world of data, this course takes you from foundational concepts to advanced techniques, ensuring a thorough understanding and hands-on experience with the latest tools and methodologies', 1003, 64, 447, 2232, 'https://vimeo.com/273651219', 'vimeo', NULL, '1', 'video', 1, NULL, 1, 'active', '2024-07-03 21:41:02', '2024-07-03 21:41:02'),
(1787, 'Ducimus in est quis rerum quia molestiae.', 'perferendis-consequuntur-ex-voluptas-iusto-ipsum-ipsum', 'Unlock the full potential of Python in the realms of data science and machine learning with this comprehensive course. Designed for aspiring data scientists, machine learning engineers, and anyone eager to dive into the world of data, this course takes you from foundational concepts to advanced techniques, ensuring a thorough understanding and hands-on experience with the latest tools and methodologies', 1003, 64, 447, 2233, 'https://drive.google.com/file/d/1CmtT6i3-QZtz7Oq_lcJHBcQkCVMdb0cV/view', 'google_drive', NULL, '2', 'video', 1, NULL, 0, 'active', '2024-07-03 21:41:02', '2024-07-03 21:41:02'),
(1788, 'Sapiente iure ratione officiis est.', 'qui-labore-eaque-quis-totam-rerum-totam-explicabo', 'Unlock the full potential of Python in the realms of data science and machine learning with this comprehensive course. Designed for aspiring data scientists, machine learning engineers, and anyone eager to dive into the world of data, this course takes you from foundational concepts to advanced techniques, ensuring a thorough understanding and hands-on experience with the latest tools and methodologies', 1003, 64, 447, 2235, 'https://www.youtube.com/watch?v=pVTGfHyLlDU', 'youtube', NULL, '1', 'video', 1, NULL, NULL, 'active', '2024-07-03 21:41:02', '2024-07-03 21:41:02'),
(1789, 'Voluptatem iure nulla quo aut et soluta reprehenderit.', 'cum-sapiente-nemo-labore-dolorem-dolorum-fugit', 'Unlock the full potential of Python in the realms of data science and machine learning with this comprehensive course. Designed for aspiring data scientists, machine learning engineers, and anyone eager to dive into the world of data, this course takes you from foundational concepts to advanced techniques, ensuring a thorough understanding and hands-on experience with the latest tools and methodologies', 1003, 64, 448, 2236, 'https://www.youtube.com/watch?v=7cMOjf4C9KE', 'youtube', NULL, '11', 'video', 1, NULL, 1, 'active', '2024-07-03 21:41:02', '2024-07-03 21:41:02'),
(1790, 'Corrupti sapiente eum excepturi omnis nostrum laudantium.', 'alias-qui-qui-nesciunt-animi-vel-voluptas-assumenda', 'Unlock the full potential of Python in the realms of data science and machine learning with this comprehensive course. Designed for aspiring data scientists, machine learning engineers, and anyone eager to dive into the world of data, this course takes you from foundational concepts to advanced techniques, ensuring a thorough understanding and hands-on experience with the latest tools and methodologies', 1003, 64, 448, 2237, 'https://vimeo.com/273651219', 'vimeo', NULL, '1', 'video', 1, NULL, 1, 'active', '2024-07-03 21:41:02', '2024-07-03 21:41:02'),
(1791, 'Quia vel cupiditate eum deserunt doloremque nam assumenda alias.', 'et-facilis-aperiam-laborum', 'Unlock the full potential of Python in the realms of data science and machine learning with this comprehensive course. Designed for aspiring data scientists, machine learning engineers, and anyone eager to dive into the world of data, this course takes you from foundational concepts to advanced techniques, ensuring a thorough understanding and hands-on experience with the latest tools and methodologies', 1003, 64, 448, 2238, 'https://drive.google.com/file/d/1CmtT6i3-QZtz7Oq_lcJHBcQkCVMdb0cV/view', 'google_drive', NULL, '2', 'video', 1, NULL, 0, 'active', '2024-07-03 21:41:02', '2024-07-03 21:41:02'),
(1792, 'Blanditiis officiis nisi aut aut vero.', 'voluptatibus-rerum-itaque-et', 'Unlock the full potential of Python in the realms of data science and machine learning with this comprehensive course. Designed for aspiring data scientists, machine learning engineers, and anyone eager to dive into the world of data, this course takes you from foundational concepts to advanced techniques, ensuring a thorough understanding and hands-on experience with the latest tools and methodologies', 1003, 64, 448, 2240, 'https://www.youtube.com/watch?v=pVTGfHyLlDU', 'youtube', NULL, '1', 'video', 1, NULL, NULL, 'active', '2024-07-03 21:41:02', '2024-07-03 21:41:02'),
(1793, 'Youtube Source', NULL, 'Unlock the full potential of Python in the realms of data science and machine learning with this comprehensive course. Designed for aspiring data scientists, machine learning engineers, and anyone eager to dive into the world of data, this course takes you from foundational concepts to advanced techniques, ensuring a thorough understanding and hands-on experience with the latest tools and methodologies', 1003, 65, 449, 2241, 'https://www.youtube.com/watch?v=7cMOjf4C9KE', 'youtube', NULL, '11', 'video', 1, NULL, 1, 'active', '2024-07-03 21:41:02', '2024-07-03 21:41:02'),
(1794, 'Vimeo Source', NULL, 'Unlock the full potential of Python in the realms of data science and machine learning with this comprehensive course. Designed for aspiring data scientists, machine learning engineers, and anyone eager to dive into the world of data, this course takes you from foundational concepts to advanced techniques, ensuring a thorough understanding and hands-on experience with the latest tools and methodologies', 1003, 65, 449, 2242, 'https://vimeo.com/273651219', 'vimeo', NULL, '1', 'video', 1, NULL, 1, 'active', '2024-07-03 21:41:02', '2024-07-03 21:41:02'),
(1795, 'Google Drive Source', NULL, 'Unlock the full potential of Python in the realms of data science and machine learning with this comprehensive course. Designed for aspiring data scientists, machine learning engineers, and anyone eager to dive into the world of data, this course takes you from foundational concepts to advanced techniques, ensuring a thorough understanding and hands-on experience with the latest tools and methodologies', 1003, 65, 449, 2243, 'https://drive.google.com/file/d/1CmtT6i3-QZtz7Oq_lcJHBcQkCVMdb0cV/view', 'google_drive', NULL, '2', 'video', 1, NULL, 0, 'active', '2024-07-03 21:41:02', '2024-07-03 21:41:02'),
(1796, 'Feature Engineering and Selection', NULL, 'Unlock the full potential of Python in the realms of data science and machine learning with this comprehensive course. Designed for aspiring data scientists, machine learning engineers, and anyone eager to dive into the world of data, this course takes you from foundational concepts to advanced techniques, ensuring a thorough understanding and hands-on experience with the latest tools and methodologies', 1003, 65, 449, 2245, 'https://www.youtube.com/watch?v=pVTGfHyLlDU', 'youtube', NULL, '1', 'video', 1, NULL, NULL, 'active', '2024-07-03 21:41:02', '2024-07-03 21:41:02'),
(1797, 'Qui facilis ut et repudiandae voluptas omnis facere quis.', 'tempore-quasi-molestiae-doloribus', 'Unlock the full potential of Python in the realms of data science and machine learning with this comprehensive course. Designed for aspiring data scientists, machine learning engineers, and anyone eager to dive into the world of data, this course takes you from foundational concepts to advanced techniques, ensuring a thorough understanding and hands-on experience with the latest tools and methodologies', 1003, 65, 450, 2246, 'https://www.youtube.com/watch?v=7cMOjf4C9KE', 'youtube', NULL, '11', 'video', 1, NULL, 1, 'active', '2024-07-03 21:41:02', '2024-07-03 21:41:02'),
(1798, 'Reprehenderit eveniet qui voluptatem.', 'dolorem-et-quisquam-qui', 'Unlock the full potential of Python in the realms of data science and machine learning with this comprehensive course. Designed for aspiring data scientists, machine learning engineers, and anyone eager to dive into the world of data, this course takes you from foundational concepts to advanced techniques, ensuring a thorough understanding and hands-on experience with the latest tools and methodologies', 1003, 65, 450, 2247, 'https://vimeo.com/273651219', 'vimeo', NULL, '1', 'video', 1, NULL, 1, 'active', '2024-07-03 21:41:02', '2024-07-03 21:41:02'),
(1799, 'Sint mollitia est earum.', 'molestiae-velit-nulla-voluptatem-possimus', 'Unlock the full potential of Python in the realms of data science and machine learning with this comprehensive course. Designed for aspiring data scientists, machine learning engineers, and anyone eager to dive into the world of data, this course takes you from foundational concepts to advanced techniques, ensuring a thorough understanding and hands-on experience with the latest tools and methodologies', 1003, 65, 450, 2248, 'https://drive.google.com/file/d/1CmtT6i3-QZtz7Oq_lcJHBcQkCVMdb0cV/view', 'google_drive', NULL, '2', 'video', 1, NULL, 0, 'active', '2024-07-03 21:41:02', '2024-07-03 21:41:02'),
(1800, 'Magnam facere officia omnis incidunt.', 'nostrum-laborum-deserunt-qui-facere-odit-error-accusamus', 'Unlock the full potential of Python in the realms of data science and machine learning with this comprehensive course. Designed for aspiring data scientists, machine learning engineers, and anyone eager to dive into the world of data, this course takes you from foundational concepts to advanced techniques, ensuring a thorough understanding and hands-on experience with the latest tools and methodologies', 1003, 65, 450, 2250, 'https://www.youtube.com/watch?v=pVTGfHyLlDU', 'youtube', NULL, '1', 'video', 1, NULL, NULL, 'active', '2024-07-03 21:41:02', '2024-07-03 21:41:02'),
(1801, 'Laboriosam corporis doloribus nulla aut.', 'ipsam-quisquam-perspiciatis-dolorem-labore-nisi-explicabo', 'Unlock the full potential of Python in the realms of data science and machine learning with this comprehensive course. Designed for aspiring data scientists, machine learning engineers, and anyone eager to dive into the world of data, this course takes you from foundational concepts to advanced techniques, ensuring a thorough understanding and hands-on experience with the latest tools and methodologies', 1003, 65, 451, 2251, 'https://www.youtube.com/watch?v=7cMOjf4C9KE', 'youtube', NULL, '11', 'video', 1, NULL, 1, 'active', '2024-07-03 21:41:02', '2024-07-03 21:41:02'),
(1802, 'Assumenda accusamus sed qui voluptas.', 'minima-nam-omnis-sint', 'Unlock the full potential of Python in the realms of data science and machine learning with this comprehensive course. Designed for aspiring data scientists, machine learning engineers, and anyone eager to dive into the world of data, this course takes you from foundational concepts to advanced techniques, ensuring a thorough understanding and hands-on experience with the latest tools and methodologies', 1003, 65, 451, 2252, 'https://vimeo.com/273651219', 'vimeo', NULL, '1', 'video', 1, NULL, 1, 'active', '2024-07-03 21:41:02', '2024-07-03 21:41:02'),
(1803, 'Ea et et amet fugit.', 'neque-et-assumenda-voluptas-assumenda-vel-est-a', 'Unlock the full potential of Python in the realms of data science and machine learning with this comprehensive course. Designed for aspiring data scientists, machine learning engineers, and anyone eager to dive into the world of data, this course takes you from foundational concepts to advanced techniques, ensuring a thorough understanding and hands-on experience with the latest tools and methodologies', 1003, 65, 451, 2253, 'https://drive.google.com/file/d/1CmtT6i3-QZtz7Oq_lcJHBcQkCVMdb0cV/view', 'google_drive', NULL, '2', 'video', 1, NULL, 0, 'active', '2024-07-03 21:41:02', '2024-07-03 21:41:02'),
(1804, 'Optio velit quibusdam enim ad voluptas et id veniam.', 'nam-porro-similique-rerum-quo-voluptas-aut-odit', 'Unlock the full potential of Python in the realms of data science and machine learning with this comprehensive course. Designed for aspiring data scientists, machine learning engineers, and anyone eager to dive into the world of data, this course takes you from foundational concepts to advanced techniques, ensuring a thorough understanding and hands-on experience with the latest tools and methodologies', 1003, 65, 451, 2255, 'https://www.youtube.com/watch?v=pVTGfHyLlDU', 'youtube', NULL, '1', 'video', 1, NULL, NULL, 'active', '2024-07-03 21:41:02', '2024-07-03 21:41:02'),
(1805, 'Quis sint repellendus inventore.', 'est-atque-necessitatibus-officia', 'Unlock the full potential of Python in the realms of data science and machine learning with this comprehensive course. Designed for aspiring data scientists, machine learning engineers, and anyone eager to dive into the world of data, this course takes you from foundational concepts to advanced techniques, ensuring a thorough understanding and hands-on experience with the latest tools and methodologies', 1003, 65, 452, 2256, 'https://www.youtube.com/watch?v=7cMOjf4C9KE', 'youtube', NULL, '11', 'video', 1, NULL, 1, 'active', '2024-07-03 21:41:02', '2024-07-03 21:41:02'),
(1806, 'Perspiciatis impedit et quam esse maiores nihil.', 'rerum-soluta-maiores-occaecati-at-in', 'Unlock the full potential of Python in the realms of data science and machine learning with this comprehensive course. Designed for aspiring data scientists, machine learning engineers, and anyone eager to dive into the world of data, this course takes you from foundational concepts to advanced techniques, ensuring a thorough understanding and hands-on experience with the latest tools and methodologies', 1003, 65, 452, 2257, 'https://vimeo.com/273651219', 'vimeo', NULL, '1', 'video', 1, NULL, 1, 'active', '2024-07-03 21:41:02', '2024-07-03 21:41:02'),
(1807, 'Itaque quia dolor occaecati animi praesentium laudantium rerum.', 'ut-sed-deleniti-autem-quidem-quod-aut', 'Unlock the full potential of Python in the realms of data science and machine learning with this comprehensive course. Designed for aspiring data scientists, machine learning engineers, and anyone eager to dive into the world of data, this course takes you from foundational concepts to advanced techniques, ensuring a thorough understanding and hands-on experience with the latest tools and methodologies', 1003, 65, 452, 2258, 'https://drive.google.com/file/d/1CmtT6i3-QZtz7Oq_lcJHBcQkCVMdb0cV/view', 'google_drive', NULL, '2', 'video', 1, NULL, 0, 'active', '2024-07-03 21:41:02', '2024-07-03 21:41:02'),
(1808, 'Quas voluptas deleniti earum quo quia sint.', 'quisquam-expedita-molestias-non-sit-quasi-et', 'Unlock the full potential of Python in the realms of data science and machine learning with this comprehensive course. Designed for aspiring data scientists, machine learning engineers, and anyone eager to dive into the world of data, this course takes you from foundational concepts to advanced techniques, ensuring a thorough understanding and hands-on experience with the latest tools and methodologies', 1003, 65, 452, 2260, 'https://www.youtube.com/watch?v=pVTGfHyLlDU', 'youtube', NULL, '1', 'video', 1, NULL, NULL, 'active', '2024-07-03 21:41:02', '2024-07-03 21:41:02'),
(1809, 'Numquam laudantium illum qui.', 'nemo-quae-exercitationem-omnis-qui-accusantium-placeat', 'Unlock the full potential of Python in the realms of data science and machine learning with this comprehensive course. Designed for aspiring data scientists, machine learning engineers, and anyone eager to dive into the world of data, this course takes you from foundational concepts to advanced techniques, ensuring a thorough understanding and hands-on experience with the latest tools and methodologies', 1003, 65, 453, 2261, 'https://www.youtube.com/watch?v=7cMOjf4C9KE', 'youtube', NULL, '11', 'video', 1, NULL, 1, 'active', '2024-07-03 21:41:02', '2024-07-03 21:41:02'),
(1810, 'Nam accusamus quos dolorem in eos tempora praesentium ea.', 'quibusdam-sed-qui-reiciendis-dolor', 'Unlock the full potential of Python in the realms of data science and machine learning with this comprehensive course. Designed for aspiring data scientists, machine learning engineers, and anyone eager to dive into the world of data, this course takes you from foundational concepts to advanced techniques, ensuring a thorough understanding and hands-on experience with the latest tools and methodologies', 1003, 65, 453, 2262, 'https://vimeo.com/273651219', 'vimeo', NULL, '1', 'video', 1, NULL, 1, 'active', '2024-07-03 21:41:02', '2024-07-03 21:41:02'),
(1811, 'Quia expedita sapiente quibusdam enim.', 'sed-consequuntur-vero-aspernatur-ex-nihil-deserunt', 'Unlock the full potential of Python in the realms of data science and machine learning with this comprehensive course. Designed for aspiring data scientists, machine learning engineers, and anyone eager to dive into the world of data, this course takes you from foundational concepts to advanced techniques, ensuring a thorough understanding and hands-on experience with the latest tools and methodologies', 1003, 65, 453, 2263, 'https://drive.google.com/file/d/1CmtT6i3-QZtz7Oq_lcJHBcQkCVMdb0cV/view', 'google_drive', NULL, '2', 'video', 1, NULL, 0, 'active', '2024-07-03 21:41:02', '2024-07-03 21:41:02'),
(1812, 'Est eligendi voluptatem ut sed veritatis.', 'ut-dolores-quis-consequuntur-ipsam-voluptatem', 'Unlock the full potential of Python in the realms of data science and machine learning with this comprehensive course. Designed for aspiring data scientists, machine learning engineers, and anyone eager to dive into the world of data, this course takes you from foundational concepts to advanced techniques, ensuring a thorough understanding and hands-on experience with the latest tools and methodologies', 1003, 65, 453, 2265, 'https://www.youtube.com/watch?v=pVTGfHyLlDU', 'youtube', NULL, '1', 'video', 1, NULL, NULL, 'active', '2024-07-03 21:41:02', '2024-07-03 21:41:02'),
(1813, 'Eum et eos molestias atque nihil omnis sit.', 'rerum-a-ratione-fugit-et-hic-ex', 'Unlock the full potential of Python in the realms of data science and machine learning with this comprehensive course. Designed for aspiring data scientists, machine learning engineers, and anyone eager to dive into the world of data, this course takes you from foundational concepts to advanced techniques, ensuring a thorough understanding and hands-on experience with the latest tools and methodologies', 1003, 65, 454, 2266, 'https://www.youtube.com/watch?v=7cMOjf4C9KE', 'youtube', NULL, '11', 'video', 1, NULL, 1, 'active', '2024-07-03 21:41:02', '2024-07-03 21:41:02'),
(1814, 'Et est illum ea dolorum velit.', 'ipsum-est-illum-nam-itaque', 'Unlock the full potential of Python in the realms of data science and machine learning with this comprehensive course. Designed for aspiring data scientists, machine learning engineers, and anyone eager to dive into the world of data, this course takes you from foundational concepts to advanced techniques, ensuring a thorough understanding and hands-on experience with the latest tools and methodologies', 1003, 65, 454, 2267, 'https://vimeo.com/273651219', 'vimeo', NULL, '1', 'video', 1, NULL, 1, 'active', '2024-07-03 21:41:02', '2024-07-03 21:41:02'),
(1815, 'Incidunt aut totam non voluptas qui.', 'sed-reprehenderit-illo-perspiciatis-sapiente-distinctio-quae-laborum-expedita', 'Unlock the full potential of Python in the realms of data science and machine learning with this comprehensive course. Designed for aspiring data scientists, machine learning engineers, and anyone eager to dive into the world of data, this course takes you from foundational concepts to advanced techniques, ensuring a thorough understanding and hands-on experience with the latest tools and methodologies', 1003, 65, 454, 2268, 'https://drive.google.com/file/d/1CmtT6i3-QZtz7Oq_lcJHBcQkCVMdb0cV/view', 'google_drive', NULL, '2', 'video', 1, NULL, 0, 'active', '2024-07-03 21:41:02', '2024-07-03 21:41:02'),
(1816, 'A temporibus perspiciatis distinctio tempora recusandae officia.', 'asperiores-natus-est-tempore-commodi-culpa-quas', 'Unlock the full potential of Python in the realms of data science and machine learning with this comprehensive course. Designed for aspiring data scientists, machine learning engineers, and anyone eager to dive into the world of data, this course takes you from foundational concepts to advanced techniques, ensuring a thorough understanding and hands-on experience with the latest tools and methodologies', 1003, 65, 454, 2270, 'https://www.youtube.com/watch?v=pVTGfHyLlDU', 'youtube', NULL, '1', 'video', 1, NULL, NULL, 'active', '2024-07-03 21:41:02', '2024-07-03 21:41:02'),
(1817, 'Dolorem maxime dolores omnis est minus tempora numquam molestiae.', 'labore-omnis-vel-qui-tempora-et', 'Unlock the full potential of Python in the realms of data science and machine learning with this comprehensive course. Designed for aspiring data scientists, machine learning engineers, and anyone eager to dive into the world of data, this course takes you from foundational concepts to advanced techniques, ensuring a thorough understanding and hands-on experience with the latest tools and methodologies', 1003, 65, 455, 2271, 'https://www.youtube.com/watch?v=7cMOjf4C9KE', 'youtube', NULL, '11', 'video', 1, NULL, 1, 'active', '2024-07-03 21:41:02', '2024-07-03 21:41:02'),
(1818, 'Corporis voluptatibus id qui eos tenetur.', 'dolore-in-delectus-quis-velit', 'Unlock the full potential of Python in the realms of data science and machine learning with this comprehensive course. Designed for aspiring data scientists, machine learning engineers, and anyone eager to dive into the world of data, this course takes you from foundational concepts to advanced techniques, ensuring a thorough understanding and hands-on experience with the latest tools and methodologies', 1003, 65, 455, 2272, 'https://vimeo.com/273651219', 'vimeo', NULL, '1', 'video', 1, NULL, 1, 'active', '2024-07-03 21:41:02', '2024-07-03 21:41:02'),
(1819, 'Aut eos ullam cupiditate voluptatem.', 'suscipit-non-quia-aut-qui', 'Unlock the full potential of Python in the realms of data science and machine learning with this comprehensive course. Designed for aspiring data scientists, machine learning engineers, and anyone eager to dive into the world of data, this course takes you from foundational concepts to advanced techniques, ensuring a thorough understanding and hands-on experience with the latest tools and methodologies', 1003, 65, 455, 2273, 'https://drive.google.com/file/d/1CmtT6i3-QZtz7Oq_lcJHBcQkCVMdb0cV/view', 'google_drive', NULL, '2', 'video', 1, NULL, 0, 'active', '2024-07-03 21:41:02', '2024-07-03 21:41:02'),
(1820, 'Doloribus pariatur eum enim ut.', 'ea-consequatur-voluptas-error-non-cupiditate', 'Unlock the full potential of Python in the realms of data science and machine learning with this comprehensive course. Designed for aspiring data scientists, machine learning engineers, and anyone eager to dive into the world of data, this course takes you from foundational concepts to advanced techniques, ensuring a thorough understanding and hands-on experience with the latest tools and methodologies', 1003, 65, 455, 2275, 'https://www.youtube.com/watch?v=pVTGfHyLlDU', 'youtube', NULL, '1', 'video', 1, NULL, NULL, 'active', '2024-07-03 21:41:02', '2024-07-03 21:41:02'),
(1821, 'Youtube Source', NULL, 'Unlock the full potential of Python in the realms of data science and machine learning with this comprehensive course. Designed for aspiring data scientists, machine learning engineers, and anyone eager to dive into the world of data, this course takes you from foundational concepts to advanced techniques, ensuring a thorough understanding and hands-on experience with the latest tools and methodologies', 1011, 66, 456, 2276, 'https://www.youtube.com/watch?v=7cMOjf4C9KE', 'youtube', NULL, '11', 'video', 1, NULL, 1, 'active', '2024-07-03 21:41:02', '2024-07-03 21:41:02'),
(1822, 'Vimeo Source', NULL, 'Unlock the full potential of Python in the realms of data science and machine learning with this comprehensive course. Designed for aspiring data scientists, machine learning engineers, and anyone eager to dive into the world of data, this course takes you from foundational concepts to advanced techniques, ensuring a thorough understanding and hands-on experience with the latest tools and methodologies', 1011, 66, 456, 2277, 'https://vimeo.com/273651219', 'vimeo', NULL, '1', 'video', 1, NULL, 1, 'active', '2024-07-03 21:41:02', '2024-07-03 21:41:02'),
(1823, 'Google Drive Source', NULL, 'Unlock the full potential of Python in the realms of data science and machine learning with this comprehensive course. Designed for aspiring data scientists, machine learning engineers, and anyone eager to dive into the world of data, this course takes you from foundational concepts to advanced techniques, ensuring a thorough understanding and hands-on experience with the latest tools and methodologies', 1011, 66, 456, 2278, 'https://drive.google.com/file/d/1CmtT6i3-QZtz7Oq_lcJHBcQkCVMdb0cV/view', 'google_drive', NULL, '2', 'video', 1, NULL, 0, 'active', '2024-07-03 21:41:03', '2024-07-03 21:41:03'),
(1824, 'Feature Engineering and Selection', NULL, 'Unlock the full potential of Python in the realms of data science and machine learning with this comprehensive course. Designed for aspiring data scientists, machine learning engineers, and anyone eager to dive into the world of data, this course takes you from foundational concepts to advanced techniques, ensuring a thorough understanding and hands-on experience with the latest tools and methodologies', 1011, 66, 456, 2280, 'https://www.youtube.com/watch?v=pVTGfHyLlDU', 'youtube', NULL, '1', 'video', 1, NULL, NULL, 'active', '2024-07-03 21:41:03', '2024-07-03 21:41:03'),
(1825, 'Pariatur tempora qui quia odio accusamus sit.', 'nihil-dolorum-provident-et-rem', 'Unlock the full potential of Python in the realms of data science and machine learning with this comprehensive course. Designed for aspiring data scientists, machine learning engineers, and anyone eager to dive into the world of data, this course takes you from foundational concepts to advanced techniques, ensuring a thorough understanding and hands-on experience with the latest tools and methodologies', 1011, 66, 457, 2281, 'https://www.youtube.com/watch?v=7cMOjf4C9KE', 'youtube', NULL, '11', 'video', 1, NULL, 1, 'active', '2024-07-03 21:41:03', '2024-07-03 21:41:03'),
(1826, 'Consectetur illum sint possimus aut laboriosam perspiciatis exercitationem.', 'qui-a-est-sequi-sed', 'Unlock the full potential of Python in the realms of data science and machine learning with this comprehensive course. Designed for aspiring data scientists, machine learning engineers, and anyone eager to dive into the world of data, this course takes you from foundational concepts to advanced techniques, ensuring a thorough understanding and hands-on experience with the latest tools and methodologies', 1011, 66, 457, 2282, 'https://vimeo.com/273651219', 'vimeo', NULL, '1', 'video', 1, NULL, 1, 'active', '2024-07-03 21:41:03', '2024-07-03 21:41:03'),
(1827, 'Voluptates nulla nihil aut ut labore temporibus quia.', 'et-impedit-aut-in', 'Unlock the full potential of Python in the realms of data science and machine learning with this comprehensive course. Designed for aspiring data scientists, machine learning engineers, and anyone eager to dive into the world of data, this course takes you from foundational concepts to advanced techniques, ensuring a thorough understanding and hands-on experience with the latest tools and methodologies', 1011, 66, 457, 2283, 'https://drive.google.com/file/d/1CmtT6i3-QZtz7Oq_lcJHBcQkCVMdb0cV/view', 'google_drive', NULL, '2', 'video', 1, NULL, 0, 'active', '2024-07-03 21:41:03', '2024-07-03 21:41:03'),
(1828, 'Hic odit quia numquam possimus repudiandae aut.', 'et-eveniet-alias-voluptas-reiciendis-vel', 'Unlock the full potential of Python in the realms of data science and machine learning with this comprehensive course. Designed for aspiring data scientists, machine learning engineers, and anyone eager to dive into the world of data, this course takes you from foundational concepts to advanced techniques, ensuring a thorough understanding and hands-on experience with the latest tools and methodologies', 1011, 66, 457, 2285, 'https://www.youtube.com/watch?v=pVTGfHyLlDU', 'youtube', NULL, '1', 'video', 1, NULL, NULL, 'active', '2024-07-03 21:41:03', '2024-07-03 21:41:03'),
(1829, 'Et dolores necessitatibus unde consequatur rerum omnis maxime.', 'explicabo-corrupti-ipsam-sed-nesciunt', 'Unlock the full potential of Python in the realms of data science and machine learning with this comprehensive course. Designed for aspiring data scientists, machine learning engineers, and anyone eager to dive into the world of data, this course takes you from foundational concepts to advanced techniques, ensuring a thorough understanding and hands-on experience with the latest tools and methodologies', 1011, 66, 458, 2286, 'https://www.youtube.com/watch?v=7cMOjf4C9KE', 'youtube', NULL, '11', 'video', 1, NULL, 1, 'active', '2024-07-03 21:41:03', '2024-07-03 21:41:03'),
(1830, 'Velit ad consequuntur quo alias.', 'quia-rerum-velit-omnis-voluptas-error', 'Unlock the full potential of Python in the realms of data science and machine learning with this comprehensive course. Designed for aspiring data scientists, machine learning engineers, and anyone eager to dive into the world of data, this course takes you from foundational concepts to advanced techniques, ensuring a thorough understanding and hands-on experience with the latest tools and methodologies', 1011, 66, 458, 2287, 'https://vimeo.com/273651219', 'vimeo', NULL, '1', 'video', 1, NULL, 1, 'active', '2024-07-03 21:41:03', '2024-07-03 21:41:03'),
(1831, 'Et perferendis esse debitis esse.', 'et-eaque-labore-tempora-ab', 'Unlock the full potential of Python in the realms of data science and machine learning with this comprehensive course. Designed for aspiring data scientists, machine learning engineers, and anyone eager to dive into the world of data, this course takes you from foundational concepts to advanced techniques, ensuring a thorough understanding and hands-on experience with the latest tools and methodologies', 1011, 66, 458, 2288, 'https://drive.google.com/file/d/1CmtT6i3-QZtz7Oq_lcJHBcQkCVMdb0cV/view', 'google_drive', NULL, '2', 'video', 1, NULL, 0, 'active', '2024-07-03 21:41:03', '2024-07-03 21:41:03'),
(1832, 'Autem aperiam iusto voluptas et corrupti perferendis et.', 'qui-eligendi-nisi-quae-cupiditate-et-dolores', 'Unlock the full potential of Python in the realms of data science and machine learning with this comprehensive course. Designed for aspiring data scientists, machine learning engineers, and anyone eager to dive into the world of data, this course takes you from foundational concepts to advanced techniques, ensuring a thorough understanding and hands-on experience with the latest tools and methodologies', 1011, 66, 458, 2290, 'https://www.youtube.com/watch?v=pVTGfHyLlDU', 'youtube', NULL, '1', 'video', 1, NULL, NULL, 'active', '2024-07-03 21:41:03', '2024-07-03 21:41:03'),
(1833, 'Qui sed molestiae est provident distinctio doloremque itaque amet.', 'deserunt-nihil-voluptatibus-commodi-eum-doloribus-provident', 'Unlock the full potential of Python in the realms of data science and machine learning with this comprehensive course. Designed for aspiring data scientists, machine learning engineers, and anyone eager to dive into the world of data, this course takes you from foundational concepts to advanced techniques, ensuring a thorough understanding and hands-on experience with the latest tools and methodologies', 1011, 66, 459, 2291, 'https://www.youtube.com/watch?v=7cMOjf4C9KE', 'youtube', NULL, '11', 'video', 1, NULL, 1, 'active', '2024-07-03 21:41:03', '2024-07-03 21:41:03'),
(1834, 'Eveniet quae placeat eaque cum optio.', 'et-veniam-itaque-corrupti-assumenda-voluptas-in-tempora', 'Unlock the full potential of Python in the realms of data science and machine learning with this comprehensive course. Designed for aspiring data scientists, machine learning engineers, and anyone eager to dive into the world of data, this course takes you from foundational concepts to advanced techniques, ensuring a thorough understanding and hands-on experience with the latest tools and methodologies', 1011, 66, 459, 2292, 'https://vimeo.com/273651219', 'vimeo', NULL, '1', 'video', 1, NULL, 1, 'active', '2024-07-03 21:41:03', '2024-07-03 21:41:03'),
(1835, 'Voluptatem molestias a ut consequuntur.', 'quo-non-ullam-dolores', 'Unlock the full potential of Python in the realms of data science and machine learning with this comprehensive course. Designed for aspiring data scientists, machine learning engineers, and anyone eager to dive into the world of data, this course takes you from foundational concepts to advanced techniques, ensuring a thorough understanding and hands-on experience with the latest tools and methodologies', 1011, 66, 459, 2293, 'https://drive.google.com/file/d/1CmtT6i3-QZtz7Oq_lcJHBcQkCVMdb0cV/view', 'google_drive', NULL, '2', 'video', 1, NULL, 0, 'active', '2024-07-03 21:41:03', '2024-07-03 21:41:03'),
(1836, 'Ex et incidunt hic sequi quod voluptatem fuga velit.', 'fugit-molestiae-tenetur-dolor-ullam-voluptatem-omnis-expedita-nihil', 'Unlock the full potential of Python in the realms of data science and machine learning with this comprehensive course. Designed for aspiring data scientists, machine learning engineers, and anyone eager to dive into the world of data, this course takes you from foundational concepts to advanced techniques, ensuring a thorough understanding and hands-on experience with the latest tools and methodologies', 1011, 66, 459, 2295, 'https://www.youtube.com/watch?v=pVTGfHyLlDU', 'youtube', NULL, '1', 'video', 1, NULL, NULL, 'active', '2024-07-03 21:41:03', '2024-07-03 21:41:03'),
(1837, 'Dolore eos excepturi labore amet consequatur praesentium laboriosam.', 'deserunt-dolor-alias-blanditiis', 'Unlock the full potential of Python in the realms of data science and machine learning with this comprehensive course. Designed for aspiring data scientists, machine learning engineers, and anyone eager to dive into the world of data, this course takes you from foundational concepts to advanced techniques, ensuring a thorough understanding and hands-on experience with the latest tools and methodologies', 1011, 66, 460, 2296, 'https://www.youtube.com/watch?v=7cMOjf4C9KE', 'youtube', NULL, '11', 'video', 1, NULL, 1, 'active', '2024-07-03 21:41:03', '2024-07-03 21:41:03'),
(1838, 'Quis eius omnis officia exercitationem atque non ut.', 'quas-doloremque-dolor-ullam-recusandae-et-et', 'Unlock the full potential of Python in the realms of data science and machine learning with this comprehensive course. Designed for aspiring data scientists, machine learning engineers, and anyone eager to dive into the world of data, this course takes you from foundational concepts to advanced techniques, ensuring a thorough understanding and hands-on experience with the latest tools and methodologies', 1011, 66, 460, 2297, 'https://vimeo.com/273651219', 'vimeo', NULL, '1', 'video', 1, NULL, 1, 'active', '2024-07-03 21:41:03', '2024-07-03 21:41:03'),
(1839, 'Iure et quo ut est omnis voluptatem.', 'deserunt-eaque-non-nobis-est-reprehenderit-nostrum', 'Unlock the full potential of Python in the realms of data science and machine learning with this comprehensive course. Designed for aspiring data scientists, machine learning engineers, and anyone eager to dive into the world of data, this course takes you from foundational concepts to advanced techniques, ensuring a thorough understanding and hands-on experience with the latest tools and methodologies', 1011, 66, 460, 2298, 'https://drive.google.com/file/d/1CmtT6i3-QZtz7Oq_lcJHBcQkCVMdb0cV/view', 'google_drive', NULL, '2', 'video', 1, NULL, 0, 'active', '2024-07-03 21:41:03', '2024-07-03 21:41:03'),
(1840, 'Est et voluptatem pariatur nobis.', 'id-nihil-quia-dolore', 'Unlock the full potential of Python in the realms of data science and machine learning with this comprehensive course. Designed for aspiring data scientists, machine learning engineers, and anyone eager to dive into the world of data, this course takes you from foundational concepts to advanced techniques, ensuring a thorough understanding and hands-on experience with the latest tools and methodologies', 1011, 66, 460, 2300, 'https://www.youtube.com/watch?v=pVTGfHyLlDU', 'youtube', NULL, '1', 'video', 1, NULL, NULL, 'active', '2024-07-03 21:41:03', '2024-07-03 21:41:03'),
(1841, 'Corrupti quasi quis accusamus distinctio quis dolorum esse.', 'odit-saepe-dicta-rerum-optio-omnis-sit', 'Unlock the full potential of Python in the realms of data science and machine learning with this comprehensive course. Designed for aspiring data scientists, machine learning engineers, and anyone eager to dive into the world of data, this course takes you from foundational concepts to advanced techniques, ensuring a thorough understanding and hands-on experience with the latest tools and methodologies', 1011, 66, 461, 2301, 'https://www.youtube.com/watch?v=7cMOjf4C9KE', 'youtube', NULL, '11', 'video', 1, NULL, 1, 'active', '2024-07-03 21:41:03', '2024-07-03 21:41:03'),
(1842, 'Soluta odio officiis quo quaerat nobis.', 'quo-ea-veritatis-alias-ullam-repellat-qui', 'Unlock the full potential of Python in the realms of data science and machine learning with this comprehensive course. Designed for aspiring data scientists, machine learning engineers, and anyone eager to dive into the world of data, this course takes you from foundational concepts to advanced techniques, ensuring a thorough understanding and hands-on experience with the latest tools and methodologies', 1011, 66, 461, 2302, 'https://vimeo.com/273651219', 'vimeo', NULL, '1', 'video', 1, NULL, 1, 'active', '2024-07-03 21:41:03', '2024-07-03 21:41:03');
INSERT INTO `course_chapter_lessons` (`id`, `title`, `slug`, `description`, `instructor_id`, `course_id`, `chapter_id`, `chapter_item_id`, `file_path`, `storage`, `volume`, `duration`, `file_type`, `downloadable`, `order`, `is_free`, `status`, `created_at`, `updated_at`) VALUES
(1843, 'Dicta maiores dolorem excepturi.', 'iste-omnis-delectus-ut-qui', 'Unlock the full potential of Python in the realms of data science and machine learning with this comprehensive course. Designed for aspiring data scientists, machine learning engineers, and anyone eager to dive into the world of data, this course takes you from foundational concepts to advanced techniques, ensuring a thorough understanding and hands-on experience with the latest tools and methodologies', 1011, 66, 461, 2303, 'https://drive.google.com/file/d/1CmtT6i3-QZtz7Oq_lcJHBcQkCVMdb0cV/view', 'google_drive', NULL, '2', 'video', 1, NULL, 0, 'active', '2024-07-03 21:41:03', '2024-07-03 21:41:03'),
(1844, 'Perspiciatis architecto sed laborum animi incidunt dolores.', 'est-saepe-consequatur-sed-aut-illo-sunt-soluta', 'Unlock the full potential of Python in the realms of data science and machine learning with this comprehensive course. Designed for aspiring data scientists, machine learning engineers, and anyone eager to dive into the world of data, this course takes you from foundational concepts to advanced techniques, ensuring a thorough understanding and hands-on experience with the latest tools and methodologies', 1011, 66, 461, 2305, 'https://www.youtube.com/watch?v=pVTGfHyLlDU', 'youtube', NULL, '1', 'video', 1, NULL, NULL, 'active', '2024-07-03 21:41:03', '2024-07-03 21:41:03'),
(1845, 'Dignissimos provident et quia saepe et.', 'ut-eum-expedita-voluptatem', 'Unlock the full potential of Python in the realms of data science and machine learning with this comprehensive course. Designed for aspiring data scientists, machine learning engineers, and anyone eager to dive into the world of data, this course takes you from foundational concepts to advanced techniques, ensuring a thorough understanding and hands-on experience with the latest tools and methodologies', 1011, 66, 462, 2306, 'https://www.youtube.com/watch?v=7cMOjf4C9KE', 'youtube', NULL, '11', 'video', 1, NULL, 1, 'active', '2024-07-03 21:41:03', '2024-07-03 21:41:03'),
(1846, 'Qui explicabo odit ipsam vel et enim autem ducimus.', 'fugit-voluptatibus-minus-nobis-quia', 'Unlock the full potential of Python in the realms of data science and machine learning with this comprehensive course. Designed for aspiring data scientists, machine learning engineers, and anyone eager to dive into the world of data, this course takes you from foundational concepts to advanced techniques, ensuring a thorough understanding and hands-on experience with the latest tools and methodologies', 1011, 66, 462, 2307, 'https://vimeo.com/273651219', 'vimeo', NULL, '1', 'video', 1, NULL, 1, 'active', '2024-07-03 21:41:03', '2024-07-03 21:41:03'),
(1847, 'Voluptatum voluptatem architecto beatae non quis aut excepturi.', 'quibusdam-odit-maxime-corporis-nihil-ullam-dolor', 'Unlock the full potential of Python in the realms of data science and machine learning with this comprehensive course. Designed for aspiring data scientists, machine learning engineers, and anyone eager to dive into the world of data, this course takes you from foundational concepts to advanced techniques, ensuring a thorough understanding and hands-on experience with the latest tools and methodologies', 1011, 66, 462, 2308, 'https://drive.google.com/file/d/1CmtT6i3-QZtz7Oq_lcJHBcQkCVMdb0cV/view', 'google_drive', NULL, '2', 'video', 1, NULL, 0, 'active', '2024-07-03 21:41:03', '2024-07-03 21:41:03'),
(1848, 'Velit et est in quasi reiciendis quis sed.', 'iure-placeat-dolorum-quod-quasi-dignissimos', 'Unlock the full potential of Python in the realms of data science and machine learning with this comprehensive course. Designed for aspiring data scientists, machine learning engineers, and anyone eager to dive into the world of data, this course takes you from foundational concepts to advanced techniques, ensuring a thorough understanding and hands-on experience with the latest tools and methodologies', 1011, 66, 462, 2310, 'https://www.youtube.com/watch?v=pVTGfHyLlDU', 'youtube', NULL, '1', 'video', 1, NULL, NULL, 'active', '2024-07-03 21:41:03', '2024-07-03 21:41:03'),
(1849, 'Youtube Source', NULL, 'Unlock the full potential of Python in the realms of data science and machine learning with this comprehensive course. Designed for aspiring data scientists, machine learning engineers, and anyone eager to dive into the world of data, this course takes you from foundational concepts to advanced techniques, ensuring a thorough understanding and hands-on experience with the latest tools and methodologies', 1005, 67, 463, 2311, 'https://www.youtube.com/watch?v=7cMOjf4C9KE', 'youtube', NULL, '11', 'video', 1, NULL, 1, 'active', '2024-07-03 21:41:03', '2024-07-03 21:41:03'),
(1850, 'Vimeo Source', NULL, 'Unlock the full potential of Python in the realms of data science and machine learning with this comprehensive course. Designed for aspiring data scientists, machine learning engineers, and anyone eager to dive into the world of data, this course takes you from foundational concepts to advanced techniques, ensuring a thorough understanding and hands-on experience with the latest tools and methodologies', 1005, 67, 463, 2312, 'https://vimeo.com/273651219', 'vimeo', NULL, '1', 'video', 1, NULL, 1, 'active', '2024-07-03 21:41:03', '2024-07-03 21:41:03'),
(1851, 'Google Drive Source', NULL, 'Unlock the full potential of Python in the realms of data science and machine learning with this comprehensive course. Designed for aspiring data scientists, machine learning engineers, and anyone eager to dive into the world of data, this course takes you from foundational concepts to advanced techniques, ensuring a thorough understanding and hands-on experience with the latest tools and methodologies', 1005, 67, 463, 2313, 'https://drive.google.com/file/d/1CmtT6i3-QZtz7Oq_lcJHBcQkCVMdb0cV/view', 'google_drive', NULL, '2', 'video', 1, NULL, 0, 'active', '2024-07-03 21:41:03', '2024-07-03 21:41:03'),
(1852, 'Feature Engineering and Selection', NULL, 'Unlock the full potential of Python in the realms of data science and machine learning with this comprehensive course. Designed for aspiring data scientists, machine learning engineers, and anyone eager to dive into the world of data, this course takes you from foundational concepts to advanced techniques, ensuring a thorough understanding and hands-on experience with the latest tools and methodologies', 1005, 67, 463, 2315, 'https://www.youtube.com/watch?v=pVTGfHyLlDU', 'youtube', NULL, '1', 'video', 1, NULL, NULL, 'active', '2024-07-03 21:41:03', '2024-07-03 21:41:03'),
(1853, 'Corporis aspernatur eum et.', 'mollitia-et-ducimus-autem-quia-possimus', 'Unlock the full potential of Python in the realms of data science and machine learning with this comprehensive course. Designed for aspiring data scientists, machine learning engineers, and anyone eager to dive into the world of data, this course takes you from foundational concepts to advanced techniques, ensuring a thorough understanding and hands-on experience with the latest tools and methodologies', 1005, 67, 464, 2316, 'https://www.youtube.com/watch?v=7cMOjf4C9KE', 'youtube', NULL, '11', 'video', 1, NULL, 1, 'active', '2024-07-03 21:41:03', '2024-07-03 21:41:03'),
(1854, 'Quia totam quia assumenda culpa distinctio neque.', 'voluptas-quos-neque-non-dolorem', 'Unlock the full potential of Python in the realms of data science and machine learning with this comprehensive course. Designed for aspiring data scientists, machine learning engineers, and anyone eager to dive into the world of data, this course takes you from foundational concepts to advanced techniques, ensuring a thorough understanding and hands-on experience with the latest tools and methodologies', 1005, 67, 464, 2317, 'https://vimeo.com/273651219', 'vimeo', NULL, '1', 'video', 1, NULL, 1, 'active', '2024-07-03 21:41:03', '2024-07-03 21:41:03'),
(1855, 'Non quisquam consequatur suscipit non culpa molestiae officiis et.', 'et-officia-tempora-necessitatibus-qui-molestiae-aut-temporibus', 'Unlock the full potential of Python in the realms of data science and machine learning with this comprehensive course. Designed for aspiring data scientists, machine learning engineers, and anyone eager to dive into the world of data, this course takes you from foundational concepts to advanced techniques, ensuring a thorough understanding and hands-on experience with the latest tools and methodologies', 1005, 67, 464, 2318, 'https://drive.google.com/file/d/1CmtT6i3-QZtz7Oq_lcJHBcQkCVMdb0cV/view', 'google_drive', NULL, '2', 'video', 1, NULL, 0, 'active', '2024-07-03 21:41:03', '2024-07-03 21:41:03'),
(1856, 'Eos adipisci et aut ipsum.', 'voluptatibus-rerum-sunt-officiis-omnis-repellat', 'Unlock the full potential of Python in the realms of data science and machine learning with this comprehensive course. Designed for aspiring data scientists, machine learning engineers, and anyone eager to dive into the world of data, this course takes you from foundational concepts to advanced techniques, ensuring a thorough understanding and hands-on experience with the latest tools and methodologies', 1005, 67, 464, 2320, 'https://www.youtube.com/watch?v=pVTGfHyLlDU', 'youtube', NULL, '1', 'video', 1, NULL, NULL, 'active', '2024-07-03 21:41:03', '2024-07-03 21:41:03'),
(1857, 'Et id voluptatum quia quas a perspiciatis omnis.', 'ut-eum-atque-nihil', 'Unlock the full potential of Python in the realms of data science and machine learning with this comprehensive course. Designed for aspiring data scientists, machine learning engineers, and anyone eager to dive into the world of data, this course takes you from foundational concepts to advanced techniques, ensuring a thorough understanding and hands-on experience with the latest tools and methodologies', 1005, 67, 465, 2321, 'https://www.youtube.com/watch?v=7cMOjf4C9KE', 'youtube', NULL, '11', 'video', 1, NULL, 1, 'active', '2024-07-03 21:41:03', '2024-07-03 21:41:03'),
(1858, 'Est amet aut sit totam quis nisi perferendis.', 'non-voluptatem-porro-debitis-deserunt-id-magnam', 'Unlock the full potential of Python in the realms of data science and machine learning with this comprehensive course. Designed for aspiring data scientists, machine learning engineers, and anyone eager to dive into the world of data, this course takes you from foundational concepts to advanced techniques, ensuring a thorough understanding and hands-on experience with the latest tools and methodologies', 1005, 67, 465, 2322, 'https://vimeo.com/273651219', 'vimeo', NULL, '1', 'video', 1, NULL, 1, 'active', '2024-07-03 21:41:03', '2024-07-03 21:41:03'),
(1859, 'Dolore aut excepturi nostrum debitis enim.', 'blanditiis-est-libero-possimus-quas', 'Unlock the full potential of Python in the realms of data science and machine learning with this comprehensive course. Designed for aspiring data scientists, machine learning engineers, and anyone eager to dive into the world of data, this course takes you from foundational concepts to advanced techniques, ensuring a thorough understanding and hands-on experience with the latest tools and methodologies', 1005, 67, 465, 2323, 'https://drive.google.com/file/d/1CmtT6i3-QZtz7Oq_lcJHBcQkCVMdb0cV/view', 'google_drive', NULL, '2', 'video', 1, NULL, 0, 'active', '2024-07-03 21:41:03', '2024-07-03 21:41:03'),
(1860, 'Nemo modi autem quia et sed.', 'itaque-qui-quisquam-explicabo-exercitationem-sed-est-velit', 'Unlock the full potential of Python in the realms of data science and machine learning with this comprehensive course. Designed for aspiring data scientists, machine learning engineers, and anyone eager to dive into the world of data, this course takes you from foundational concepts to advanced techniques, ensuring a thorough understanding and hands-on experience with the latest tools and methodologies', 1005, 67, 465, 2325, 'https://www.youtube.com/watch?v=pVTGfHyLlDU', 'youtube', NULL, '1', 'video', 1, NULL, NULL, 'active', '2024-07-03 21:41:03', '2024-07-03 21:41:03'),
(1861, 'Alias rerum est eum culpa.', 'molestiae-minima-autem-non-officia-sed-libero', 'Unlock the full potential of Python in the realms of data science and machine learning with this comprehensive course. Designed for aspiring data scientists, machine learning engineers, and anyone eager to dive into the world of data, this course takes you from foundational concepts to advanced techniques, ensuring a thorough understanding and hands-on experience with the latest tools and methodologies', 1005, 67, 466, 2326, 'https://www.youtube.com/watch?v=7cMOjf4C9KE', 'youtube', NULL, '11', 'video', 1, NULL, 1, 'active', '2024-07-03 21:41:03', '2024-07-03 21:41:03'),
(1862, 'Animi et quia sunt quas ut nobis nulla.', 'dolores-dolore-vitae-et-consequatur-cumque-perferendis-nihil', 'Unlock the full potential of Python in the realms of data science and machine learning with this comprehensive course. Designed for aspiring data scientists, machine learning engineers, and anyone eager to dive into the world of data, this course takes you from foundational concepts to advanced techniques, ensuring a thorough understanding and hands-on experience with the latest tools and methodologies', 1005, 67, 466, 2327, 'https://vimeo.com/273651219', 'vimeo', NULL, '1', 'video', 1, NULL, 1, 'active', '2024-07-03 21:41:03', '2024-07-03 21:41:03'),
(1863, 'Voluptatem sint quo asperiores ipsum architecto.', 'ipsa-aut-odit-dolorem', 'Unlock the full potential of Python in the realms of data science and machine learning with this comprehensive course. Designed for aspiring data scientists, machine learning engineers, and anyone eager to dive into the world of data, this course takes you from foundational concepts to advanced techniques, ensuring a thorough understanding and hands-on experience with the latest tools and methodologies', 1005, 67, 466, 2328, 'https://drive.google.com/file/d/1CmtT6i3-QZtz7Oq_lcJHBcQkCVMdb0cV/view', 'google_drive', NULL, '2', 'video', 1, NULL, 0, 'active', '2024-07-03 21:41:03', '2024-07-03 21:41:03'),
(1864, 'Reiciendis officiis quia itaque a nesciunt veritatis quo.', 'nisi-veritatis-rerum-atque-quam', 'Unlock the full potential of Python in the realms of data science and machine learning with this comprehensive course. Designed for aspiring data scientists, machine learning engineers, and anyone eager to dive into the world of data, this course takes you from foundational concepts to advanced techniques, ensuring a thorough understanding and hands-on experience with the latest tools and methodologies', 1005, 67, 466, 2330, 'https://www.youtube.com/watch?v=pVTGfHyLlDU', 'youtube', NULL, '1', 'video', 1, NULL, NULL, 'active', '2024-07-03 21:41:03', '2024-07-03 21:41:03'),
(1865, 'Eum quae dolores amet ut atque est velit.', 'dolor-repellendus-asperiores-recusandae-vero-accusamus-aut-rem', 'Unlock the full potential of Python in the realms of data science and machine learning with this comprehensive course. Designed for aspiring data scientists, machine learning engineers, and anyone eager to dive into the world of data, this course takes you from foundational concepts to advanced techniques, ensuring a thorough understanding and hands-on experience with the latest tools and methodologies', 1005, 67, 467, 2331, 'https://www.youtube.com/watch?v=7cMOjf4C9KE', 'youtube', NULL, '11', 'video', 1, NULL, 1, 'active', '2024-07-03 21:41:03', '2024-07-03 21:41:03'),
(1866, 'Autem illum quibusdam rerum asperiores.', 'officia-aut-necessitatibus-ea-praesentium-hic', 'Unlock the full potential of Python in the realms of data science and machine learning with this comprehensive course. Designed for aspiring data scientists, machine learning engineers, and anyone eager to dive into the world of data, this course takes you from foundational concepts to advanced techniques, ensuring a thorough understanding and hands-on experience with the latest tools and methodologies', 1005, 67, 467, 2332, 'https://vimeo.com/273651219', 'vimeo', NULL, '1', 'video', 1, NULL, 1, 'active', '2024-07-03 21:41:03', '2024-07-03 21:41:03'),
(1867, 'Sapiente in officia ipsa in repudiandae quibusdam aut.', 'consequatur-omnis-eligendi-quae-architecto-nobis-consequatur', 'Unlock the full potential of Python in the realms of data science and machine learning with this comprehensive course. Designed for aspiring data scientists, machine learning engineers, and anyone eager to dive into the world of data, this course takes you from foundational concepts to advanced techniques, ensuring a thorough understanding and hands-on experience with the latest tools and methodologies', 1005, 67, 467, 2333, 'https://drive.google.com/file/d/1CmtT6i3-QZtz7Oq_lcJHBcQkCVMdb0cV/view', 'google_drive', NULL, '2', 'video', 1, NULL, 0, 'active', '2024-07-03 21:41:03', '2024-07-03 21:41:03'),
(1868, 'Dolores et velit qui aut aut.', 'odit-delectus-illum-optio-eaque-non-quos-neque', 'Unlock the full potential of Python in the realms of data science and machine learning with this comprehensive course. Designed for aspiring data scientists, machine learning engineers, and anyone eager to dive into the world of data, this course takes you from foundational concepts to advanced techniques, ensuring a thorough understanding and hands-on experience with the latest tools and methodologies', 1005, 67, 467, 2335, 'https://www.youtube.com/watch?v=pVTGfHyLlDU', 'youtube', NULL, '1', 'video', 1, NULL, NULL, 'active', '2024-07-03 21:41:03', '2024-07-03 21:41:03'),
(1869, 'Totam error esse totam nam possimus voluptatibus ut reprehenderit.', 'nihil-eos-quis-aut-dolor-nihil-saepe-rerum', 'Unlock the full potential of Python in the realms of data science and machine learning with this comprehensive course. Designed for aspiring data scientists, machine learning engineers, and anyone eager to dive into the world of data, this course takes you from foundational concepts to advanced techniques, ensuring a thorough understanding and hands-on experience with the latest tools and methodologies', 1005, 67, 468, 2336, 'https://www.youtube.com/watch?v=7cMOjf4C9KE', 'youtube', NULL, '11', 'video', 1, NULL, 1, 'active', '2024-07-03 21:41:03', '2024-07-03 21:41:03'),
(1870, 'Enim sed ipsa est sit.', 'tempora-nihil-natus-ut-enim-rerum', 'Unlock the full potential of Python in the realms of data science and machine learning with this comprehensive course. Designed for aspiring data scientists, machine learning engineers, and anyone eager to dive into the world of data, this course takes you from foundational concepts to advanced techniques, ensuring a thorough understanding and hands-on experience with the latest tools and methodologies', 1005, 67, 468, 2337, 'https://vimeo.com/273651219', 'vimeo', NULL, '1', 'video', 1, NULL, 1, 'active', '2024-07-03 21:41:03', '2024-07-03 21:41:03'),
(1871, 'Distinctio nihil animi soluta omnis praesentium excepturi amet.', 'aut-officia-maxime-asperiores-similique-sunt-commodi', 'Unlock the full potential of Python in the realms of data science and machine learning with this comprehensive course. Designed for aspiring data scientists, machine learning engineers, and anyone eager to dive into the world of data, this course takes you from foundational concepts to advanced techniques, ensuring a thorough understanding and hands-on experience with the latest tools and methodologies', 1005, 67, 468, 2338, 'https://drive.google.com/file/d/1CmtT6i3-QZtz7Oq_lcJHBcQkCVMdb0cV/view', 'google_drive', NULL, '2', 'video', 1, NULL, 0, 'active', '2024-07-03 21:41:03', '2024-07-03 21:41:03'),
(1872, 'Non eum similique neque eum reprehenderit ipsum.', 'voluptatem-voluptatem-libero-quis-aut-recusandae-repellat-pariatur-rerum', 'Unlock the full potential of Python in the realms of data science and machine learning with this comprehensive course. Designed for aspiring data scientists, machine learning engineers, and anyone eager to dive into the world of data, this course takes you from foundational concepts to advanced techniques, ensuring a thorough understanding and hands-on experience with the latest tools and methodologies', 1005, 67, 468, 2340, 'https://www.youtube.com/watch?v=pVTGfHyLlDU', 'youtube', NULL, '1', 'video', 1, NULL, NULL, 'active', '2024-07-03 21:41:03', '2024-07-03 21:41:03'),
(1873, 'Aut est tempore qui.', 'praesentium-totam-repudiandae-id-pariatur-quae-officiis', 'Unlock the full potential of Python in the realms of data science and machine learning with this comprehensive course. Designed for aspiring data scientists, machine learning engineers, and anyone eager to dive into the world of data, this course takes you from foundational concepts to advanced techniques, ensuring a thorough understanding and hands-on experience with the latest tools and methodologies', 1005, 67, 469, 2341, 'https://www.youtube.com/watch?v=7cMOjf4C9KE', 'youtube', NULL, '11', 'video', 1, NULL, 1, 'active', '2024-07-03 21:41:03', '2024-07-03 21:41:03'),
(1874, 'Aliquid molestias quia recusandae tenetur ea.', 'ipsum-provident-quisquam-libero-et', 'Unlock the full potential of Python in the realms of data science and machine learning with this comprehensive course. Designed for aspiring data scientists, machine learning engineers, and anyone eager to dive into the world of data, this course takes you from foundational concepts to advanced techniques, ensuring a thorough understanding and hands-on experience with the latest tools and methodologies', 1005, 67, 469, 2342, 'https://vimeo.com/273651219', 'vimeo', NULL, '1', 'video', 1, NULL, 1, 'active', '2024-07-03 21:41:03', '2024-07-03 21:41:03'),
(1875, 'Vel possimus molestiae et et enim magni.', 'consequuntur-optio-illo-ipsa-natus-qui-quidem-officia', 'Unlock the full potential of Python in the realms of data science and machine learning with this comprehensive course. Designed for aspiring data scientists, machine learning engineers, and anyone eager to dive into the world of data, this course takes you from foundational concepts to advanced techniques, ensuring a thorough understanding and hands-on experience with the latest tools and methodologies', 1005, 67, 469, 2343, 'https://drive.google.com/file/d/1CmtT6i3-QZtz7Oq_lcJHBcQkCVMdb0cV/view', 'google_drive', NULL, '2', 'video', 1, NULL, 0, 'active', '2024-07-03 21:41:03', '2024-07-03 21:41:03'),
(1876, 'Corrupti nesciunt maxime a voluptatum fugit.', 'enim-autem-modi-et-unde-non-sit', 'Unlock the full potential of Python in the realms of data science and machine learning with this comprehensive course. Designed for aspiring data scientists, machine learning engineers, and anyone eager to dive into the world of data, this course takes you from foundational concepts to advanced techniques, ensuring a thorough understanding and hands-on experience with the latest tools and methodologies', 1005, 67, 469, 2345, 'https://www.youtube.com/watch?v=pVTGfHyLlDU', 'youtube', NULL, '1', 'video', 1, NULL, NULL, 'active', '2024-07-03 21:41:03', '2024-07-03 21:41:03'),
(1877, 'Youtube Source', NULL, 'Unlock the full potential of Python in the realms of data science and machine learning with this comprehensive course. Designed for aspiring data scientists, machine learning engineers, and anyone eager to dive into the world of data, this course takes you from foundational concepts to advanced techniques, ensuring a thorough understanding and hands-on experience with the latest tools and methodologies', 1003, 68, 470, 2346, 'https://www.youtube.com/watch?v=7cMOjf4C9KE', 'youtube', NULL, '11', 'video', 1, NULL, 1, 'active', '2024-07-03 21:41:03', '2024-07-03 21:41:03'),
(1878, 'Vimeo Source', NULL, 'Unlock the full potential of Python in the realms of data science and machine learning with this comprehensive course. Designed for aspiring data scientists, machine learning engineers, and anyone eager to dive into the world of data, this course takes you from foundational concepts to advanced techniques, ensuring a thorough understanding and hands-on experience with the latest tools and methodologies', 1003, 68, 470, 2347, 'https://vimeo.com/273651219', 'vimeo', NULL, '1', 'video', 1, NULL, 1, 'active', '2024-07-03 21:41:03', '2024-07-03 21:41:03'),
(1879, 'Google Drive Source', NULL, 'Unlock the full potential of Python in the realms of data science and machine learning with this comprehensive course. Designed for aspiring data scientists, machine learning engineers, and anyone eager to dive into the world of data, this course takes you from foundational concepts to advanced techniques, ensuring a thorough understanding and hands-on experience with the latest tools and methodologies', 1003, 68, 470, 2348, 'https://drive.google.com/file/d/1CmtT6i3-QZtz7Oq_lcJHBcQkCVMdb0cV/view', 'google_drive', NULL, '2', 'video', 1, NULL, 0, 'active', '2024-07-03 21:41:03', '2024-07-03 21:41:03'),
(1880, 'Feature Engineering and Selection', NULL, 'Unlock the full potential of Python in the realms of data science and machine learning with this comprehensive course. Designed for aspiring data scientists, machine learning engineers, and anyone eager to dive into the world of data, this course takes you from foundational concepts to advanced techniques, ensuring a thorough understanding and hands-on experience with the latest tools and methodologies', 1003, 68, 470, 2350, 'https://www.youtube.com/watch?v=pVTGfHyLlDU', 'youtube', NULL, '1', 'video', 1, NULL, NULL, 'active', '2024-07-03 21:41:03', '2024-07-03 21:41:03'),
(1881, 'Aut vitae aut aliquam sit molestias occaecati quasi.', 'iure-sed-cumque-omnis-quibusdam-labore-cum', 'Unlock the full potential of Python in the realms of data science and machine learning with this comprehensive course. Designed for aspiring data scientists, machine learning engineers, and anyone eager to dive into the world of data, this course takes you from foundational concepts to advanced techniques, ensuring a thorough understanding and hands-on experience with the latest tools and methodologies', 1003, 68, 471, 2351, 'https://www.youtube.com/watch?v=7cMOjf4C9KE', 'youtube', NULL, '11', 'video', 1, NULL, 1, 'active', '2024-07-03 21:41:03', '2024-07-03 21:41:03'),
(1882, 'Maiores odit tenetur dolores eveniet sunt architecto accusamus.', 'sit-suscipit-sit-alias-adipisci-consequuntur-fugiat-aut-corporis', 'Unlock the full potential of Python in the realms of data science and machine learning with this comprehensive course. Designed for aspiring data scientists, machine learning engineers, and anyone eager to dive into the world of data, this course takes you from foundational concepts to advanced techniques, ensuring a thorough understanding and hands-on experience with the latest tools and methodologies', 1003, 68, 471, 2352, 'https://vimeo.com/273651219', 'vimeo', NULL, '1', 'video', 1, NULL, 1, 'active', '2024-07-03 21:41:03', '2024-07-03 21:41:03'),
(1883, 'Placeat necessitatibus quia sed saepe vel sed eaque omnis.', 'eum-repellat-vel-perferendis-ut-deleniti-consectetur', 'Unlock the full potential of Python in the realms of data science and machine learning with this comprehensive course. Designed for aspiring data scientists, machine learning engineers, and anyone eager to dive into the world of data, this course takes you from foundational concepts to advanced techniques, ensuring a thorough understanding and hands-on experience with the latest tools and methodologies', 1003, 68, 471, 2353, 'https://drive.google.com/file/d/1CmtT6i3-QZtz7Oq_lcJHBcQkCVMdb0cV/view', 'google_drive', NULL, '2', 'video', 1, NULL, 0, 'active', '2024-07-03 21:41:03', '2024-07-03 21:41:03'),
(1884, 'Aperiam consequatur qui eaque et ea.', 'sed-quisquam-quae-dolorum-similique-nihil-voluptatibus', 'Unlock the full potential of Python in the realms of data science and machine learning with this comprehensive course. Designed for aspiring data scientists, machine learning engineers, and anyone eager to dive into the world of data, this course takes you from foundational concepts to advanced techniques, ensuring a thorough understanding and hands-on experience with the latest tools and methodologies', 1003, 68, 471, 2355, 'https://www.youtube.com/watch?v=pVTGfHyLlDU', 'youtube', NULL, '1', 'video', 1, NULL, NULL, 'active', '2024-07-03 21:41:03', '2024-07-03 21:41:03'),
(1885, 'Est nisi impedit magni qui.', 'sint-molestiae-eveniet-nam-vel-rem', 'Unlock the full potential of Python in the realms of data science and machine learning with this comprehensive course. Designed for aspiring data scientists, machine learning engineers, and anyone eager to dive into the world of data, this course takes you from foundational concepts to advanced techniques, ensuring a thorough understanding and hands-on experience with the latest tools and methodologies', 1003, 68, 472, 2356, 'https://www.youtube.com/watch?v=7cMOjf4C9KE', 'youtube', NULL, '11', 'video', 1, NULL, 1, 'active', '2024-07-03 21:41:03', '2024-07-03 21:41:03'),
(1886, 'Temporibus qui dolorem aliquam voluptatem.', 'nesciunt-natus-modi-exercitationem-est-accusamus', 'Unlock the full potential of Python in the realms of data science and machine learning with this comprehensive course. Designed for aspiring data scientists, machine learning engineers, and anyone eager to dive into the world of data, this course takes you from foundational concepts to advanced techniques, ensuring a thorough understanding and hands-on experience with the latest tools and methodologies', 1003, 68, 472, 2357, 'https://vimeo.com/273651219', 'vimeo', NULL, '1', 'video', 1, NULL, 1, 'active', '2024-07-03 21:41:03', '2024-07-03 21:41:03'),
(1887, 'Veritatis aut soluta aliquam qui et sapiente.', 'aliquid-qui-accusantium-deleniti-nobis', 'Unlock the full potential of Python in the realms of data science and machine learning with this comprehensive course. Designed for aspiring data scientists, machine learning engineers, and anyone eager to dive into the world of data, this course takes you from foundational concepts to advanced techniques, ensuring a thorough understanding and hands-on experience with the latest tools and methodologies', 1003, 68, 472, 2358, 'https://drive.google.com/file/d/1CmtT6i3-QZtz7Oq_lcJHBcQkCVMdb0cV/view', 'google_drive', NULL, '2', 'video', 1, NULL, 0, 'active', '2024-07-03 21:41:03', '2024-07-03 21:41:03'),
(1888, 'Incidunt velit est nihil explicabo rerum aut inventore.', 'aut-eligendi-labore-voluptatem-ea-corrupti', 'Unlock the full potential of Python in the realms of data science and machine learning with this comprehensive course. Designed for aspiring data scientists, machine learning engineers, and anyone eager to dive into the world of data, this course takes you from foundational concepts to advanced techniques, ensuring a thorough understanding and hands-on experience with the latest tools and methodologies', 1003, 68, 472, 2360, 'https://www.youtube.com/watch?v=pVTGfHyLlDU', 'youtube', NULL, '1', 'video', 1, NULL, NULL, 'active', '2024-07-03 21:41:03', '2024-07-03 21:41:03'),
(1889, 'Est autem voluptas adipisci unde temporibus tempore odio maxime.', 'amet-nihil-omnis-et-illo-sint', 'Unlock the full potential of Python in the realms of data science and machine learning with this comprehensive course. Designed for aspiring data scientists, machine learning engineers, and anyone eager to dive into the world of data, this course takes you from foundational concepts to advanced techniques, ensuring a thorough understanding and hands-on experience with the latest tools and methodologies', 1003, 68, 473, 2361, 'https://www.youtube.com/watch?v=7cMOjf4C9KE', 'youtube', NULL, '11', 'video', 1, NULL, 1, 'active', '2024-07-03 21:41:03', '2024-07-03 21:41:03'),
(1890, 'Suscipit tempora et laboriosam voluptas neque asperiores sed.', 'delectus-nemo-quam-ut-facere-necessitatibus-non-qui', 'Unlock the full potential of Python in the realms of data science and machine learning with this comprehensive course. Designed for aspiring data scientists, machine learning engineers, and anyone eager to dive into the world of data, this course takes you from foundational concepts to advanced techniques, ensuring a thorough understanding and hands-on experience with the latest tools and methodologies', 1003, 68, 473, 2362, 'https://vimeo.com/273651219', 'vimeo', NULL, '1', 'video', 1, NULL, 1, 'active', '2024-07-03 21:41:03', '2024-07-03 21:41:03'),
(1891, 'Blanditiis eligendi voluptatem libero officia quos.', 'rerum-porro-est-est-delectus-deserunt-ipsam', 'Unlock the full potential of Python in the realms of data science and machine learning with this comprehensive course. Designed for aspiring data scientists, machine learning engineers, and anyone eager to dive into the world of data, this course takes you from foundational concepts to advanced techniques, ensuring a thorough understanding and hands-on experience with the latest tools and methodologies', 1003, 68, 473, 2363, 'https://drive.google.com/file/d/1CmtT6i3-QZtz7Oq_lcJHBcQkCVMdb0cV/view', 'google_drive', NULL, '2', 'video', 1, NULL, 0, 'active', '2024-07-03 21:41:03', '2024-07-03 21:41:03'),
(1892, 'Et voluptas consequatur doloribus hic.', 'provident-delectus-aut-sit-repellat-suscipit-voluptatem-id', 'Unlock the full potential of Python in the realms of data science and machine learning with this comprehensive course. Designed for aspiring data scientists, machine learning engineers, and anyone eager to dive into the world of data, this course takes you from foundational concepts to advanced techniques, ensuring a thorough understanding and hands-on experience with the latest tools and methodologies', 1003, 68, 473, 2365, 'https://www.youtube.com/watch?v=pVTGfHyLlDU', 'youtube', NULL, '1', 'video', 1, NULL, NULL, 'active', '2024-07-03 21:41:03', '2024-07-03 21:41:03'),
(1893, 'Unde ad sed asperiores velit nihil quia.', 'architecto-odit-soluta-facere-voluptas-ratione-ut', 'Unlock the full potential of Python in the realms of data science and machine learning with this comprehensive course. Designed for aspiring data scientists, machine learning engineers, and anyone eager to dive into the world of data, this course takes you from foundational concepts to advanced techniques, ensuring a thorough understanding and hands-on experience with the latest tools and methodologies', 1003, 68, 474, 2366, 'https://www.youtube.com/watch?v=7cMOjf4C9KE', 'youtube', NULL, '11', 'video', 1, NULL, 1, 'active', '2024-07-03 21:41:03', '2024-07-03 21:41:03'),
(1894, 'A rem voluptates velit voluptas porro magni et consequatur.', 'illum-ea-voluptatem-sunt-voluptatum', 'Unlock the full potential of Python in the realms of data science and machine learning with this comprehensive course. Designed for aspiring data scientists, machine learning engineers, and anyone eager to dive into the world of data, this course takes you from foundational concepts to advanced techniques, ensuring a thorough understanding and hands-on experience with the latest tools and methodologies', 1003, 68, 474, 2367, 'https://vimeo.com/273651219', 'vimeo', NULL, '1', 'video', 1, NULL, 1, 'active', '2024-07-03 21:41:03', '2024-07-03 21:41:03'),
(1895, 'Accusantium quia qui voluptas illo recusandae.', 'necessitatibus-ea-facere-id-at', 'Unlock the full potential of Python in the realms of data science and machine learning with this comprehensive course. Designed for aspiring data scientists, machine learning engineers, and anyone eager to dive into the world of data, this course takes you from foundational concepts to advanced techniques, ensuring a thorough understanding and hands-on experience with the latest tools and methodologies', 1003, 68, 474, 2368, 'https://drive.google.com/file/d/1CmtT6i3-QZtz7Oq_lcJHBcQkCVMdb0cV/view', 'google_drive', NULL, '2', 'video', 1, NULL, 0, 'active', '2024-07-03 21:41:03', '2024-07-03 21:41:03'),
(1896, 'Quae est incidunt omnis et eius.', 'qui-quibusdam-repellendus-et-pariatur-aliquid-ut-accusamus', 'Unlock the full potential of Python in the realms of data science and machine learning with this comprehensive course. Designed for aspiring data scientists, machine learning engineers, and anyone eager to dive into the world of data, this course takes you from foundational concepts to advanced techniques, ensuring a thorough understanding and hands-on experience with the latest tools and methodologies', 1003, 68, 474, 2370, 'https://www.youtube.com/watch?v=pVTGfHyLlDU', 'youtube', NULL, '1', 'video', 1, NULL, NULL, 'active', '2024-07-03 21:41:03', '2024-07-03 21:41:03'),
(1897, 'Harum iusto praesentium non voluptas.', 'eos-sit-culpa-ex-qui-ut', 'Unlock the full potential of Python in the realms of data science and machine learning with this comprehensive course. Designed for aspiring data scientists, machine learning engineers, and anyone eager to dive into the world of data, this course takes you from foundational concepts to advanced techniques, ensuring a thorough understanding and hands-on experience with the latest tools and methodologies', 1003, 68, 475, 2371, 'https://www.youtube.com/watch?v=7cMOjf4C9KE', 'youtube', NULL, '11', 'video', 1, NULL, 1, 'active', '2024-07-03 21:41:03', '2024-07-03 21:41:03'),
(1898, 'Voluptatibus inventore qui sunt voluptatibus perspiciatis.', 'eveniet-et-dolor-rerum-sint-sed', 'Unlock the full potential of Python in the realms of data science and machine learning with this comprehensive course. Designed for aspiring data scientists, machine learning engineers, and anyone eager to dive into the world of data, this course takes you from foundational concepts to advanced techniques, ensuring a thorough understanding and hands-on experience with the latest tools and methodologies', 1003, 68, 475, 2372, 'https://vimeo.com/273651219', 'vimeo', NULL, '1', 'video', 1, NULL, 1, 'active', '2024-07-03 21:41:03', '2024-07-03 21:41:03'),
(1899, 'Tenetur non est consequuntur quae harum vel.', 'temporibus-totam-perferendis-sed-sequi-commodi-natus-mollitia', 'Unlock the full potential of Python in the realms of data science and machine learning with this comprehensive course. Designed for aspiring data scientists, machine learning engineers, and anyone eager to dive into the world of data, this course takes you from foundational concepts to advanced techniques, ensuring a thorough understanding and hands-on experience with the latest tools and methodologies', 1003, 68, 475, 2373, 'https://drive.google.com/file/d/1CmtT6i3-QZtz7Oq_lcJHBcQkCVMdb0cV/view', 'google_drive', NULL, '2', 'video', 1, NULL, 0, 'active', '2024-07-03 21:41:03', '2024-07-03 21:41:03'),
(1900, 'Sint aut molestias qui commodi assumenda libero.', 'et-nobis-soluta-voluptatem-accusamus-eveniet', 'Unlock the full potential of Python in the realms of data science and machine learning with this comprehensive course. Designed for aspiring data scientists, machine learning engineers, and anyone eager to dive into the world of data, this course takes you from foundational concepts to advanced techniques, ensuring a thorough understanding and hands-on experience with the latest tools and methodologies', 1003, 68, 475, 2375, 'https://www.youtube.com/watch?v=pVTGfHyLlDU', 'youtube', NULL, '1', 'video', 1, NULL, NULL, 'active', '2024-07-03 21:41:03', '2024-07-03 21:41:03'),
(1901, 'Consequuntur ut ea labore explicabo.', 'optio-mollitia-dolores-ad-eveniet-vel-vitae-sint', 'Unlock the full potential of Python in the realms of data science and machine learning with this comprehensive course. Designed for aspiring data scientists, machine learning engineers, and anyone eager to dive into the world of data, this course takes you from foundational concepts to advanced techniques, ensuring a thorough understanding and hands-on experience with the latest tools and methodologies', 1003, 68, 476, 2376, 'https://www.youtube.com/watch?v=7cMOjf4C9KE', 'youtube', NULL, '11', 'video', 1, NULL, 1, 'active', '2024-07-03 21:41:03', '2024-07-03 21:41:03'),
(1902, 'Fuga ratione ut commodi et consequuntur voluptatem ea.', 'eveniet-nisi-sapiente-est-ducimus-sed-aut', 'Unlock the full potential of Python in the realms of data science and machine learning with this comprehensive course. Designed for aspiring data scientists, machine learning engineers, and anyone eager to dive into the world of data, this course takes you from foundational concepts to advanced techniques, ensuring a thorough understanding and hands-on experience with the latest tools and methodologies', 1003, 68, 476, 2377, 'https://vimeo.com/273651219', 'vimeo', NULL, '1', 'video', 1, NULL, 1, 'active', '2024-07-03 21:41:03', '2024-07-03 21:41:03'),
(1903, 'Aut non modi fugiat fugit omnis quis.', 'omnis-veniam-cum-hic-quia', 'Unlock the full potential of Python in the realms of data science and machine learning with this comprehensive course. Designed for aspiring data scientists, machine learning engineers, and anyone eager to dive into the world of data, this course takes you from foundational concepts to advanced techniques, ensuring a thorough understanding and hands-on experience with the latest tools and methodologies', 1003, 68, 476, 2378, 'https://drive.google.com/file/d/1CmtT6i3-QZtz7Oq_lcJHBcQkCVMdb0cV/view', 'google_drive', NULL, '2', 'video', 1, NULL, 0, 'active', '2024-07-03 21:41:03', '2024-07-03 21:41:03'),
(1904, 'Beatae quasi qui quas.', 'nostrum-exercitationem-praesentium-quod-voluptates-tenetur-a-possimus-cum', 'Unlock the full potential of Python in the realms of data science and machine learning with this comprehensive course. Designed for aspiring data scientists, machine learning engineers, and anyone eager to dive into the world of data, this course takes you from foundational concepts to advanced techniques, ensuring a thorough understanding and hands-on experience with the latest tools and methodologies', 1003, 68, 476, 2380, 'https://www.youtube.com/watch?v=pVTGfHyLlDU', 'youtube', NULL, '1', 'video', 1, NULL, NULL, 'active', '2024-07-03 21:41:03', '2024-07-03 21:41:03'),
(1905, 'Youtube Source', NULL, 'Unlock the full potential of Python in the realms of data science and machine learning with this comprehensive course. Designed for aspiring data scientists, machine learning engineers, and anyone eager to dive into the world of data, this course takes you from foundational concepts to advanced techniques, ensuring a thorough understanding and hands-on experience with the latest tools and methodologies', 1001, 69, 477, 2381, 'https://www.youtube.com/watch?v=7cMOjf4C9KE', 'youtube', NULL, '11', 'video', 1, NULL, 1, 'active', '2024-07-03 21:41:03', '2024-07-03 21:41:03'),
(1906, 'Vimeo Source', NULL, 'Unlock the full potential of Python in the realms of data science and machine learning with this comprehensive course. Designed for aspiring data scientists, machine learning engineers, and anyone eager to dive into the world of data, this course takes you from foundational concepts to advanced techniques, ensuring a thorough understanding and hands-on experience with the latest tools and methodologies', 1001, 69, 477, 2382, 'https://vimeo.com/273651219', 'vimeo', NULL, '1', 'video', 1, NULL, 1, 'active', '2024-07-03 21:41:03', '2024-07-03 21:41:03'),
(1907, 'Google Drive Source', NULL, 'Unlock the full potential of Python in the realms of data science and machine learning with this comprehensive course. Designed for aspiring data scientists, machine learning engineers, and anyone eager to dive into the world of data, this course takes you from foundational concepts to advanced techniques, ensuring a thorough understanding and hands-on experience with the latest tools and methodologies', 1001, 69, 477, 2383, 'https://drive.google.com/file/d/1CmtT6i3-QZtz7Oq_lcJHBcQkCVMdb0cV/view', 'google_drive', NULL, '2', 'video', 1, NULL, 0, 'active', '2024-07-03 21:41:03', '2024-07-03 21:41:03'),
(1908, 'Feature Engineering and Selection', NULL, 'Unlock the full potential of Python in the realms of data science and machine learning with this comprehensive course. Designed for aspiring data scientists, machine learning engineers, and anyone eager to dive into the world of data, this course takes you from foundational concepts to advanced techniques, ensuring a thorough understanding and hands-on experience with the latest tools and methodologies', 1001, 69, 477, 2385, 'https://www.youtube.com/watch?v=pVTGfHyLlDU', 'youtube', NULL, '1', 'video', 1, NULL, NULL, 'active', '2024-07-03 21:41:03', '2024-07-03 21:41:03'),
(1909, 'Aut quo et deserunt blanditiis at inventore.', 'id-et-sed-ut-magnam-vero', 'Unlock the full potential of Python in the realms of data science and machine learning with this comprehensive course. Designed for aspiring data scientists, machine learning engineers, and anyone eager to dive into the world of data, this course takes you from foundational concepts to advanced techniques, ensuring a thorough understanding and hands-on experience with the latest tools and methodologies', 1001, 69, 478, 2386, 'https://www.youtube.com/watch?v=7cMOjf4C9KE', 'youtube', NULL, '11', 'video', 1, NULL, 1, 'active', '2024-07-03 21:41:03', '2024-07-03 21:41:03'),
(1910, 'Enim consectetur quasi enim velit dolorem officiis.', 'sint-et-dolor-reiciendis-explicabo-pariatur-et-voluptas', 'Unlock the full potential of Python in the realms of data science and machine learning with this comprehensive course. Designed for aspiring data scientists, machine learning engineers, and anyone eager to dive into the world of data, this course takes you from foundational concepts to advanced techniques, ensuring a thorough understanding and hands-on experience with the latest tools and methodologies', 1001, 69, 478, 2387, 'https://vimeo.com/273651219', 'vimeo', NULL, '1', 'video', 1, NULL, 1, 'active', '2024-07-03 21:41:03', '2024-07-03 21:41:03'),
(1911, 'Ab ipsam debitis aliquam qui.', 'dolor-quae-qui-molestiae-ab-quisquam', 'Unlock the full potential of Python in the realms of data science and machine learning with this comprehensive course. Designed for aspiring data scientists, machine learning engineers, and anyone eager to dive into the world of data, this course takes you from foundational concepts to advanced techniques, ensuring a thorough understanding and hands-on experience with the latest tools and methodologies', 1001, 69, 478, 2388, 'https://drive.google.com/file/d/1CmtT6i3-QZtz7Oq_lcJHBcQkCVMdb0cV/view', 'google_drive', NULL, '2', 'video', 1, NULL, 0, 'active', '2024-07-03 21:41:03', '2024-07-03 21:41:03'),
(1912, 'Consequuntur quidem eum et mollitia.', 'et-saepe-vero-quas-dolor-aliquid-explicabo-aspernatur', 'Unlock the full potential of Python in the realms of data science and machine learning with this comprehensive course. Designed for aspiring data scientists, machine learning engineers, and anyone eager to dive into the world of data, this course takes you from foundational concepts to advanced techniques, ensuring a thorough understanding and hands-on experience with the latest tools and methodologies', 1001, 69, 478, 2390, 'https://www.youtube.com/watch?v=pVTGfHyLlDU', 'youtube', NULL, '1', 'video', 1, NULL, NULL, 'active', '2024-07-03 21:41:03', '2024-07-03 21:41:03'),
(1913, 'Deleniti debitis sint labore iusto.', 'molestias-modi-natus-sit-excepturi-non', 'Unlock the full potential of Python in the realms of data science and machine learning with this comprehensive course. Designed for aspiring data scientists, machine learning engineers, and anyone eager to dive into the world of data, this course takes you from foundational concepts to advanced techniques, ensuring a thorough understanding and hands-on experience with the latest tools and methodologies', 1001, 69, 479, 2391, 'https://www.youtube.com/watch?v=7cMOjf4C9KE', 'youtube', NULL, '11', 'video', 1, NULL, 1, 'active', '2024-07-03 21:41:03', '2024-07-03 21:41:03'),
(1914, 'Expedita ut est qui eveniet quis.', 'dicta-eligendi-quibusdam-omnis-error-qui-dolor-omnis', 'Unlock the full potential of Python in the realms of data science and machine learning with this comprehensive course. Designed for aspiring data scientists, machine learning engineers, and anyone eager to dive into the world of data, this course takes you from foundational concepts to advanced techniques, ensuring a thorough understanding and hands-on experience with the latest tools and methodologies', 1001, 69, 479, 2392, 'https://vimeo.com/273651219', 'vimeo', NULL, '1', 'video', 1, NULL, 1, 'active', '2024-07-03 21:41:03', '2024-07-03 21:41:03'),
(1915, 'Ut consequatur nam ea aut praesentium voluptas et.', 'error-rerum-sequi-provident', 'Unlock the full potential of Python in the realms of data science and machine learning with this comprehensive course. Designed for aspiring data scientists, machine learning engineers, and anyone eager to dive into the world of data, this course takes you from foundational concepts to advanced techniques, ensuring a thorough understanding and hands-on experience with the latest tools and methodologies', 1001, 69, 479, 2393, 'https://drive.google.com/file/d/1CmtT6i3-QZtz7Oq_lcJHBcQkCVMdb0cV/view', 'google_drive', NULL, '2', 'video', 1, NULL, 0, 'active', '2024-07-03 21:41:03', '2024-07-03 21:41:03'),
(1916, 'In amet ad magnam voluptas vel aut.', 'non-voluptates-quas-beatae-pariatur', 'Unlock the full potential of Python in the realms of data science and machine learning with this comprehensive course. Designed for aspiring data scientists, machine learning engineers, and anyone eager to dive into the world of data, this course takes you from foundational concepts to advanced techniques, ensuring a thorough understanding and hands-on experience with the latest tools and methodologies', 1001, 69, 479, 2395, 'https://www.youtube.com/watch?v=pVTGfHyLlDU', 'youtube', NULL, '1', 'video', 1, NULL, NULL, 'active', '2024-07-03 21:41:03', '2024-07-03 21:41:03');
INSERT INTO `course_chapter_lessons` (`id`, `title`, `slug`, `description`, `instructor_id`, `course_id`, `chapter_id`, `chapter_item_id`, `file_path`, `storage`, `volume`, `duration`, `file_type`, `downloadable`, `order`, `is_free`, `status`, `created_at`, `updated_at`) VALUES
(1917, 'Dolores quod aut repudiandae aspernatur.', 'dicta-nihil-ipsa-accusamus-repellendus', 'Unlock the full potential of Python in the realms of data science and machine learning with this comprehensive course. Designed for aspiring data scientists, machine learning engineers, and anyone eager to dive into the world of data, this course takes you from foundational concepts to advanced techniques, ensuring a thorough understanding and hands-on experience with the latest tools and methodologies', 1001, 69, 480, 2396, 'https://www.youtube.com/watch?v=7cMOjf4C9KE', 'youtube', NULL, '11', 'video', 1, NULL, 1, 'active', '2024-07-03 21:41:03', '2024-07-03 21:41:03'),
(1918, 'Id laboriosam voluptatem tempora neque dolore.', 'aut-ut-itaque-architecto-voluptatum-placeat', 'Unlock the full potential of Python in the realms of data science and machine learning with this comprehensive course. Designed for aspiring data scientists, machine learning engineers, and anyone eager to dive into the world of data, this course takes you from foundational concepts to advanced techniques, ensuring a thorough understanding and hands-on experience with the latest tools and methodologies', 1001, 69, 480, 2397, 'https://vimeo.com/273651219', 'vimeo', NULL, '1', 'video', 1, NULL, 1, 'active', '2024-07-03 21:41:03', '2024-07-03 21:41:03'),
(1919, 'Illo voluptatem voluptatem aut vero nobis.', 'dolorem-sunt-dolores-ut-nemo-odit-aut-laborum', 'Unlock the full potential of Python in the realms of data science and machine learning with this comprehensive course. Designed for aspiring data scientists, machine learning engineers, and anyone eager to dive into the world of data, this course takes you from foundational concepts to advanced techniques, ensuring a thorough understanding and hands-on experience with the latest tools and methodologies', 1001, 69, 480, 2398, 'https://drive.google.com/file/d/1CmtT6i3-QZtz7Oq_lcJHBcQkCVMdb0cV/view', 'google_drive', NULL, '2', 'video', 1, NULL, 0, 'active', '2024-07-03 21:41:03', '2024-07-03 21:41:03'),
(1920, 'Ut et hic accusamus minima deleniti ut.', 'aut-est-mollitia-ea-animi', 'Unlock the full potential of Python in the realms of data science and machine learning with this comprehensive course. Designed for aspiring data scientists, machine learning engineers, and anyone eager to dive into the world of data, this course takes you from foundational concepts to advanced techniques, ensuring a thorough understanding and hands-on experience with the latest tools and methodologies', 1001, 69, 480, 2400, 'https://www.youtube.com/watch?v=pVTGfHyLlDU', 'youtube', NULL, '1', 'video', 1, NULL, NULL, 'active', '2024-07-03 21:41:04', '2024-07-03 21:41:04'),
(1921, 'Dolorum assumenda in repudiandae veritatis aspernatur iure esse.', 'minus-nesciunt-quis-repellendus-est-vel-tenetur', 'Unlock the full potential of Python in the realms of data science and machine learning with this comprehensive course. Designed for aspiring data scientists, machine learning engineers, and anyone eager to dive into the world of data, this course takes you from foundational concepts to advanced techniques, ensuring a thorough understanding and hands-on experience with the latest tools and methodologies', 1001, 69, 481, 2401, 'https://www.youtube.com/watch?v=7cMOjf4C9KE', 'youtube', NULL, '11', 'video', 1, NULL, 1, 'active', '2024-07-03 21:41:04', '2024-07-03 21:41:04'),
(1922, 'In voluptatibus corrupti temporibus veniam necessitatibus dolore et inventore.', 'recusandae-eos-quaerat-est-nesciunt-vitae-alias-rerum-quaerat', 'Unlock the full potential of Python in the realms of data science and machine learning with this comprehensive course. Designed for aspiring data scientists, machine learning engineers, and anyone eager to dive into the world of data, this course takes you from foundational concepts to advanced techniques, ensuring a thorough understanding and hands-on experience with the latest tools and methodologies', 1001, 69, 481, 2402, 'https://vimeo.com/273651219', 'vimeo', NULL, '1', 'video', 1, NULL, 1, 'active', '2024-07-03 21:41:04', '2024-07-03 21:41:04'),
(1923, 'Officia sint natus et fugit et eos.', 'quaerat-iure-veniam-impedit-quibusdam-ratione-tenetur', 'Unlock the full potential of Python in the realms of data science and machine learning with this comprehensive course. Designed for aspiring data scientists, machine learning engineers, and anyone eager to dive into the world of data, this course takes you from foundational concepts to advanced techniques, ensuring a thorough understanding and hands-on experience with the latest tools and methodologies', 1001, 69, 481, 2403, 'https://drive.google.com/file/d/1CmtT6i3-QZtz7Oq_lcJHBcQkCVMdb0cV/view', 'google_drive', NULL, '2', 'video', 1, NULL, 0, 'active', '2024-07-03 21:41:04', '2024-07-03 21:41:04'),
(1924, 'Esse earum qui eos aut pariatur culpa maxime.', 'sit-adipisci-eius-vel-doloribus-velit-ratione-expedita', 'Unlock the full potential of Python in the realms of data science and machine learning with this comprehensive course. Designed for aspiring data scientists, machine learning engineers, and anyone eager to dive into the world of data, this course takes you from foundational concepts to advanced techniques, ensuring a thorough understanding and hands-on experience with the latest tools and methodologies', 1001, 69, 481, 2405, 'https://www.youtube.com/watch?v=pVTGfHyLlDU', 'youtube', NULL, '1', 'video', 1, NULL, NULL, 'active', '2024-07-03 21:41:04', '2024-07-03 21:41:04'),
(1925, 'Et quam quia dolorem incidunt.', 'dolorem-ipsa-atque-velit-nobis', 'Unlock the full potential of Python in the realms of data science and machine learning with this comprehensive course. Designed for aspiring data scientists, machine learning engineers, and anyone eager to dive into the world of data, this course takes you from foundational concepts to advanced techniques, ensuring a thorough understanding and hands-on experience with the latest tools and methodologies', 1001, 69, 482, 2406, 'https://www.youtube.com/watch?v=7cMOjf4C9KE', 'youtube', NULL, '11', 'video', 1, NULL, 1, 'active', '2024-07-03 21:41:04', '2024-07-03 21:41:04'),
(1926, 'Modi quia minus nisi.', 'unde-ratione-ipsam-omnis-aut-consequatur-labore', 'Unlock the full potential of Python in the realms of data science and machine learning with this comprehensive course. Designed for aspiring data scientists, machine learning engineers, and anyone eager to dive into the world of data, this course takes you from foundational concepts to advanced techniques, ensuring a thorough understanding and hands-on experience with the latest tools and methodologies', 1001, 69, 482, 2407, 'https://vimeo.com/273651219', 'vimeo', NULL, '1', 'video', 1, NULL, 1, 'active', '2024-07-03 21:41:04', '2024-07-03 21:41:04'),
(1927, 'Quis fuga ad nobis odit officia inventore odio.', 'fugit-eum-maxime-consequatur-dolore-iusto-ratione-molestias-asperiores', 'Unlock the full potential of Python in the realms of data science and machine learning with this comprehensive course. Designed for aspiring data scientists, machine learning engineers, and anyone eager to dive into the world of data, this course takes you from foundational concepts to advanced techniques, ensuring a thorough understanding and hands-on experience with the latest tools and methodologies', 1001, 69, 482, 2408, 'https://drive.google.com/file/d/1CmtT6i3-QZtz7Oq_lcJHBcQkCVMdb0cV/view', 'google_drive', NULL, '2', 'video', 1, NULL, 0, 'active', '2024-07-03 21:41:04', '2024-07-03 21:41:04'),
(1928, 'Necessitatibus et inventore voluptas.', 'et-est-et-quaerat', 'Unlock the full potential of Python in the realms of data science and machine learning with this comprehensive course. Designed for aspiring data scientists, machine learning engineers, and anyone eager to dive into the world of data, this course takes you from foundational concepts to advanced techniques, ensuring a thorough understanding and hands-on experience with the latest tools and methodologies', 1001, 69, 482, 2410, 'https://www.youtube.com/watch?v=pVTGfHyLlDU', 'youtube', NULL, '1', 'video', 1, NULL, NULL, 'active', '2024-07-03 21:41:04', '2024-07-03 21:41:04'),
(1929, 'Accusamus dolores tempora voluptatibus eveniet.', 'est-quibusdam-exercitationem-consequatur-a-tenetur', 'Unlock the full potential of Python in the realms of data science and machine learning with this comprehensive course. Designed for aspiring data scientists, machine learning engineers, and anyone eager to dive into the world of data, this course takes you from foundational concepts to advanced techniques, ensuring a thorough understanding and hands-on experience with the latest tools and methodologies', 1001, 69, 483, 2411, 'https://www.youtube.com/watch?v=7cMOjf4C9KE', 'youtube', NULL, '11', 'video', 1, NULL, 1, 'active', '2024-07-03 21:41:04', '2024-07-03 21:41:04'),
(1930, 'Natus molestiae inventore corrupti eos enim sint.', 'sit-inventore-expedita-dignissimos-ut', 'Unlock the full potential of Python in the realms of data science and machine learning with this comprehensive course. Designed for aspiring data scientists, machine learning engineers, and anyone eager to dive into the world of data, this course takes you from foundational concepts to advanced techniques, ensuring a thorough understanding and hands-on experience with the latest tools and methodologies', 1001, 69, 483, 2412, 'https://vimeo.com/273651219', 'vimeo', NULL, '1', 'video', 1, NULL, 1, 'active', '2024-07-03 21:41:04', '2024-07-03 21:41:04'),
(1931, 'Enim ea est culpa unde quidem nostrum consectetur ut.', 'sunt-eveniet-at-maiores-magnam-deserunt-qui', 'Unlock the full potential of Python in the realms of data science and machine learning with this comprehensive course. Designed for aspiring data scientists, machine learning engineers, and anyone eager to dive into the world of data, this course takes you from foundational concepts to advanced techniques, ensuring a thorough understanding and hands-on experience with the latest tools and methodologies', 1001, 69, 483, 2413, 'https://drive.google.com/file/d/1CmtT6i3-QZtz7Oq_lcJHBcQkCVMdb0cV/view', 'google_drive', NULL, '2', 'video', 1, NULL, 0, 'active', '2024-07-03 21:41:04', '2024-07-03 21:41:04'),
(1932, 'Aut qui sequi aspernatur perspiciatis consequatur.', 'sequi-in-eveniet-ut-accusamus-magni', 'Unlock the full potential of Python in the realms of data science and machine learning with this comprehensive course. Designed for aspiring data scientists, machine learning engineers, and anyone eager to dive into the world of data, this course takes you from foundational concepts to advanced techniques, ensuring a thorough understanding and hands-on experience with the latest tools and methodologies', 1001, 69, 483, 2415, 'https://www.youtube.com/watch?v=pVTGfHyLlDU', 'youtube', NULL, '1', 'video', 1, NULL, NULL, 'active', '2024-07-03 21:41:04', '2024-07-03 21:41:04'),
(1933, 'Youtube Source', NULL, 'Unlock the full potential of Python in the realms of data science and machine learning with this comprehensive course. Designed for aspiring data scientists, machine learning engineers, and anyone eager to dive into the world of data, this course takes you from foundational concepts to advanced techniques, ensuring a thorough understanding and hands-on experience with the latest tools and methodologies', 1002, 70, 484, 2416, 'https://www.youtube.com/watch?v=7cMOjf4C9KE', 'youtube', NULL, '11', 'video', 1, NULL, 1, 'active', '2024-07-03 21:41:04', '2024-07-03 21:41:04'),
(1934, 'Vimeo Source', NULL, 'Unlock the full potential of Python in the realms of data science and machine learning with this comprehensive course. Designed for aspiring data scientists, machine learning engineers, and anyone eager to dive into the world of data, this course takes you from foundational concepts to advanced techniques, ensuring a thorough understanding and hands-on experience with the latest tools and methodologies', 1002, 70, 484, 2417, 'https://vimeo.com/273651219', 'vimeo', NULL, '1', 'video', 1, NULL, 1, 'active', '2024-07-03 21:41:04', '2024-07-03 21:41:04'),
(1935, 'Google Drive Source', NULL, 'Unlock the full potential of Python in the realms of data science and machine learning with this comprehensive course. Designed for aspiring data scientists, machine learning engineers, and anyone eager to dive into the world of data, this course takes you from foundational concepts to advanced techniques, ensuring a thorough understanding and hands-on experience with the latest tools and methodologies', 1002, 70, 484, 2418, 'https://drive.google.com/file/d/1CmtT6i3-QZtz7Oq_lcJHBcQkCVMdb0cV/view', 'google_drive', NULL, '2', 'video', 1, NULL, 0, 'active', '2024-07-03 21:41:04', '2024-07-03 21:41:04'),
(1936, 'Feature Engineering and Selection', NULL, 'Unlock the full potential of Python in the realms of data science and machine learning with this comprehensive course. Designed for aspiring data scientists, machine learning engineers, and anyone eager to dive into the world of data, this course takes you from foundational concepts to advanced techniques, ensuring a thorough understanding and hands-on experience with the latest tools and methodologies', 1002, 70, 484, 2420, 'https://www.youtube.com/watch?v=pVTGfHyLlDU', 'youtube', NULL, '1', 'video', 1, NULL, NULL, 'active', '2024-07-03 21:41:04', '2024-07-03 21:41:04'),
(1937, 'Sit similique ratione sed alias neque.', 'facilis-omnis-molestias-ut-quis', 'Unlock the full potential of Python in the realms of data science and machine learning with this comprehensive course. Designed for aspiring data scientists, machine learning engineers, and anyone eager to dive into the world of data, this course takes you from foundational concepts to advanced techniques, ensuring a thorough understanding and hands-on experience with the latest tools and methodologies', 1002, 70, 485, 2421, 'https://www.youtube.com/watch?v=7cMOjf4C9KE', 'youtube', NULL, '11', 'video', 1, NULL, 1, 'active', '2024-07-03 21:41:04', '2024-07-03 21:41:04'),
(1938, 'Animi natus qui repudiandae illo blanditiis.', 'nemo-et-occaecati-illo-tenetur-ipsam', 'Unlock the full potential of Python in the realms of data science and machine learning with this comprehensive course. Designed for aspiring data scientists, machine learning engineers, and anyone eager to dive into the world of data, this course takes you from foundational concepts to advanced techniques, ensuring a thorough understanding and hands-on experience with the latest tools and methodologies', 1002, 70, 485, 2422, 'https://vimeo.com/273651219', 'vimeo', NULL, '1', 'video', 1, NULL, 1, 'active', '2024-07-03 21:41:04', '2024-07-03 21:41:04'),
(1939, 'Quo dolore minima veniam aut.', 'quis-maxime-aut-et-qui-et-laudantium', 'Unlock the full potential of Python in the realms of data science and machine learning with this comprehensive course. Designed for aspiring data scientists, machine learning engineers, and anyone eager to dive into the world of data, this course takes you from foundational concepts to advanced techniques, ensuring a thorough understanding and hands-on experience with the latest tools and methodologies', 1002, 70, 485, 2423, 'https://drive.google.com/file/d/1CmtT6i3-QZtz7Oq_lcJHBcQkCVMdb0cV/view', 'google_drive', NULL, '2', 'video', 1, NULL, 0, 'active', '2024-07-03 21:41:04', '2024-07-03 21:41:04'),
(1940, 'Omnis est voluptas excepturi repellat quia.', 'placeat-qui-provident-consequatur-architecto', 'Unlock the full potential of Python in the realms of data science and machine learning with this comprehensive course. Designed for aspiring data scientists, machine learning engineers, and anyone eager to dive into the world of data, this course takes you from foundational concepts to advanced techniques, ensuring a thorough understanding and hands-on experience with the latest tools and methodologies', 1002, 70, 485, 2425, 'https://www.youtube.com/watch?v=pVTGfHyLlDU', 'youtube', NULL, '1', 'video', 1, NULL, NULL, 'active', '2024-07-03 21:41:04', '2024-07-03 21:41:04'),
(1941, 'Ratione quasi nesciunt cum atque id suscipit sed.', 'qui-dolor-aperiam-rerum-optio-at', 'Unlock the full potential of Python in the realms of data science and machine learning with this comprehensive course. Designed for aspiring data scientists, machine learning engineers, and anyone eager to dive into the world of data, this course takes you from foundational concepts to advanced techniques, ensuring a thorough understanding and hands-on experience with the latest tools and methodologies', 1002, 70, 486, 2426, 'https://www.youtube.com/watch?v=7cMOjf4C9KE', 'youtube', NULL, '11', 'video', 1, NULL, 1, 'active', '2024-07-03 21:41:04', '2024-07-03 21:41:04'),
(1942, 'Mollitia eum quis qui consectetur.', 'laborum-cupiditate-pariatur-et-voluptates-ut-quod', 'Unlock the full potential of Python in the realms of data science and machine learning with this comprehensive course. Designed for aspiring data scientists, machine learning engineers, and anyone eager to dive into the world of data, this course takes you from foundational concepts to advanced techniques, ensuring a thorough understanding and hands-on experience with the latest tools and methodologies', 1002, 70, 486, 2427, 'https://vimeo.com/273651219', 'vimeo', NULL, '1', 'video', 1, NULL, 1, 'active', '2024-07-03 21:41:04', '2024-07-03 21:41:04'),
(1943, 'A odit sequi amet harum voluptatum blanditiis id.', 'dolores-inventore-id-deserunt-et-ducimus', 'Unlock the full potential of Python in the realms of data science and machine learning with this comprehensive course. Designed for aspiring data scientists, machine learning engineers, and anyone eager to dive into the world of data, this course takes you from foundational concepts to advanced techniques, ensuring a thorough understanding and hands-on experience with the latest tools and methodologies', 1002, 70, 486, 2428, 'https://drive.google.com/file/d/1CmtT6i3-QZtz7Oq_lcJHBcQkCVMdb0cV/view', 'google_drive', NULL, '2', 'video', 1, NULL, 0, 'active', '2024-07-03 21:41:04', '2024-07-03 21:41:04'),
(1944, 'Veritatis rerum qui veritatis quia ratione quasi.', 'ullam-dignissimos-quo-totam-corrupti-nobis-voluptas', 'Unlock the full potential of Python in the realms of data science and machine learning with this comprehensive course. Designed for aspiring data scientists, machine learning engineers, and anyone eager to dive into the world of data, this course takes you from foundational concepts to advanced techniques, ensuring a thorough understanding and hands-on experience with the latest tools and methodologies', 1002, 70, 486, 2430, 'https://www.youtube.com/watch?v=pVTGfHyLlDU', 'youtube', NULL, '1', 'video', 1, NULL, NULL, 'active', '2024-07-03 21:41:04', '2024-07-03 21:41:04'),
(1945, 'Aut libero et enim dolores molestiae.', 'dolorem-voluptatum-expedita-consequatur-maxime', 'Unlock the full potential of Python in the realms of data science and machine learning with this comprehensive course. Designed for aspiring data scientists, machine learning engineers, and anyone eager to dive into the world of data, this course takes you from foundational concepts to advanced techniques, ensuring a thorough understanding and hands-on experience with the latest tools and methodologies', 1002, 70, 487, 2431, 'https://www.youtube.com/watch?v=7cMOjf4C9KE', 'youtube', NULL, '11', 'video', 1, NULL, 1, 'active', '2024-07-03 21:41:04', '2024-07-03 21:41:04'),
(1946, 'Qui nisi recusandae quae ullam recusandae ducimus.', 'totam-enim-et-libero-maiores-fuga-culpa-cum', 'Unlock the full potential of Python in the realms of data science and machine learning with this comprehensive course. Designed for aspiring data scientists, machine learning engineers, and anyone eager to dive into the world of data, this course takes you from foundational concepts to advanced techniques, ensuring a thorough understanding and hands-on experience with the latest tools and methodologies', 1002, 70, 487, 2432, 'https://vimeo.com/273651219', 'vimeo', NULL, '1', 'video', 1, NULL, 1, 'active', '2024-07-03 21:41:04', '2024-07-03 21:41:04'),
(1947, 'Est ut fugiat quas illo ut consequuntur.', 'dolores-eos-asperiores-ut-explicabo', 'Unlock the full potential of Python in the realms of data science and machine learning with this comprehensive course. Designed for aspiring data scientists, machine learning engineers, and anyone eager to dive into the world of data, this course takes you from foundational concepts to advanced techniques, ensuring a thorough understanding and hands-on experience with the latest tools and methodologies', 1002, 70, 487, 2433, 'https://drive.google.com/file/d/1CmtT6i3-QZtz7Oq_lcJHBcQkCVMdb0cV/view', 'google_drive', NULL, '2', 'video', 1, NULL, 0, 'active', '2024-07-03 21:41:04', '2024-07-03 21:41:04'),
(1948, 'Sed dolore delectus architecto corrupti est voluptatem.', 'doloremque-nisi-non-perspiciatis-harum-autem', 'Unlock the full potential of Python in the realms of data science and machine learning with this comprehensive course. Designed for aspiring data scientists, machine learning engineers, and anyone eager to dive into the world of data, this course takes you from foundational concepts to advanced techniques, ensuring a thorough understanding and hands-on experience with the latest tools and methodologies', 1002, 70, 487, 2435, 'https://www.youtube.com/watch?v=pVTGfHyLlDU', 'youtube', NULL, '1', 'video', 1, NULL, NULL, 'active', '2024-07-03 21:41:04', '2024-07-03 21:41:04'),
(1949, 'Est molestias molestiae non et quasi.', 'inventore-labore-deleniti-et-sed-dolor-voluptatibus-iste', 'Unlock the full potential of Python in the realms of data science and machine learning with this comprehensive course. Designed for aspiring data scientists, machine learning engineers, and anyone eager to dive into the world of data, this course takes you from foundational concepts to advanced techniques, ensuring a thorough understanding and hands-on experience with the latest tools and methodologies', 1002, 70, 488, 2436, 'https://www.youtube.com/watch?v=7cMOjf4C9KE', 'youtube', NULL, '11', 'video', 1, NULL, 1, 'active', '2024-07-03 21:41:04', '2024-07-03 21:41:04'),
(1950, 'Sed tempore omnis vel laborum natus.', 'maiores-et-exercitationem-porro-et-laborum-est', 'Unlock the full potential of Python in the realms of data science and machine learning with this comprehensive course. Designed for aspiring data scientists, machine learning engineers, and anyone eager to dive into the world of data, this course takes you from foundational concepts to advanced techniques, ensuring a thorough understanding and hands-on experience with the latest tools and methodologies', 1002, 70, 488, 2437, 'https://vimeo.com/273651219', 'vimeo', NULL, '1', 'video', 1, NULL, 1, 'active', '2024-07-03 21:41:04', '2024-07-03 21:41:04'),
(1951, 'Ut sunt doloribus soluta doloremque ipsam.', 'impedit-omnis-facilis-nesciunt-saepe', 'Unlock the full potential of Python in the realms of data science and machine learning with this comprehensive course. Designed for aspiring data scientists, machine learning engineers, and anyone eager to dive into the world of data, this course takes you from foundational concepts to advanced techniques, ensuring a thorough understanding and hands-on experience with the latest tools and methodologies', 1002, 70, 488, 2438, 'https://drive.google.com/file/d/1CmtT6i3-QZtz7Oq_lcJHBcQkCVMdb0cV/view', 'google_drive', NULL, '2', 'video', 1, NULL, 0, 'active', '2024-07-03 21:41:04', '2024-07-03 21:41:04'),
(1952, 'Recusandae eaque nam odit asperiores est voluptates dolores vero.', 'corporis-est-sed-delectus-in-ut-esse-velit-et', 'Unlock the full potential of Python in the realms of data science and machine learning with this comprehensive course. Designed for aspiring data scientists, machine learning engineers, and anyone eager to dive into the world of data, this course takes you from foundational concepts to advanced techniques, ensuring a thorough understanding and hands-on experience with the latest tools and methodologies', 1002, 70, 488, 2440, 'https://www.youtube.com/watch?v=pVTGfHyLlDU', 'youtube', NULL, '1', 'video', 1, NULL, NULL, 'active', '2024-07-03 21:41:04', '2024-07-03 21:41:04'),
(1953, 'Omnis accusamus excepturi vero et.', 'at-doloremque-ut-exercitationem-hic-recusandae-aperiam-et', 'Unlock the full potential of Python in the realms of data science and machine learning with this comprehensive course. Designed for aspiring data scientists, machine learning engineers, and anyone eager to dive into the world of data, this course takes you from foundational concepts to advanced techniques, ensuring a thorough understanding and hands-on experience with the latest tools and methodologies', 1002, 70, 489, 2441, 'https://www.youtube.com/watch?v=7cMOjf4C9KE', 'youtube', NULL, '11', 'video', 1, NULL, 1, 'active', '2024-07-03 21:41:04', '2024-07-03 21:41:04'),
(1954, 'Veritatis rerum atque dolor quod similique quia et.', 'voluptatum-in-illum-iure-corrupti-aut-quis', 'Unlock the full potential of Python in the realms of data science and machine learning with this comprehensive course. Designed for aspiring data scientists, machine learning engineers, and anyone eager to dive into the world of data, this course takes you from foundational concepts to advanced techniques, ensuring a thorough understanding and hands-on experience with the latest tools and methodologies', 1002, 70, 489, 2442, 'https://vimeo.com/273651219', 'vimeo', NULL, '1', 'video', 1, NULL, 1, 'active', '2024-07-03 21:41:04', '2024-07-03 21:41:04'),
(1955, 'Ut sequi et harum nisi voluptatem.', 'officia-et-nam-fugit-suscipit', 'Unlock the full potential of Python in the realms of data science and machine learning with this comprehensive course. Designed for aspiring data scientists, machine learning engineers, and anyone eager to dive into the world of data, this course takes you from foundational concepts to advanced techniques, ensuring a thorough understanding and hands-on experience with the latest tools and methodologies', 1002, 70, 489, 2443, 'https://drive.google.com/file/d/1CmtT6i3-QZtz7Oq_lcJHBcQkCVMdb0cV/view', 'google_drive', NULL, '2', 'video', 1, NULL, 0, 'active', '2024-07-03 21:41:04', '2024-07-03 21:41:04'),
(1956, 'Voluptas saepe ullam laborum cumque odio distinctio qui.', 'et-omnis-at-quia-porro-occaecati', 'Unlock the full potential of Python in the realms of data science and machine learning with this comprehensive course. Designed for aspiring data scientists, machine learning engineers, and anyone eager to dive into the world of data, this course takes you from foundational concepts to advanced techniques, ensuring a thorough understanding and hands-on experience with the latest tools and methodologies', 1002, 70, 489, 2445, 'https://www.youtube.com/watch?v=pVTGfHyLlDU', 'youtube', NULL, '1', 'video', 1, NULL, NULL, 'active', '2024-07-03 21:41:04', '2024-07-03 21:41:04'),
(1957, 'Et voluptates quibusdam tempore inventore consequuntur.', 'cumque-laboriosam-dolores-rerum-rerum-totam-dicta-autem', 'Unlock the full potential of Python in the realms of data science and machine learning with this comprehensive course. Designed for aspiring data scientists, machine learning engineers, and anyone eager to dive into the world of data, this course takes you from foundational concepts to advanced techniques, ensuring a thorough understanding and hands-on experience with the latest tools and methodologies', 1002, 70, 490, 2446, 'https://www.youtube.com/watch?v=7cMOjf4C9KE', 'youtube', NULL, '11', 'video', 1, NULL, 1, 'active', '2024-07-03 21:41:04', '2024-07-03 21:41:04'),
(1958, 'Eaque modi consequatur odio est aut fuga voluptates.', 'est-eum-dignissimos-molestiae-at', 'Unlock the full potential of Python in the realms of data science and machine learning with this comprehensive course. Designed for aspiring data scientists, machine learning engineers, and anyone eager to dive into the world of data, this course takes you from foundational concepts to advanced techniques, ensuring a thorough understanding and hands-on experience with the latest tools and methodologies', 1002, 70, 490, 2447, 'https://vimeo.com/273651219', 'vimeo', NULL, '1', 'video', 1, NULL, 1, 'active', '2024-07-03 21:41:04', '2024-07-03 21:41:04'),
(1959, 'Sed in consectetur maiores asperiores aut.', 'quia-illo-minus-sit-dolores-unde-tempora', 'Unlock the full potential of Python in the realms of data science and machine learning with this comprehensive course. Designed for aspiring data scientists, machine learning engineers, and anyone eager to dive into the world of data, this course takes you from foundational concepts to advanced techniques, ensuring a thorough understanding and hands-on experience with the latest tools and methodologies', 1002, 70, 490, 2448, 'https://drive.google.com/file/d/1CmtT6i3-QZtz7Oq_lcJHBcQkCVMdb0cV/view', 'google_drive', NULL, '2', 'video', 1, NULL, 0, 'active', '2024-07-03 21:41:04', '2024-07-03 21:41:04'),
(1960, 'Ut fuga expedita sint.', 'dolores-at-quia-fugit-deleniti', 'Unlock the full potential of Python in the realms of data science and machine learning with this comprehensive course. Designed for aspiring data scientists, machine learning engineers, and anyone eager to dive into the world of data, this course takes you from foundational concepts to advanced techniques, ensuring a thorough understanding and hands-on experience with the latest tools and methodologies', 1002, 70, 490, 2450, 'https://www.youtube.com/watch?v=pVTGfHyLlDU', 'youtube', NULL, '1', 'video', 1, NULL, NULL, 'active', '2024-07-03 21:41:04', '2024-07-03 21:41:04');

-- --------------------------------------------------------

--
-- Table structure for table `course_delete_requests`
--

CREATE TABLE IF NOT EXISTS `course_delete_requests` (
  `id` bigint UNSIGNED NOT NULL AUTO_INCREMENT,
  `course_id` bigint UNSIGNED NOT NULL,
  `message` text CHARACTER SET utf8mb4 COLLATE utf8mb4_general_ci NOT NULL,
  `status` tinyint(1) NOT NULL DEFAULT '0',
  `created_at` timestamp NULL DEFAULT NULL,
  `updated_at` timestamp NULL DEFAULT NULL,
  PRIMARY KEY (`id`)
) ENGINE=InnoDB DEFAULT CHARSET=utf8mb4 COLLATE=utf8mb4_general_ci;

-- --------------------------------------------------------

--
-- Table structure for table `course_languages`
--

CREATE TABLE IF NOT EXISTS `course_languages` (
  `id` bigint UNSIGNED NOT NULL AUTO_INCREMENT,
  `name` varchar(255) CHARACTER SET utf8mb4 COLLATE utf8mb4_general_ci NOT NULL,
  `status` tinyint(1) NOT NULL DEFAULT '1',
  `created_at` timestamp NULL DEFAULT NULL,
  `updated_at` timestamp NULL DEFAULT NULL,
  PRIMARY KEY (`id`)
) ENGINE=InnoDB AUTO_INCREMENT=6 DEFAULT CHARSET=utf8mb4 COLLATE=utf8mb4_general_ci;

--
-- Dumping data for table `course_languages`
--

INSERT INTO `course_languages` (`id`, `name`, `status`, `created_at`, `updated_at`) VALUES
(1, 'English', 1, '2024-06-03 21:34:49', '2024-06-03 21:34:49'),
(2, 'Hindi', 1, '2024-06-03 21:35:17', '2024-06-03 21:35:17'),
(3, 'Arabic', 1, '2024-06-03 21:36:15', '2024-06-03 21:36:15'),
(4, 'Francais', 1, '2024-06-03 21:36:38', '2024-06-03 21:36:38'),
(5, 'Portugues', 1, '2024-06-03 21:36:53', '2024-06-03 21:36:53');

-- --------------------------------------------------------

--
-- Table structure for table `course_levels`
--

CREATE TABLE IF NOT EXISTS `course_levels` (
  `id` bigint UNSIGNED NOT NULL AUTO_INCREMENT,
  `slug` varchar(255) CHARACTER SET utf8mb4 COLLATE utf8mb4_general_ci NOT NULL,
  `status` tinyint(1) NOT NULL DEFAULT '1',
  `created_at` timestamp NULL DEFAULT NULL,
  `updated_at` timestamp NULL DEFAULT NULL,
  PRIMARY KEY (`id`)
) ENGINE=InnoDB AUTO_INCREMENT=4 DEFAULT CHARSET=utf8mb4 COLLATE=utf8mb4_general_ci;

--
-- Dumping data for table `course_levels`
--

INSERT INTO `course_levels` (`id`, `slug`, `status`, `created_at`, `updated_at`) VALUES
(1, 'beginner', 1, '2024-06-03 21:37:22', '2024-06-03 21:37:22'),
(2, 'intermediate', 1, '2024-06-03 21:37:49', '2024-06-03 21:37:49'),
(3, 'expert', 1, '2024-06-03 21:38:36', '2024-06-03 21:38:36');

-- --------------------------------------------------------

--
-- Table structure for table `course_level_translations`
--

CREATE TABLE IF NOT EXISTS `course_level_translations` (
  `id` bigint UNSIGNED NOT NULL AUTO_INCREMENT,
  `course_level_id` bigint UNSIGNED NOT NULL,
  `lang_code` varchar(255) CHARACTER SET utf8mb4 COLLATE utf8mb4_general_ci NOT NULL,
  `name` varchar(255) CHARACTER SET utf8mb4 COLLATE utf8mb4_general_ci NOT NULL,
  `created_at` timestamp NULL DEFAULT NULL,
  `updated_at` timestamp NULL DEFAULT NULL,
  PRIMARY KEY (`id`)
) ENGINE=InnoDB AUTO_INCREMENT=10 DEFAULT CHARSET=utf8mb4 COLLATE=utf8mb4_general_ci;

--
-- Dumping data for table `course_level_translations`
--

INSERT INTO `course_level_translations` (`id`, `course_level_id`, `lang_code`, `name`, `created_at`, `updated_at`) VALUES
(1, 1, 'en', 'Beginner', '2024-06-03 21:37:22', '2024-06-03 21:37:22'),
(2, 1, 'hi', 'शुरुआती', '2024-06-03 21:37:22', '2024-06-03 21:39:25'),
(3, 1, 'ar', 'مبتدئ', '2024-06-03 21:37:22', '2024-06-03 21:39:37'),
(4, 2, 'en', 'Intermediate', '2024-06-03 21:37:49', '2024-06-03 21:37:49'),
(5, 2, 'hi', 'मध्यवर्ती', '2024-06-03 21:37:49', '2024-06-03 21:38:03'),
(6, 2, 'ar', 'متوسط', '2024-06-03 21:37:49', '2024-06-03 21:38:15'),
(7, 3, 'en', 'Expert', '2024-06-03 21:38:36', '2024-06-03 21:38:36'),
(8, 3, 'hi', 'Expert', '2024-06-03 21:38:36', '2024-06-03 21:38:36'),
(9, 3, 'ar', 'خبير', '2024-06-03 21:38:36', '2024-06-03 21:38:57');

-- --------------------------------------------------------

--
-- Table structure for table `course_partner_instructors`
--

CREATE TABLE IF NOT EXISTS `course_partner_instructors` (
  `id` bigint UNSIGNED NOT NULL AUTO_INCREMENT,
  `course_id` bigint UNSIGNED NOT NULL,
  `instructor_id` bigint UNSIGNED NOT NULL,
  `created_at` timestamp NULL DEFAULT NULL,
  `updated_at` timestamp NULL DEFAULT NULL,
  PRIMARY KEY (`id`)
) ENGINE=InnoDB DEFAULT CHARSET=utf8mb4 COLLATE=utf8mb4_general_ci;

-- --------------------------------------------------------

--
-- Table structure for table `course_progress`
--

CREATE TABLE IF NOT EXISTS `course_progress` (
  `id` bigint UNSIGNED NOT NULL AUTO_INCREMENT,
  `user_id` bigint UNSIGNED NOT NULL,
  `course_id` bigint UNSIGNED DEFAULT NULL,
  `chapter_id` bigint UNSIGNED DEFAULT NULL,
  `lesson_id` bigint UNSIGNED DEFAULT NULL,
  `watched` tinyint(1) NOT NULL DEFAULT '0',
  `current` tinyint(1) NOT NULL DEFAULT '0',
  `type` enum('lesson','quiz','document','live') CHARACTER SET utf8mb4 COLLATE utf8mb4_general_ci NOT NULL DEFAULT 'lesson',
  `created_at` timestamp NULL DEFAULT NULL,
  `updated_at` timestamp NULL DEFAULT NULL,
  PRIMARY KEY (`id`)
) ENGINE=InnoDB AUTO_INCREMENT=49 DEFAULT CHARSET=utf8mb4 COLLATE=utf8mb4_general_ci;

--
-- Dumping data for table `course_progress`
--

INSERT INTO `course_progress` (`id`, `user_id`, `course_id`, `chapter_id`, `lesson_id`, `watched`, `current`, `type`, `created_at`, `updated_at`) VALUES
(1, 1000, 47, 323, 1289, 1, 0, 'lesson', '2024-06-06 05:08:48', '2024-06-08 08:31:16'),
(2, 1000, 47, 323, 1291, 1, 0, 'lesson', '2024-06-06 05:14:33', '2024-06-08 08:31:16'),
(3, 1000, 47, 323, 323, 1, 0, 'quiz', '2024-06-06 05:17:28', '2024-06-08 08:31:16'),
(4, 1000, 47, 323, 1290, 1, 0, 'lesson', '2024-06-06 05:22:50', '2024-06-08 08:31:16'),
(5, 1000, 47, 323, 1292, 1, 0, 'lesson', '2024-06-08 08:26:09', '2024-06-08 08:31:16'),
(6, 1000, 47, 324, 1293, 1, 0, 'lesson', '2024-06-08 08:26:24', '2024-06-08 08:31:16'),
(7, 1000, 47, 324, 1294, 1, 0, 'lesson', '2024-06-08 08:26:29', '2024-06-08 08:31:16'),
(8, 1000, 47, 324, 1295, 1, 0, 'lesson', '2024-06-08 08:26:36', '2024-06-08 08:31:16'),
(9, 1000, 47, 324, 1296, 1, 0, 'lesson', '2024-06-08 08:26:44', '2024-06-08 08:31:16'),
(10, 1000, 47, 324, 324, 1, 0, 'quiz', '2024-06-08 08:26:49', '2024-06-08 08:31:16'),
(11, 1000, 47, 325, 1297, 1, 0, 'lesson', '2024-06-08 08:27:04', '2024-06-08 08:31:16'),
(12, 1000, 47, 325, 1298, 1, 0, 'lesson', '2024-06-08 08:27:09', '2024-06-08 08:31:16'),
(13, 1000, 47, 325, 1299, 1, 0, 'lesson', '2024-06-08 08:27:18', '2024-06-08 08:31:16'),
(14, 1000, 47, 325, 1300, 1, 0, 'lesson', '2024-06-08 08:27:25', '2024-06-08 08:31:16'),
(15, 1000, 47, 325, 325, 1, 0, 'quiz', '2024-06-08 08:27:31', '2024-06-08 08:31:16'),
(16, 1000, 47, 326, 1301, 1, 0, 'lesson', '2024-06-08 08:27:46', '2024-06-08 08:31:16'),
(17, 1000, 47, 326, 1302, 1, 0, 'lesson', '2024-06-08 08:27:52', '2024-06-08 08:31:16'),
(18, 1000, 47, 326, 1303, 1, 0, 'lesson', '2024-06-08 08:28:03', '2024-06-08 08:31:16'),
(19, 1000, 47, 326, 1304, 1, 0, 'lesson', '2024-06-08 08:28:07', '2024-06-08 08:31:16'),
(20, 1000, 47, 326, 326, 1, 0, 'quiz', '2024-06-08 08:28:11', '2024-06-08 08:31:16'),
(21, 1000, 47, 327, 1305, 1, 0, 'lesson', '2024-06-08 08:28:20', '2024-06-08 08:31:16'),
(22, 1000, 47, 327, 1307, 1, 0, 'lesson', '2024-06-08 08:28:26', '2024-06-08 08:31:16'),
(23, 1000, 47, 327, 1308, 1, 0, 'lesson', '2024-06-08 08:28:30', '2024-06-08 08:31:16'),
(24, 1000, 47, 327, 327, 1, 0, 'quiz', '2024-06-08 08:28:33', '2024-06-08 08:31:16'),
(25, 1000, 47, 328, 1309, 1, 0, 'lesson', '2024-06-08 08:28:51', '2024-06-08 08:31:16'),
(26, 1000, 47, 328, 1310, 1, 0, 'lesson', '2024-06-08 08:29:00', '2024-06-08 08:31:16'),
(27, 1000, 47, 328, 1311, 1, 0, 'lesson', '2024-06-08 08:29:07', '2024-06-08 08:31:16'),
(28, 1000, 47, 328, 1312, 1, 0, 'lesson', '2024-06-08 08:29:14', '2024-06-08 08:31:16'),
(29, 1000, 47, 328, 328, 1, 0, 'quiz', '2024-06-08 08:29:18', '2024-06-08 08:31:16'),
(30, 1000, 47, 329, 1313, 1, 0, 'lesson', '2024-06-08 08:29:37', '2024-06-08 08:31:16'),
(31, 1000, 47, 329, 1314, 1, 0, 'lesson', '2024-06-08 08:29:43', '2024-06-08 08:31:16'),
(32, 1000, 47, 329, 1315, 1, 0, 'lesson', '2024-06-08 08:29:49', '2024-06-08 08:31:16'),
(33, 1000, 47, 329, 1316, 1, 0, 'lesson', '2024-06-08 08:29:53', '2024-06-08 08:31:16'),
(34, 1000, 47, 329, 329, 1, 0, 'quiz', '2024-06-08 08:29:57', '2024-06-08 08:31:16'),
(35, 1000, 47, 327, 1306, 1, 1, 'lesson', '2024-06-08 08:30:56', '2024-06-08 08:31:16'),
(36, 1000, 26, 176, 701, 0, 0, 'lesson', '2024-06-11 00:07:27', '2024-06-26 03:32:28'),
(37, 1000, 26, 176, 702, 0, 0, 'lesson', '2024-06-11 00:13:07', '2024-06-26 03:32:28'),
(38, 1000, 26, 176, 703, 0, 0, 'lesson', '2024-06-11 00:13:23', '2024-06-26 03:32:28'),
(39, 1000, 26, 176, 704, 0, 0, 'lesson', '2024-06-11 00:13:30', '2024-06-26 03:32:28'),
(40, 1000, 26, 176, 176, 0, 1, 'quiz', '2024-06-11 00:13:33', '2024-06-26 03:32:28'),
(41, 1001, 6, 36, 141, 0, 0, 'lesson', '2024-06-11 04:08:17', '2024-07-03 21:37:43'),
(42, 1001, 6, 36, 142, 0, 0, 'lesson', '2024-06-11 04:08:53', '2024-07-03 21:37:43'),
(43, 1001, 6, 36, 143, 0, 0, 'lesson', '2024-06-11 04:09:17', '2024-07-03 21:37:43'),
(44, 1000, 6, 36, 141, 0, 1, 'lesson', '2024-06-26 03:31:44', '2024-07-03 21:37:43'),
(45, 1000, 29, 197, 785, 0, 0, 'lesson', '2024-06-26 03:32:46', '2024-06-26 03:34:00'),
(46, 1000, 29, 197, 787, 0, 1, 'lesson', '2024-06-26 03:34:00', '2024-06-26 03:34:00'),
(47, 1000, 16, 106, 421, 0, 1, 'lesson', '2024-07-03 05:31:14', '2024-07-03 05:31:19'),
(48, 1000, 6, 36, 144, 0, 0, 'lesson', '2024-07-03 06:32:03', '2024-07-03 21:37:43');

-- --------------------------------------------------------

--
-- Table structure for table `course_reviews`
--

CREATE TABLE IF NOT EXISTS `course_reviews` (
  `id` bigint UNSIGNED NOT NULL AUTO_INCREMENT,
  `course_id` bigint UNSIGNED NOT NULL,
  `user_id` bigint UNSIGNED NOT NULL,
  `rating` int NOT NULL,
  `review` text CHARACTER SET utf8mb4 COLLATE utf8mb4_general_ci NOT NULL,
  `status` tinyint(1) NOT NULL DEFAULT '0',
  `created_at` timestamp NULL DEFAULT NULL,
  `updated_at` timestamp NULL DEFAULT NULL,
  PRIMARY KEY (`id`)
) ENGINE=InnoDB AUTO_INCREMENT=72 DEFAULT CHARSET=utf8mb4 COLLATE=utf8mb4_general_ci;

--
-- Dumping data for table `course_reviews`
--

INSERT INTO `course_reviews` (`id`, `course_id`, `user_id`, `rating`, `review`, `status`, `created_at`, `updated_at`) VALUES
(1, 47, 1000, 5, 'Unlock the full potential of Python in the realms of data science and machine learning with this comprehensive course. Designed for aspiring data scientists, machine learning engineers, and anyone eager to dive into the world of data, this course takes you from foundational concepts', 1, '2024-06-06 12:24:33', '2024-06-06 12:25:15'),
(2, 1, 1010, 5, 'Good course loved it a lot', 1, '2024-06-23 06:42:59', '2024-06-23 06:42:59'),
(3, 2, 1010, 5, 'Good course loved it a lot', 1, '2024-06-23 06:42:59', '2024-06-23 06:42:59'),
(4, 3, 1010, 5, 'Good course loved it a lot', 1, '2024-06-23 06:42:59', '2024-06-23 06:42:59'),
(5, 4, 1010, 5, 'Good course loved it a lot', 1, '2024-06-23 06:42:59', '2024-06-23 06:42:59'),
(6, 5, 1010, 5, 'Good course loved it a lot', 1, '2024-06-23 06:42:59', '2024-06-23 06:42:59'),
(7, 6, 1010, 5, 'Good course loved it a lot', 1, '2024-06-23 06:42:59', '2024-06-23 06:42:59'),
(8, 7, 1010, 5, 'Good course loved it a lot', 1, '2024-06-23 06:42:59', '2024-06-23 06:42:59'),
(9, 8, 1010, 5, 'Good course loved it a lot', 1, '2024-06-23 06:42:59', '2024-06-23 06:42:59'),
(10, 9, 1010, 5, 'Good course loved it a lot', 1, '2024-06-23 06:42:59', '2024-06-23 06:42:59'),
(11, 10, 1010, 5, 'Good course loved it a lot', 1, '2024-06-23 06:42:59', '2024-06-23 06:42:59'),
(12, 11, 1010, 5, 'Good course loved it a lot', 1, '2024-06-23 06:42:59', '2024-06-23 06:42:59'),
(13, 12, 1010, 5, 'Good course loved it a lot', 1, '2024-06-23 06:42:59', '2024-06-23 06:42:59'),
(14, 13, 1010, 5, 'Good course loved it a lot', 1, '2024-06-23 06:42:59', '2024-06-23 06:42:59'),
(15, 14, 1010, 5, 'Good course loved it a lot', 1, '2024-06-23 06:42:59', '2024-06-23 06:42:59'),
(16, 15, 1010, 5, 'Good course loved it a lot', 1, '2024-06-23 06:42:59', '2024-06-23 06:42:59'),
(17, 16, 1010, 5, 'Good course loved it a lot', 1, '2024-06-23 06:42:59', '2024-06-23 06:42:59'),
(18, 17, 1010, 5, 'Good course loved it a lot', 1, '2024-06-23 06:42:59', '2024-06-23 06:42:59'),
(19, 18, 1010, 5, 'Good course loved it a lot', 1, '2024-06-23 06:42:59', '2024-06-23 06:42:59'),
(20, 19, 1010, 5, 'Good course loved it a lot', 1, '2024-06-23 06:42:59', '2024-06-23 06:42:59'),
(21, 20, 1010, 5, 'Good course loved it a lot', 1, '2024-06-23 06:42:59', '2024-06-23 06:42:59'),
(22, 21, 1010, 5, 'Good course loved it a lot', 1, '2024-06-23 06:42:59', '2024-06-23 06:42:59'),
(23, 22, 1010, 5, 'Good course loved it a lot', 1, '2024-06-23 06:42:59', '2024-06-23 06:42:59'),
(24, 23, 1010, 5, 'Good course loved it a lot', 1, '2024-06-23 06:42:59', '2024-06-23 06:42:59'),
(25, 24, 1010, 5, 'Good course loved it a lot', 1, '2024-06-23 06:42:59', '2024-06-23 06:42:59'),
(26, 25, 1010, 5, 'Good course loved it a lot', 1, '2024-06-23 06:42:59', '2024-06-23 06:42:59'),
(27, 26, 1010, 5, 'Good course loved it a lot', 1, '2024-06-23 06:42:59', '2024-06-23 06:42:59'),
(28, 27, 1010, 5, 'Good course loved it a lot', 1, '2024-06-23 06:42:59', '2024-06-23 06:42:59'),
(29, 28, 1010, 5, 'Good course loved it a lot', 1, '2024-06-23 06:42:59', '2024-06-23 06:42:59'),
(30, 29, 1010, 5, 'Good course loved it a lot', 1, '2024-06-23 06:42:59', '2024-06-23 06:42:59'),
(31, 30, 1010, 5, 'Good course loved it a lot', 1, '2024-06-23 06:42:59', '2024-06-23 06:42:59'),
(32, 31, 1010, 5, 'Good course loved it a lot', 1, '2024-06-23 06:42:59', '2024-06-23 06:42:59'),
(33, 32, 1010, 5, 'Good course loved it a lot', 1, '2024-06-23 06:42:59', '2024-06-23 06:42:59'),
(34, 33, 1010, 5, 'Good course loved it a lot', 1, '2024-06-23 06:42:59', '2024-06-23 06:42:59'),
(35, 34, 1010, 5, 'Good course loved it a lot', 1, '2024-06-23 06:42:59', '2024-06-23 06:42:59'),
(36, 35, 1010, 5, 'Good course loved it a lot', 1, '2024-06-23 06:42:59', '2024-06-23 06:42:59'),
(37, 36, 1010, 5, 'Good course loved it a lot', 1, '2024-06-23 06:42:59', '2024-06-23 06:42:59'),
(38, 37, 1010, 5, 'Good course loved it a lot', 1, '2024-06-23 06:42:59', '2024-06-23 06:42:59'),
(39, 38, 1010, 5, 'Good course loved it a lot', 1, '2024-06-23 06:42:59', '2024-06-23 06:42:59'),
(40, 39, 1010, 5, 'Good course loved it a lot', 1, '2024-06-23 06:42:59', '2024-06-23 06:42:59'),
(41, 40, 1010, 5, 'Good course loved it a lot', 1, '2024-06-23 06:42:59', '2024-06-23 06:42:59'),
(42, 41, 1010, 5, 'Good course loved it a lot', 1, '2024-06-23 06:42:59', '2024-06-23 06:42:59'),
(43, 42, 1010, 5, 'Good course loved it a lot', 1, '2024-06-23 06:42:59', '2024-06-23 06:42:59'),
(44, 43, 1010, 5, 'Good course loved it a lot', 1, '2024-06-23 06:42:59', '2024-06-23 06:42:59'),
(45, 44, 1010, 5, 'Good course loved it a lot', 1, '2024-06-23 06:42:59', '2024-06-23 06:42:59'),
(46, 45, 1010, 5, 'Good course loved it a lot', 1, '2024-06-23 06:42:59', '2024-06-23 06:42:59'),
(47, 46, 1010, 5, 'Good course loved it a lot', 1, '2024-06-23 06:42:59', '2024-06-23 06:42:59'),
(48, 47, 1010, 5, 'Good course loved it a lot', 1, '2024-06-23 06:42:59', '2024-06-23 06:42:59'),
(49, 48, 1010, 5, 'Good course loved it a lot', 1, '2024-06-23 06:42:59', '2024-06-23 06:42:59'),
(50, 49, 1010, 5, 'Good course loved it a lot', 1, '2024-06-23 06:42:59', '2024-06-23 06:42:59'),
(51, 50, 1010, 5, 'Good course loved it a lot', 1, '2024-06-23 06:42:59', '2024-06-23 06:42:59'),
(52, 51, 1010, 5, 'Good course loved it a lot', 1, '2024-06-23 06:42:59', '2024-06-23 06:42:59'),
(53, 52, 1010, 5, 'Good course loved it a lot', 1, '2024-06-23 06:42:59', '2024-06-23 06:42:59'),
(54, 53, 1010, 5, 'Good course loved it a lot', 1, '2024-06-23 06:42:59', '2024-06-23 06:42:59'),
(55, 54, 1010, 5, 'Good course loved it a lot', 1, '2024-06-23 06:42:59', '2024-06-23 06:42:59'),
(56, 55, 1010, 5, 'Good course loved it a lot', 1, '2024-06-23 06:42:59', '2024-06-23 06:42:59'),
(57, 56, 1010, 5, 'Good course loved it a lot', 1, '2024-06-23 06:42:59', '2024-06-23 06:42:59'),
(58, 57, 1010, 5, 'Good course loved it a lot', 1, '2024-06-23 06:42:59', '2024-06-23 06:42:59'),
(59, 58, 1010, 5, 'Good course loved it a lot', 1, '2024-06-23 06:42:59', '2024-06-23 06:42:59'),
(60, 59, 1010, 5, 'Good course loved it a lot', 1, '2024-06-23 06:42:59', '2024-06-23 06:42:59'),
(61, 60, 1010, 5, 'Good course loved it a lot', 1, '2024-06-23 06:42:59', '2024-06-23 06:42:59'),
(62, 61, 1010, 5, 'Good course loved it a lot', 1, '2024-06-23 06:42:59', '2024-06-23 06:42:59'),
(63, 62, 1010, 5, 'Good course loved it a lot', 1, '2024-06-23 06:42:59', '2024-06-23 06:42:59'),
(64, 63, 1010, 5, 'Good course loved it a lot', 1, '2024-06-23 06:42:59', '2024-06-23 06:42:59'),
(65, 64, 1010, 5, 'Good course loved it a lot', 1, '2024-06-23 06:42:59', '2024-06-23 06:42:59'),
(66, 65, 1010, 5, 'Good course loved it a lot', 1, '2024-06-23 06:42:59', '2024-06-23 06:42:59'),
(67, 66, 1010, 5, 'Good course loved it a lot', 1, '2024-06-23 06:42:59', '2024-06-23 06:42:59'),
(68, 67, 1010, 5, 'Good course loved it a lot', 1, '2024-06-23 06:42:59', '2024-06-23 06:42:59'),
(69, 68, 1010, 5, 'Good course loved it a lot', 1, '2024-06-23 06:42:59', '2024-06-23 06:42:59'),
(70, 69, 1010, 5, 'Good course loved it a lot', 1, '2024-06-23 06:42:59', '2024-06-23 06:42:59'),
(71, 70, 1010, 5, 'Good course loved it a lot', 1, '2024-06-23 06:42:59', '2024-06-23 06:42:59');

-- --------------------------------------------------------

--
-- Table structure for table `course_selected_filter_options`
--

CREATE TABLE IF NOT EXISTS `course_selected_filter_options` (
  `id` bigint UNSIGNED NOT NULL AUTO_INCREMENT,
  `course_id` bigint UNSIGNED NOT NULL,
  `filter_id` bigint UNSIGNED NOT NULL,
  `filter_option_id` bigint UNSIGNED NOT NULL,
  `created_at` timestamp NULL DEFAULT NULL,
  `updated_at` timestamp NULL DEFAULT NULL,
  PRIMARY KEY (`id`)
) ENGINE=InnoDB DEFAULT CHARSET=utf8mb4 COLLATE=utf8mb4_general_ci;

-- --------------------------------------------------------

--
-- Table structure for table `course_selected_languages`
--

CREATE TABLE IF NOT EXISTS `course_selected_languages` (
  `id` bigint UNSIGNED NOT NULL AUTO_INCREMENT,
  `course_id` bigint UNSIGNED NOT NULL,
  `language_id` bigint UNSIGNED NOT NULL,
  `created_at` timestamp NULL DEFAULT NULL,
  `updated_at` timestamp NULL DEFAULT NULL,
  PRIMARY KEY (`id`)
) ENGINE=InnoDB AUTO_INCREMENT=71 DEFAULT CHARSET=utf8mb4 COLLATE=utf8mb4_general_ci;

--
-- Dumping data for table `course_selected_languages`
--

INSERT INTO `course_selected_languages` (`id`, `course_id`, `language_id`, `created_at`, `updated_at`) VALUES
(1, 1, 2, '2024-07-03 21:40:44', '2024-07-03 21:40:44'),
(2, 2, 3, '2024-07-03 21:40:44', '2024-07-03 21:40:44'),
(3, 3, 2, '2024-07-03 21:40:44', '2024-07-03 21:40:44'),
(4, 4, 4, '2024-07-03 21:40:45', '2024-07-03 21:40:45'),
(5, 5, 4, '2024-07-03 21:40:45', '2024-07-03 21:40:45'),
(6, 6, 1, '2024-07-03 21:40:45', '2024-07-03 21:40:45'),
(7, 7, 4, '2024-07-03 21:40:46', '2024-07-03 21:40:46'),
(8, 8, 3, '2024-07-03 21:40:46', '2024-07-03 21:40:46'),
(9, 9, 5, '2024-07-03 21:40:46', '2024-07-03 21:40:46'),
(10, 10, 3, '2024-07-03 21:40:46', '2024-07-03 21:40:46'),
(11, 11, 5, '2024-07-03 21:40:47', '2024-07-03 21:40:47'),
(12, 12, 4, '2024-07-03 21:40:47', '2024-07-03 21:40:47'),
(13, 13, 1, '2024-07-03 21:40:47', '2024-07-03 21:40:47'),
(14, 14, 2, '2024-07-03 21:40:48', '2024-07-03 21:40:48'),
(15, 15, 1, '2024-07-03 21:40:48', '2024-07-03 21:40:48'),
(16, 16, 1, '2024-07-03 21:40:48', '2024-07-03 21:40:48'),
(17, 17, 3, '2024-07-03 21:40:48', '2024-07-03 21:40:48'),
(18, 18, 2, '2024-07-03 21:40:49', '2024-07-03 21:40:49'),
(19, 19, 2, '2024-07-03 21:40:49', '2024-07-03 21:40:49'),
(20, 20, 3, '2024-07-03 21:40:49', '2024-07-03 21:40:49'),
(21, 21, 2, '2024-07-03 21:40:50', '2024-07-03 21:40:50'),
(22, 22, 5, '2024-07-03 21:40:50', '2024-07-03 21:40:50'),
(23, 23, 5, '2024-07-03 21:40:50', '2024-07-03 21:40:50'),
(24, 24, 1, '2024-07-03 21:40:50', '2024-07-03 21:40:50'),
(25, 25, 3, '2024-07-03 21:40:51', '2024-07-03 21:40:51'),
(26, 26, 3, '2024-07-03 21:40:51', '2024-07-03 21:40:51'),
(27, 27, 1, '2024-07-03 21:40:51', '2024-07-03 21:40:51'),
(28, 28, 5, '2024-07-03 21:40:52', '2024-07-03 21:40:52'),
(29, 29, 4, '2024-07-03 21:40:52', '2024-07-03 21:40:52'),
(30, 30, 1, '2024-07-03 21:40:52', '2024-07-03 21:40:52'),
(31, 31, 4, '2024-07-03 21:40:52', '2024-07-03 21:40:52'),
(32, 32, 3, '2024-07-03 21:40:53', '2024-07-03 21:40:53'),
(33, 33, 3, '2024-07-03 21:40:53', '2024-07-03 21:40:53'),
(34, 34, 2, '2024-07-03 21:40:53', '2024-07-03 21:40:53'),
(35, 35, 3, '2024-07-03 21:40:54', '2024-07-03 21:40:54'),
(36, 36, 3, '2024-07-03 21:40:54', '2024-07-03 21:40:54'),
(37, 37, 1, '2024-07-03 21:40:54', '2024-07-03 21:40:54'),
(38, 38, 4, '2024-07-03 21:40:55', '2024-07-03 21:40:55'),
(39, 39, 3, '2024-07-03 21:40:55', '2024-07-03 21:40:55'),
(40, 40, 5, '2024-07-03 21:40:55', '2024-07-03 21:40:55'),
(41, 41, 3, '2024-07-03 21:40:55', '2024-07-03 21:40:55'),
(42, 42, 4, '2024-07-03 21:40:56', '2024-07-03 21:40:56'),
(43, 43, 5, '2024-07-03 21:40:56', '2024-07-03 21:40:56'),
(44, 44, 1, '2024-07-03 21:40:56', '2024-07-03 21:40:56'),
(45, 45, 5, '2024-07-03 21:40:56', '2024-07-03 21:40:56'),
(46, 46, 1, '2024-07-03 21:40:57', '2024-07-03 21:40:57'),
(47, 47, 4, '2024-07-03 21:40:57', '2024-07-03 21:40:57'),
(48, 48, 4, '2024-07-03 21:40:57', '2024-07-03 21:40:57'),
(49, 49, 3, '2024-07-03 21:40:58', '2024-07-03 21:40:58'),
(50, 50, 5, '2024-07-03 21:40:58', '2024-07-03 21:40:58'),
(51, 51, 1, '2024-07-03 21:40:58', '2024-07-03 21:40:58'),
(52, 52, 2, '2024-07-03 21:40:58', '2024-07-03 21:40:58'),
(53, 53, 3, '2024-07-03 21:40:59', '2024-07-03 21:40:59'),
(54, 54, 4, '2024-07-03 21:40:59', '2024-07-03 21:40:59'),
(55, 55, 3, '2024-07-03 21:40:59', '2024-07-03 21:40:59'),
(56, 56, 3, '2024-07-03 21:41:00', '2024-07-03 21:41:00'),
(57, 57, 4, '2024-07-03 21:41:00', '2024-07-03 21:41:00'),
(58, 58, 1, '2024-07-03 21:41:00', '2024-07-03 21:41:00'),
(59, 59, 4, '2024-07-03 21:41:00', '2024-07-03 21:41:00'),
(60, 60, 3, '2024-07-03 21:41:01', '2024-07-03 21:41:01'),
(61, 61, 2, '2024-07-03 21:41:01', '2024-07-03 21:41:01'),
(62, 62, 4, '2024-07-03 21:41:01', '2024-07-03 21:41:01'),
(63, 63, 2, '2024-07-03 21:41:02', '2024-07-03 21:41:02'),
(64, 64, 4, '2024-07-03 21:41:02', '2024-07-03 21:41:02'),
(65, 65, 2, '2024-07-03 21:41:02', '2024-07-03 21:41:02'),
(66, 66, 5, '2024-07-03 21:41:02', '2024-07-03 21:41:02'),
(67, 67, 4, '2024-07-03 21:41:03', '2024-07-03 21:41:03'),
(68, 68, 4, '2024-07-03 21:41:03', '2024-07-03 21:41:03'),
(69, 69, 2, '2024-07-03 21:41:03', '2024-07-03 21:41:03'),
(70, 70, 3, '2024-07-03 21:41:04', '2024-07-03 21:41:04');

-- --------------------------------------------------------

--
-- Table structure for table `course_selected_levels`
--

CREATE TABLE IF NOT EXISTS `course_selected_levels` (
  `id` bigint UNSIGNED NOT NULL AUTO_INCREMENT,
  `course_id` bigint UNSIGNED NOT NULL,
  `level_id` bigint UNSIGNED NOT NULL,
  `created_at` timestamp NULL DEFAULT NULL,
  `updated_at` timestamp NULL DEFAULT NULL,
  PRIMARY KEY (`id`)
) ENGINE=InnoDB AUTO_INCREMENT=71 DEFAULT CHARSET=utf8mb4 COLLATE=utf8mb4_general_ci;

--
-- Dumping data for table `course_selected_levels`
--

INSERT INTO `course_selected_levels` (`id`, `course_id`, `level_id`, `created_at`, `updated_at`) VALUES
(1, 1, 3, '2024-07-03 21:40:44', '2024-07-03 21:40:44'),
(2, 2, 1, '2024-07-03 21:40:44', '2024-07-03 21:40:44'),
(3, 3, 2, '2024-07-03 21:40:44', '2024-07-03 21:40:44'),
(4, 4, 2, '2024-07-03 21:40:45', '2024-07-03 21:40:45'),
(5, 5, 3, '2024-07-03 21:40:45', '2024-07-03 21:40:45'),
(6, 6, 1, '2024-07-03 21:40:45', '2024-07-03 21:40:45'),
(7, 7, 1, '2024-07-03 21:40:46', '2024-07-03 21:40:46'),
(8, 8, 2, '2024-07-03 21:40:46', '2024-07-03 21:40:46'),
(9, 9, 1, '2024-07-03 21:40:46', '2024-07-03 21:40:46'),
(10, 10, 1, '2024-07-03 21:40:46', '2024-07-03 21:40:46'),
(11, 11, 1, '2024-07-03 21:40:47', '2024-07-03 21:40:47'),
(12, 12, 2, '2024-07-03 21:40:47', '2024-07-03 21:40:47'),
(13, 13, 3, '2024-07-03 21:40:47', '2024-07-03 21:40:47'),
(14, 14, 2, '2024-07-03 21:40:48', '2024-07-03 21:40:48'),
(15, 15, 2, '2024-07-03 21:40:48', '2024-07-03 21:40:48'),
(16, 16, 2, '2024-07-03 21:40:48', '2024-07-03 21:40:48'),
(17, 17, 1, '2024-07-03 21:40:48', '2024-07-03 21:40:48'),
(18, 18, 3, '2024-07-03 21:40:49', '2024-07-03 21:40:49'),
(19, 19, 2, '2024-07-03 21:40:49', '2024-07-03 21:40:49'),
(20, 20, 3, '2024-07-03 21:40:49', '2024-07-03 21:40:49'),
(21, 21, 3, '2024-07-03 21:40:50', '2024-07-03 21:40:50'),
(22, 22, 2, '2024-07-03 21:40:50', '2024-07-03 21:40:50'),
(23, 23, 1, '2024-07-03 21:40:50', '2024-07-03 21:40:50'),
(24, 24, 1, '2024-07-03 21:40:50', '2024-07-03 21:40:50'),
(25, 25, 2, '2024-07-03 21:40:51', '2024-07-03 21:40:51'),
(26, 26, 1, '2024-07-03 21:40:51', '2024-07-03 21:40:51'),
(27, 27, 1, '2024-07-03 21:40:51', '2024-07-03 21:40:51'),
(28, 28, 1, '2024-07-03 21:40:52', '2024-07-03 21:40:52'),
(29, 29, 1, '2024-07-03 21:40:52', '2024-07-03 21:40:52'),
(30, 30, 3, '2024-07-03 21:40:52', '2024-07-03 21:40:52'),
(31, 31, 2, '2024-07-03 21:40:52', '2024-07-03 21:40:52'),
(32, 32, 2, '2024-07-03 21:40:53', '2024-07-03 21:40:53'),
(33, 33, 1, '2024-07-03 21:40:53', '2024-07-03 21:40:53'),
(34, 34, 1, '2024-07-03 21:40:53', '2024-07-03 21:40:53'),
(35, 35, 1, '2024-07-03 21:40:54', '2024-07-03 21:40:54'),
(36, 36, 3, '2024-07-03 21:40:54', '2024-07-03 21:40:54'),
(37, 37, 2, '2024-07-03 21:40:54', '2024-07-03 21:40:54'),
(38, 38, 1, '2024-07-03 21:40:55', '2024-07-03 21:40:55'),
(39, 39, 2, '2024-07-03 21:40:55', '2024-07-03 21:40:55'),
(40, 40, 3, '2024-07-03 21:40:55', '2024-07-03 21:40:55'),
(41, 41, 2, '2024-07-03 21:40:55', '2024-07-03 21:40:55'),
(42, 42, 2, '2024-07-03 21:40:56', '2024-07-03 21:40:56'),
(43, 43, 3, '2024-07-03 21:40:56', '2024-07-03 21:40:56'),
(44, 44, 1, '2024-07-03 21:40:56', '2024-07-03 21:40:56'),
(45, 45, 2, '2024-07-03 21:40:56', '2024-07-03 21:40:56'),
(46, 46, 1, '2024-07-03 21:40:57', '2024-07-03 21:40:57'),
(47, 47, 1, '2024-07-03 21:40:57', '2024-07-03 21:40:57'),
(48, 48, 1, '2024-07-03 21:40:57', '2024-07-03 21:40:57'),
(49, 49, 1, '2024-07-03 21:40:58', '2024-07-03 21:40:58'),
(50, 50, 2, '2024-07-03 21:40:58', '2024-07-03 21:40:58'),
(51, 51, 2, '2024-07-03 21:40:58', '2024-07-03 21:40:58'),
(52, 52, 3, '2024-07-03 21:40:58', '2024-07-03 21:40:58'),
(53, 53, 3, '2024-07-03 21:40:59', '2024-07-03 21:40:59'),
(54, 54, 3, '2024-07-03 21:40:59', '2024-07-03 21:40:59'),
(55, 55, 3, '2024-07-03 21:40:59', '2024-07-03 21:40:59'),
(56, 56, 1, '2024-07-03 21:41:00', '2024-07-03 21:41:00'),
(57, 57, 2, '2024-07-03 21:41:00', '2024-07-03 21:41:00'),
(58, 58, 3, '2024-07-03 21:41:00', '2024-07-03 21:41:00'),
(59, 59, 1, '2024-07-03 21:41:00', '2024-07-03 21:41:00'),
(60, 60, 2, '2024-07-03 21:41:01', '2024-07-03 21:41:01'),
(61, 61, 2, '2024-07-03 21:41:01', '2024-07-03 21:41:01'),
(62, 62, 2, '2024-07-03 21:41:01', '2024-07-03 21:41:01'),
(63, 63, 1, '2024-07-03 21:41:02', '2024-07-03 21:41:02'),
(64, 64, 1, '2024-07-03 21:41:02', '2024-07-03 21:41:02'),
(65, 65, 3, '2024-07-03 21:41:02', '2024-07-03 21:41:02'),
(66, 66, 3, '2024-07-03 21:41:02', '2024-07-03 21:41:02'),
(67, 67, 2, '2024-07-03 21:41:03', '2024-07-03 21:41:03'),
(68, 68, 2, '2024-07-03 21:41:03', '2024-07-03 21:41:03'),
(69, 69, 2, '2024-07-03 21:41:03', '2024-07-03 21:41:03'),
(70, 70, 2, '2024-07-03 21:41:04', '2024-07-03 21:41:04');

-- --------------------------------------------------------

--
-- Table structure for table `custom_addons`
--

CREATE TABLE IF NOT EXISTS `custom_addons` (
  `id` bigint UNSIGNED NOT NULL AUTO_INCREMENT,
  `name` varchar(255) CHARACTER SET utf8mb4 COLLATE utf8mb4_general_ci NOT NULL,
  `slug` varchar(255) CHARACTER SET utf8mb4 COLLATE utf8mb4_general_ci NOT NULL,
  `is_default` tinyint(1) NOT NULL DEFAULT '0',
  `isPaid` tinyint(1) NOT NULL DEFAULT '1',
  `description` text CHARACTER SET utf8mb4 COLLATE utf8mb4_general_ci,
  `author` json DEFAULT NULL,
  `options` json DEFAULT NULL,
  `icon` varchar(255) CHARACTER SET utf8mb4 COLLATE utf8mb4_general_ci DEFAULT NULL,
  `license` varchar(255) CHARACTER SET utf8mb4 COLLATE utf8mb4_general_ci DEFAULT NULL,
  `url` varchar(255) CHARACTER SET utf8mb4 COLLATE utf8mb4_general_ci DEFAULT NULL,
  `version` varchar(255) CHARACTER SET utf8mb4 COLLATE utf8mb4_general_ci DEFAULT NULL,
  `last_update` date DEFAULT NULL,
  `status` tinyint(1) NOT NULL DEFAULT '0',
  `created_at` timestamp NULL DEFAULT NULL,
  `updated_at` timestamp NULL DEFAULT NULL,
  PRIMARY KEY (`id`),
  KEY `custom_addons_name_index` (`name`),
  KEY `idx_custom_addons_status` (`status`)
) ENGINE=InnoDB AUTO_INCREMENT=4 DEFAULT CHARSET=utf8mb4 COLLATE=utf8mb4_general_ci;

-- --------------------------------------------------------

--
-- Table structure for table `custom_codes`
--

CREATE TABLE IF NOT EXISTS `custom_codes` (
  `id` bigint UNSIGNED NOT NULL AUTO_INCREMENT,
  `css` text CHARACTER SET utf8mb4 COLLATE utf8mb4_general_ci,
  `javascript` text CHARACTER SET utf8mb4 COLLATE utf8mb4_general_ci,
  `header_javascript` text CHARACTER SET utf8mb4 COLLATE utf8mb4_general_ci,
  `created_at` timestamp NULL DEFAULT NULL,
  `updated_at` timestamp NULL DEFAULT NULL,
  PRIMARY KEY (`id`)
) ENGINE=InnoDB DEFAULT CHARSET=utf8mb4 COLLATE=utf8mb4_general_ci;

-- --------------------------------------------------------

--
-- Table structure for table `custom_pages`
--

CREATE TABLE IF NOT EXISTS `custom_pages` (
  `id` bigint UNSIGNED NOT NULL AUTO_INCREMENT,
  `slug` varchar(255) CHARACTER SET utf8mb4 COLLATE utf8mb4_general_ci NOT NULL,
  `status` tinyint(1) NOT NULL,
  `created_at` timestamp NULL DEFAULT NULL,
  `updated_at` timestamp NULL DEFAULT NULL,
  PRIMARY KEY (`id`)
) ENGINE=InnoDB AUTO_INCREMENT=3 DEFAULT CHARSET=utf8mb4 COLLATE=utf8mb4_general_ci;

--
-- Dumping data for table `custom_pages`
--

INSERT INTO `custom_pages` (`id`, `slug`, `status`, `created_at`, `updated_at`) VALUES
(1, 'privacy-policy', 1, '2024-06-05 01:15:39', '2024-06-05 01:15:39'),
(2, 'terms-and-conditions', 1, '2024-06-05 01:33:02', '2024-06-05 01:33:02');

-- --------------------------------------------------------

--
-- Table structure for table `custom_page_translations`
--

CREATE TABLE IF NOT EXISTS `custom_page_translations` (
  `id` bigint UNSIGNED NOT NULL AUTO_INCREMENT,
  `custom_page_id` bigint UNSIGNED NOT NULL,
  `lang_code` varchar(255) CHARACTER SET utf8mb4 COLLATE utf8mb4_general_ci NOT NULL,
  `name` varchar(255) CHARACTER SET utf8mb4 COLLATE utf8mb4_general_ci DEFAULT NULL,
  `content` text CHARACTER SET utf8mb4 COLLATE utf8mb4_general_ci,
  `created_at` timestamp NULL DEFAULT NULL,
  `updated_at` timestamp NULL DEFAULT NULL,
  PRIMARY KEY (`id`)
) ENGINE=InnoDB AUTO_INCREMENT=7 DEFAULT CHARSET=utf8mb4 COLLATE=utf8mb4_general_ci;

--
-- Dumping data for table `custom_page_translations`
--

INSERT INTO `custom_page_translations` (`id`, `custom_page_id`, `lang_code`, `name`, `content`, `created_at`, `updated_at`) VALUES
(1, 1, 'en', 'privacy policy', '<p>Welcome to SkillGro! We value your privacy and are committed to protecting your personal information. This Privacy Policy outlines how we collect, use, and safeguard your data when you visit our website.</p>\r\n<p><strong>Information We Collect</strong></p>\r\n<ol>\r\n<li>\r\n<p><strong>Personal Information</strong>: When you register on our site, subscribe to our newsletter, or fill out a form, we may collect personal information such as your name, email address, phone number, and any other details you provide.</p>\r\n</li>\r\n<li>\r\n<p><strong>Non-Personal Information</strong>: We may collect non-personal information about visitors whenever they interact with our site. This may include the browser name, the type of computer, and technical information about users\' means of connection to our site, such as the operating system and the Internet service providers utilized and other similar information.</p>\r\n</li>\r\n<li>\r\n<p><strong>Cookies and Tracking Technologies</strong>: Our site may use \"cookies\" to enhance user experience. Users\' web browsers place cookies on their hard drive for record-keeping purposes and sometimes to track information about them. Users may choose to set their web browser to refuse cookies or to alert them when cookies are being sent. If they do so, note that some parts of the site may not function properly.</p>\r\n</li>\r\n</ol>\r\n<p><strong>How We Use Collected Information</strong></p>\r\n<p>SkillGro may collect and use users\' personal information for the following purposes:</p>\r\n<ol>\r\n<li>\r\n<p><strong>To Improve Customer Service</strong>: Information you provide helps us respond to your customer service requests and support needs more efficiently.</p>\r\n</li>\r\n<li>\r\n<p><strong>To Personalize User Experience</strong>: We may use information in the aggregate to understand how our users as a group use the services and resources provided on our site.</p>\r\n</li>\r\n<li>\r\n<p><strong>To Improve Our Site</strong>: We may use feedback you provide to improve our products and services.</p>\r\n</li>\r\n<li>\r\n<p><strong>To Process Payments</strong>: We may use the information users provide about themselves when placing an order only to provide service to that order. We do not share this information with outside parties except to the extent necessary to provide the service.</p>\r\n</li>\r\n<li>\r\n<p><strong>To Send Periodic Emails</strong>: We may use the email address to send user information and updates pertaining to their order. It may also be used to respond to their inquiries, questions, and/or other requests.</p>\r\n</li>\r\n</ol>\r\n<p><strong>How We Protect Your Information</strong></p>\r\n<p>We adopt appropriate data collection, storage, and processing practices and security measures to protect against unauthorized access, alteration, disclosure, or destruction of your personal information, username, password, transaction information, and data stored on our site.</p>', '2024-06-05 01:15:39', '2024-06-07 13:30:28'),
(2, 1, 'hi', 'गोपनीयता नीति', '<p>SkillGro में आपका स्वागत है! हम आपकी गोपनीयता को महत्व देते हैं और आपकी व्यक्तिगत जानकारी की सुरक्षा के लिए प्रतिबद्ध हैं। यह गोपनीयता नीति बताती है कि जब आप हमारी वेबसाइट पर जाते हैं तो हम आपके डेटा को कैसे एकत्रित करते हैं, उसका उपयोग करते हैं और उसकी सुरक्षा करते हैं।</p>\r\n<p><strong>हम जो जानकारी एकत्रित करते हैं</strong></p>\r\n<p>व्यक्तिगत जानकारी: जब आप हमारी साइट पर रजिस्टर करते हैं, हमारे न्यूज़लेटर की सदस्यता लेते हैं, या कोई फ़ॉर्म भरते हैं, तो हम आपका नाम, ईमेल पता, फ़ोन नंबर और आपके द्वारा प्रदान की गई कोई अन्य जानकारी जैसी व्यक्तिगत जानकारी एकत्रित कर सकते हैं।</p>\r\n<p>गैर-व्यक्तिगत जानकारी: जब भी आगंतुक हमारी साइट से इंटरैक्ट करते हैं, तो हम उनके बारे में गैर-व्यक्तिगत जानकारी एकत्रित कर सकते हैं। इसमें ब्राउज़र का नाम, कंप्यूटर का प्रकार और हमारी साइट से जुड़ने के उपयोगकर्ताओं के साधनों के बारे में तकनीकी जानकारी, जैसे कि ऑपरेटिंग सिस्टम और उपयोग किए जाने वाले इंटरनेट सेवा प्रदाता और अन्य समान जानकारी शामिल हो सकती है।</p>\r\n<p>कुकीज़ और ट्रैकिंग तकनीकें: हमारी साइट उपयोगकर्ता अनुभव को बेहतर बनाने के लिए \"कुकीज़\" का उपयोग कर सकती है। उपयोगकर्ताओं के वेब ब्राउज़र रिकॉर्ड रखने के उद्देश्य से और कभी-कभी उनके बारे में जानकारी ट्रैक करने के लिए उनकी हार्ड ड्राइव पर कुकीज़ रखते हैं। उपयोगकर्ता अपने वेब ब्राउज़र को कुकीज़ को अस्वीकार करने या कुकीज़ भेजे जाने पर उन्हें सचेत करने के लिए सेट करना चुन सकते हैं। यदि वे ऐसा करते हैं, तो ध्यान दें कि साइट के कुछ हिस्से ठीक से काम नहीं कर सकते हैं।</p>\r\n<p><strong>हम एकत्रित जानकारी का उपयोग कैसे करते हैं</strong></p>\r\n<p>SkillGro निम्नलिखित उद्देश्यों के लिए उपयोगकर्ताओं की व्यक्तिगत जानकारी एकत्रित और उपयोग कर सकता है:</p>\r\n<p>ग्राहक सेवा में सुधार करने के लिए: आपके द्वारा प्रदान की गई जानकारी हमें आपके ग्राहक सेवा अनुरोधों और सहायता आवश्यकताओं का अधिक कुशलता से जवाब देने में मदद करती है।</p>\r\n<p>उपयोगकर्ता अनुभव को वैयक्तिकृत करने के लिए: हम यह समझने के लिए समग्र रूप से जानकारी का उपयोग कर सकते हैं कि हमारे उपयोगकर्ता एक समूह के रूप में हमारी साइट पर प्रदान की गई सेवाओं और संसाधनों का उपयोग कैसे करते हैं।</p>\r\n<p>हमारी साइट को बेहतर बनाने के लिए: हम अपने उत्पादों और सेवाओं को बेहतर बनाने के लिए आपके द्वारा प्रदान की गई प्रतिक्रिया का उपयोग कर सकते हैं।</p>\r\n<p>भुगतान संसाधित करने के लिए: हम ऑर्डर देते समय उपयोगकर्ताओं द्वारा अपने बारे में दी गई जानकारी का उपयोग केवल उस ऑर्डर को सेवा प्रदान करने के लिए कर सकते हैं। हम इस जानकारी को बाहरी पक्षों के साथ साझा नहीं करते हैं, सिवाय इसके कि सेवा प्रदान करने के लिए आवश्यक हो।</p>\r\n<p>आवधिक ईमेल भेजने के लिए: हम उपयोगकर्ता की जानकारी और उनके ऑर्डर से संबंधित अपडेट भेजने के लिए ईमेल पते का उपयोग कर सकते हैं। इसका उपयोग उनकी पूछताछ, प्रश्नों और/या अन्य अनुरोधों का जवाब देने के लिए भी किया जा सकता है।</p>\r\n<p><strong>हम आपकी जानकारी की सुरक्षा कैसे करते हैं</strong></p>\r\n<p>हम आपकी व्यक्तिगत जानकारी, उपयोगकर्ता नाम, पासवर्ड, लेन-देन की जानकारी और हमारी साइट पर संग्रहीत डेटा की अनधिकृत पहुँच, परिवर्तन, प्रकटीकरण या विनाश से सुरक्षा के लिए उचित डेटा संग्रह, भंडारण और प्रसंस्करण प्रथाओं और सुरक्षा उपायों को अपनाते हैं।</p>', '2024-06-05 01:15:39', '2024-06-05 01:30:05'),
(3, 1, 'ar', 'سياسة الخصوصية', '<p>مرحبًا بك في SkillGro! نحن نقدر خصوصيتك ونلتزم بحماية معلوماتك الشخصية. توضح سياسة الخصوصية هذه كيفية جمع بياناتك واستخدامها وحمايتها عند زيارتك لموقعنا الإلكتروني.</p>\r\n<p>المعلومات التي نجمعها</p>\r\n<p>المعلومات الشخصية: عندما تقوم بالتسجيل على موقعنا، أو الاشتراك في نشرتنا الإخبارية، أو ملء نموذج، قد نقوم بجمع معلومات شخصية مثل اسمك وعنوان بريدك الإلكتروني ورقم هاتفك وأي تفاصيل أخرى تقدمها.</p>\r\n<p>المعلومات غير الشخصية: قد نقوم بجمع معلومات غير شخصية عن الزوار عندما يتفاعلون مع موقعنا. وقد يشمل ذلك اسم المتصفح، ونوع الكمبيوتر، والمعلومات الفنية حول وسائل اتصال المستخدمين بموقعنا، مثل نظام التشغيل ومقدمي خدمات الإنترنت المستخدمة وغيرها من المعلومات المشابهة.</p>\r\n<p>ملفات تعريف الارتباط وتقنيات التتبع: قد يستخدم موقعنا \"ملفات تعريف الارتباط\" لتحسين تجربة المستخدم. تقوم متصفحات الويب الخاصة بالمستخدمين بوضع ملفات تعريف الارتباط على محرك الأقراص الثابتة الخاص بهم لأغراض حفظ السجلات وفي بعض الأحيان لتتبع المعلومات الخاصة بهم. يمكن للمستخدمين اختيار ضبط متصفح الويب الخاص بهم لرفض ملفات تعريف الارتباط أو لتنبيههم عند إرسال ملفات تعريف الارتباط. إذا فعلوا ذلك، لاحظ أن بعض أجزاء الموقع قد لا تعمل بشكل صحيح.</p>\r\n<p>كيف نستخدم المعلومات التي تم جمعها</p>\r\n<p>يجوز لـ SkillGro جمع واستخدام المعلومات الشخصية للمستخدمين للأغراض التالية:</p>\r\n<p>لتحسين خدمة العملاء: تساعدنا المعلومات التي تقدمها على الاستجابة لطلبات خدمة العملاء واحتياجات الدعم الخاصة بك بشكل أكثر كفاءة.</p>\r\n<p>لتخصيص تجربة المستخدم: قد نستخدم المعلومات بشكل إجمالي لفهم كيفية استخدام مستخدمينا كمجموعة للخدمات والموارد المقدمة على موقعنا.</p>\r\n<p>لتحسين موقعنا: قد نستخدم التعليقات التي تقدمها لتحسين منتجاتنا وخدماتنا.</p>\r\n<p>لمعالجة المدفوعات: يجوز لنا استخدام المعلومات التي يقدمها المستخدمون عن أنفسهم عند تقديم الطلب فقط لتقديم الخدمة لهذا الطلب. نحن لا نشارك هذه المعلومات مع أطراف خارجية إلا بالقدر اللازم لتقديم الخدمة.</p>\r\n<p>لإرسال رسائل بريد إلكتروني دورية: قد نستخدم عنوان البريد الإلكتروني لإرسال معلومات المستخدم والتحديثات المتعلقة بطلبه. ويمكن استخدامه أيضًا للرد على استفساراتهم و/أو أسئلتهم و/أو طلباتهم الأخرى.</p>\r\n<p>كيف نحمي معلوماتك</p>\r\n<p>نحن نعتمد ممارسات مناسبة لجمع البيانات وتخزينها ومعالجتها وتدابير أمنية للحماية من الوصول غير المصرح به أو التغيير أو الكشف أو إتلاف معلوماتك الشخصية واسم المستخدم وكلمة المرور ومعلومات المعاملات والبيانات المخزنة على موقعنا.</p>', '2024-06-05 01:15:39', '2024-06-05 01:30:45'),
(4, 2, 'en', 'terms and conditions', '<p>Please read these Terms and Conditions</p>\r\n<p>Your access to and use of the Service is conditioned on your acceptance of and compliance with these Terms. These Terms apply to all visitors, users, and others who access or use the Service.</p>\r\n<p>By accessing or using the Service you agree to be bound by these Terms. If you disagree with any part of the terms then you may not access the Service.</p>\r\n<p><strong>Accounts</strong></p>\r\n<p>When you create an account with us, you must provide us information that is accurate, complete, and current at all times. Failure to do so constitutes a breach of the Terms, which may result in immediate termination of your account on our Service.</p>\r\n<p>You are responsible for safeguarding the password that you use to access the Service and for any activities or actions under your password, whether your password is with our Service or a third-party service.</p>\r\n<p>You agree not to disclose your password to any third party. You must notify us immediately upon becoming aware of any breach of security or unauthorized use of your account.</p>\r\n<p><strong>Links To Other Web Sites</strong></p>\r\n<p>Our Service may contain links to third-party web sites or services that are not owned or controlled by SkillGro.</p>\r\n<p>SkillGro has no control over, and assumes no responsibility for, the content, privacy policies, or practices of any third-party web sites or services. You further acknowledge and agree that SkillGro shall not be responsible or liable, directly or indirectly, for any damage or loss caused or alleged to be caused by or in connection with use of or reliance on any such content, goods, or services available on or through any such web sites or services.</p>\r\n<p>We strongly advise you to read the terms and conditions and privacy policies of any third-party web sites or services that you visit.</p>\r\n<p><strong>Termination</strong></p>\r\n<p>We may terminate or suspend access to our Service immediately, without prior notice or liability, for any reason whatsoever, including without limitation if you breach the Terms.</p>\r\n<p>All provisions of the Terms which by their nature should survive termination shall survive termination, including, without limitation, ownership provisions, warranty disclaimers, indemnity and limitations of liability.</p>\r\n<p>We may terminate or suspend your account immediately, without prior notice or liability, for any reason whatsoever, including without limitation if you breach the Terms.</p>\r\n<p>Upon termination, your right to use the Service will immediately cease. If you wish to terminate your account, you may simply discontinue using the Service.</p>', '2024-06-05 01:33:02', '2024-06-05 01:33:02'),
(5, 2, 'hi', 'नियम और शर्तें', '<p>कृपया इन नियमों और शर्तों को पढ़ें</p>\r\n<p>सेवा तक आपकी पहुँच और उसका उपयोग इन शर्तों को स्वीकार करने और उनका अनुपालन करने पर निर्भर करता है। ये शर्तें सभी आगंतुकों, उपयोगकर्ताओं और अन्य लोगों पर लागू होती हैं जो सेवा तक पहुँचते हैं या उसका उपयोग करते हैं।</p>\r\n<p>सेवा तक पहुँचने या उसका उपयोग करके आप इन शर्तों से बंधे होने के लिए सहमत होते हैं। यदि आप शर्तों के किसी भी भाग से असहमत हैं तो आप सेवा तक नहीं पहुँच सकते।</p>\r\n<p>खाते</p>\r\n<p>जब आप हमारे साथ खाता बनाते हैं, तो आपको हमें हर समय सटीक, पूर्ण और वर्तमान जानकारी प्रदान करनी चाहिए। ऐसा न करना शर्तों का उल्लंघन माना जाता है, जिसके परिणामस्वरूप हमारी सेवा पर आपके खाते को तुरंत समाप्त किया जा सकता है।</p>\r\n<p>आप सेवा तक पहुँचने के लिए उपयोग किए जाने वाले पासवर्ड की सुरक्षा और अपने पासवर्ड के तहत किसी भी गतिविधि या कार्रवाई के लिए जिम्मेदार हैं, चाहे आपका पासवर्ड हमारी सेवा या किसी तीसरे पक्ष की सेवा के साथ हो।</p>\r\n<p>आप किसी तीसरे पक्ष को अपना पासवर्ड न बताने के लिए सहमत हैं। सुरक्षा के किसी भी उल्लंघन या आपके खाते के अनधिकृत उपयोग के बारे में पता चलने पर आपको हमें तुरंत सूचित करना चाहिए।</p>\r\n<p>अन्य वेब साइट्स के लिंक</p>\r\n<p>हमारी सेवा में थर्ड-पार्टी वेब साइट्स या सेवाओं के लिंक हो सकते हैं, जो SkillGro के स्वामित्व या नियंत्रण में नहीं हैं।</p>\r\n<p>SkillGro का किसी भी थर्ड-पार्टी वेब साइट्स या सेवाओं की सामग्री, गोपनीयता नीतियों या प्रथाओं पर कोई नियंत्रण नहीं है और न ही वह इसके लिए कोई जिम्मेदारी लेता है। आप आगे स्वीकार करते हैं और सहमत हैं कि SkillGro किसी भी ऐसी वेब साइट्स या सेवाओं पर या उनके माध्यम से उपलब्ध किसी भी ऐसी सामग्री, सामान या सेवाओं के उपयोग या उन पर निर्भरता के कारण या उनके संबंध में होने वाली किसी भी क्षति या हानि के लिए प्रत्यक्ष या अप्रत्यक्ष रूप से जिम्मेदार या उत्तरदायी नहीं होगा।</p>\r\n<p>हम आपको दृढ़ता से सलाह देते हैं कि आप अपने द्वारा देखी जाने वाली किसी भी थर्ड-पार्टी वेब साइट्स या सेवाओं की नियम और शर्तें और गोपनीयता नीतियां पढ़ें।</p>\r\n<p>समाप्ति</p>\r\n<p>हम बिना किसी पूर्व सूचना या देयता के, किसी भी कारण से, बिना किसी सीमा के, अपनी सेवा तक पहुंच को तुरंत समाप्त या निलंबित कर सकते हैं, जिसमें बिना किसी सीमा के यदि आप शर्तों का उल्लंघन करते हैं।</p>\r\n<p>शर्तों के सभी प्रावधान जो अपनी प्रकृति के अनुसार समाप्ति के बाद भी बने रहने चाहिए, समाप्ति के बाद भी बने रहेंगे, जिसमें बिना किसी सीमा के, स्वामित्व प्रावधान, वारंटी अस्वीकरण, क्षतिपूर्ति और देयता की सीमाएं शामिल हैं।</p>\r\n<p>हम बिना किसी पूर्व सूचना या दायित्व के, किसी भी कारण से, बिना किसी सीमा के, आपके खाते को तुरंत समाप्त या निलंबित कर सकते हैं, जिसमें बिना किसी सीमा के यदि आप शर्तों का उल्लंघन करते हैं।</p>\r\n<p>समाप्ति पर, सेवा का उपयोग करने का आपका अधिकार तुरंत समाप्त हो जाएगा। यदि आप अपना खाता समाप्त करना चाहते हैं, तो आप बस सेवा का उपयोग करना बंद कर सकते हैं।</p>', '2024-06-05 01:33:02', '2024-06-05 01:33:27'),
(6, 2, 'ar', 'الأحكام والشروط', '<p>يرجى قراءة هذه الشروط والأحكام (\"الشروط\"، \"الشروط والأحكام\") بعناية قبل استخدام موقع SkillGro الإلكتروني (\"الخدمة\") الذي تديره SkillGro (\"نحن\" أو \"نحن\" أو \"خاصتنا\").</p>\r\n<p>إن وصولك إلى الخدمة واستخدامها مشروط بقبولك لهذه الشروط والامتثال لها. تنطبق هذه الشروط على جميع الزوار والمستخدمين وغيرهم ممن يصلون إلى الخدمة أو يستخدمونها.</p>\r\n<p>من خلال الوصول إلى الخدمة أو استخدامها، فإنك توافق على الالتزام بهذه الشروط. إذا كنت لا توافق على أي جزء من الشروط، فلا يجوز لك الوصول إلى الخدمة.</p>\r\n<p>حسابات</p>\r\n<p>عندما تقوم بإنشاء حساب معنا، يجب عليك تزويدنا بمعلومات دقيقة وكاملة وحديثة في جميع الأوقات. ويشكل عدم القيام بذلك انتهاكًا للشروط، مما قد يؤدي إلى الإنهاء الفوري لحسابك في خدمتنا.</p>\r\n<p>أنت مسؤول عن حماية كلمة المرور التي تستخدمها للوصول إلى الخدمة وعن أي أنشطة أو إجراءات بموجب كلمة المرور الخاصة بك، سواء كانت كلمة المرور الخاصة بك مع خدمتنا أو خدمة تابعة لجهة خارجية.</p>\r\n<p>أنت توافق على عدم الكشف عن كلمة المرور الخاصة بك لأي طرف ثالث. يجب عليك إخطارنا فور علمك بأي خرق أمني أو استخدام غير مصرح به لحسابك.</p>\r\n<p>روابط لمواقع ويب أخرى</p>\r\n<p>قد تحتوي خدمتنا على روابط لمواقع أو خدمات ويب تابعة لجهات خارجية لا تملكها SkillGro أو تسيطر عليها.</p>\r\n<p>ليس لدى SkillGro أي سيطرة ولا تتحمل أي مسؤولية عن المحتوى أو سياسات الخصوصية أو الممارسات الخاصة بأي مواقع ويب أو خدمات تابعة لجهات خارجية. أنت تقر وتوافق أيضًا على أن SkillGro لن تكون مسؤولة، بشكل مباشر أو غير مباشر، عن أي ضرر أو خسارة ناجمة أو يُزعم أنها ناجمة عن أو فيما يتعلق باستخدام أو الاعتماد على أي محتوى أو سلع أو خدمات متاحة على أو من خلال أي مواقع ويب أو خدمات من هذا القبيل.</p>\r\n<p>ننصحك بشدة بقراءة الشروط والأحكام وسياسات الخصوصية الخاصة بأي مواقع ويب أو خدمات تابعة لجهات خارجية تقوم بزيارتها.</p>\r\n<p>نهاية</p>\r\n<p>يجوز لنا إنهاء أو تعليق الوصول إلى خدمتنا على الفور، دون إشعار مسبق أو مسؤولية، لأي سبب من الأسباب، بما في ذلك على سبيل المثال لا الحصر، إذا قمت بخرق الشروط.</p>\r\n<p>جميع أحكام الشروط التي بطبيعتها يجب أن تظل سارية بعد الإنهاء، يجب أن تظل سارية بعد الإنهاء، بما في ذلك، على سبيل المثال لا الحصر، أحكام الملكية وإخلاء المسؤولية عن الضمان والتعويض وحدود المسؤولية.</p>\r\n<p>يجوز لنا إنهاء حسابك أو تعليقه على الفور، دون إشعار مسبق أو مسؤولية، لأي سبب كان، بما في ذلك على سبيل المثال لا الحصر، إذا قمت بخرق الشروط.</p>\r\n<p>عند الإنهاء، سيتوقف حقك في استخدام الخدمة على الفور. إذا كنت ترغب في إنهاء حسابك، فيمكنك ببساطة التوقف عن استخدام الخدمة.</p>', '2024-06-05 01:33:02', '2024-06-05 01:34:01');

-- --------------------------------------------------------

--
-- Table structure for table `custom_paginations`
--

CREATE TABLE IF NOT EXISTS `custom_paginations` (
  `id` bigint UNSIGNED NOT NULL AUTO_INCREMENT,
  `section_name` varchar(255) CHARACTER SET utf8mb4 COLLATE utf8mb4_general_ci NOT NULL,
  `item_qty` int NOT NULL DEFAULT '1',
  `created_at` timestamp NULL DEFAULT NULL,
  `updated_at` timestamp NULL DEFAULT NULL,
  PRIMARY KEY (`id`)
) ENGINE=InnoDB AUTO_INCREMENT=5 DEFAULT CHARSET=utf8mb4 COLLATE=utf8mb4_general_ci;

--
-- Dumping data for table `custom_paginations`
--

INSERT INTO `custom_paginations` (`id`, `section_name`, `item_qty`, `created_at`, `updated_at`) VALUES
(1, 'Blog List', 10, '2024-06-03 02:02:30', '2024-06-03 02:02:30'),
(2, 'Blog Comment', 10, '2024-06-03 02:02:30', '2024-06-03 02:02:30'),
(3, 'Media List', 10, '2024-06-03 02:02:30', '2024-06-03 02:02:30'),
(4, 'Language List', 50, '2024-06-03 02:02:30', '2024-06-03 02:02:30');

-- --------------------------------------------------------

--
-- Table structure for table `email_templates`
--

CREATE TABLE IF NOT EXISTS `email_templates` (
  `id` bigint UNSIGNED NOT NULL AUTO_INCREMENT,
  `name` varchar(255) CHARACTER SET utf8mb4 COLLATE utf8mb4_general_ci NOT NULL,
  `subject` varchar(255) CHARACTER SET utf8mb4 COLLATE utf8mb4_general_ci NOT NULL,
  `message` longtext CHARACTER SET utf8mb4 COLLATE utf8mb4_general_ci NOT NULL,
  `created_at` timestamp NULL DEFAULT NULL,
  `updated_at` timestamp NULL DEFAULT NULL,
  PRIMARY KEY (`id`)
) ENGINE=InnoDB AUTO_INCREMENT=20 DEFAULT CHARSET=utf8mb4 COLLATE=utf8mb4_general_ci;

--
-- Dumping data for table `email_templates`
--

INSERT INTO `email_templates` (`id`, `name`, `subject`, `message`, `created_at`, `updated_at`) VALUES
(1, 'password_reset', 'Password Reset', '<p>Dear {{user_name}},</p>\n                <p>Do you want to reset your password? Please Click the following link and Reset Your Password.</p>', '2024-06-03 02:02:30', '2024-06-03 02:02:30'),
(2, 'contact_mail', 'Contact Email', '<p>Hello there,</p>\n                <p>&nbsp;Mr. {{name}} has sent a new message. you can see the message details below.&nbsp;</p>\n                <p>Email: {{email}}</p>\n                <p>Phone: {{phone}}</p>\n                <p>Subject: {{subject}}</p>\n                <p>Message: {{message}}</p>', '2024-06-03 02:02:30', '2024-06-03 02:02:30'),
(3, 'subscribe_notification', 'Subscribe Notification', '<p>Hi there, Congratulations! Your Subscription has been created successfully. Please Click the following link and Verified Your Subscription. If you will not approve this link, you can not get any newsletter from us.</p>', '2024-06-03 02:02:30', '2024-06-03 02:02:30'),
(4, 'user_verification', 'User Verification', '<p>Dear {{user_name}},</p>\n                <p>Congratulations! Your Account has been created successfully. Please Click the following link and Active your Account.</p>', '2024-06-03 02:02:30', '2024-06-03 02:02:30'),
(5, 'approved_refund', 'Refund Request Approval', '<p>Dear {{user_name}},</p>\n                <p>We are happy to say that, we have send {{refund_amount}} USD to your provided bank information. </p>', '2024-06-03 02:02:30', '2024-06-03 02:02:30'),
(6, 'new_refund', 'New Refund Request', '<p>Hello websolutionus, </p>\n\n                <p>Mr. {{user_name}} has send a new refund request to you.</p>', '2024-06-03 02:02:30', '2024-06-03 02:02:30'),
(7, 'pending_wallet_payment', 'Wallet Payment Approval', '<p>Hello {{user_name}},</p>\n                <p>We have received your wallet payment request. we find your payment to our bank account.</p>\n                <p>Thanks &amp; Regards</p>', '2024-06-03 02:02:30', '2024-06-03 02:02:30'),
(8, 'approved_withdraw', 'Withdraw Request Approval', '<p>Dear {{user_name}},</p>\n                <p>We are happy to say that, we have send a withdraw amount to your provided bank information.</p>\n                <p>Thanks &amp; Regards</p>\n                <p>WebSolutionUs</p>', '2024-06-03 02:02:30', '2024-06-03 02:02:30'),
(9, 'rejected_withdraw', 'Withdraw Request Rejected', '<p>Dear {{user_name}},</p>\n                <p> your withdraw request has been rejected.</p>\n                <p>Thanks &amp; Regards</p>\n                <p>WebSolutionUs</p>', '2024-06-03 02:02:30', '2024-06-03 02:02:30'),
(10, 'pending_withdraw', 'Withdraw Request Pending', '<p>Dear {{user_name}},</p>\n                <p> your withdraw request is waiting for approval.</p>\n                <p>Thanks &amp; Regards</p>\n                <p>WebSolutionUs</p>', '2024-06-03 02:02:30', '2024-06-03 02:02:30'),
(11, 'instructor_request_approved', 'Instructor Request Approval', '<p>Dear {{user_name}},</p>\n                <p>you are now approved as an instructor.</p>', '2024-06-03 02:02:30', '2024-06-03 02:02:30'),
(12, 'instructor_request_rejected', 'Instructor Request Rejected', '<p>Dear {{user_name}},</p>\n                <p>your request has been rejected. please resubmit your request with proper document. or contact us.</p>', '2024-06-03 02:02:30', '2024-06-03 02:02:30'),
(13, 'instructor_request_pending', 'Instructor Request is waiting for approval', '<p>Dear {{user_name}},</p>\n                <p>your request for become an instructor is waiting for approval. please wait. we will send you an email when your request is approved.</p>', '2024-06-03 02:02:30', '2024-06-03 02:02:30'),
(14, 'instructor_quick_contact', 'Mail for instructor contact form', '<p>Name: {{name}}</p>\n                <p>Email: {{email}}</p>\n                <p>Subject: {{subject}}</p>\n                <p>{{message}}</p>', '2024-06-03 02:02:30', '2024-06-03 02:02:30'),
(15, 'order_completed', 'Your order has been placed', '<p>HI, {{name}}</p>\n                <p>Invoice ID: {{order_id}}</p>\n                <p>paid amount: {{paid_amount}}</p>\n                <p>payment method: {{payment_method}}</p>', '2024-06-03 02:02:30', '2024-06-03 02:02:30'),
(16, 'qna_reply_mail', 'QNA Replay mail', '<p>Hi {{user_name}}, your instructor has replied to your question. Please see the answer below:</p>\r\n<p>Course: {{course}}</p>\r\n<p>Lesson: {{lesson}}</p>\r\n<p>Question: {{question}}</p>', '2024-08-25 03:36:19', '2024-08-25 03:36:19'),
(17, 'live_class_mail', 'Live class notification mail', '<p>Hi {{user_name}},</p>\r\n                <p>Your live class is starting at {{start_time}}. Please see the details below:</p>\r\n                <p><strong>Course:</strong> {{course}}</p>\r\n                <p><strong>Lesson:</strong> {{lesson}}</p>\r\n                <p><strong>Meeting Link:</strong> <a href=\"{{join_url}}\">{{join_url}}</a></p>', '2024-09-03 12:51:51', '2024-09-03 12:51:51'),
(18, 'payment_status', 'Update Payment Status', '<p>HI, {{name}}</p>\n<p>Invoice ID: {{order_id}}</p>\n<p>paid amount: {{paid_amount}}</p>\n<p>payment status: {{payment_status}}</p>', '2024-06-02 20:02:30', '2024-06-02 20:02:30'),
(19, 'gift_course', 'Gift Course Notification', '<p>Hi {{name}},</p><p>{{sender_name}} has gifted you a course! Click the link below to enroll and claim your course. <strong>Do not share this link with anyone.</strong></p><p><strong>Claim Course:</strong> <a href=\"{{link}}\">{{link}}</a></p><p><strong>Visit Course:</strong> <a href=\"{{course_link}}\">{{course_name}}</a></p><p><strong>Sender Email:</strong> {{sender_email}}</p><p><strong>Message from Sender:</strong> {{message}}</p><p>Enjoy your learning!</p>', '2024-06-02 20:02:30', '2024-06-02 20:02:30');

-- --------------------------------------------------------

--
-- Table structure for table `enrollments`
--

CREATE TABLE IF NOT EXISTS `enrollments` (
  `id` bigint UNSIGNED NOT NULL AUTO_INCREMENT,
  `order_id` bigint UNSIGNED NOT NULL,
  `user_id` bigint UNSIGNED NOT NULL,
  `course_id` bigint UNSIGNED NOT NULL,
  `has_access` tinyint(1) NOT NULL DEFAULT '0',
  `created_at` timestamp NULL DEFAULT NULL,
  `updated_at` timestamp NULL DEFAULT NULL,
  PRIMARY KEY (`id`),
  KEY `enrollments_order_id_foreign` (`order_id`)
) ENGINE=InnoDB AUTO_INCREMENT=13 DEFAULT CHARSET=utf8mb4 COLLATE=utf8mb4_general_ci;

--
-- Dumping data for table `enrollments`
--

INSERT INTO `enrollments` (`id`, `order_id`, `user_id`, `course_id`, `has_access`, `created_at`, `updated_at`) VALUES
(1, 1, 1000, 58, 1, '2024-06-06 05:07:32', '2024-06-06 05:07:32'),
(2, 1, 1000, 47, 1, '2024-06-06 05:07:32', '2024-06-06 05:07:32'),
(3, 2, 1001, 69, 1, '2024-06-09 05:37:11', '2024-06-09 05:37:11'),
(4, 3, 1001, 6, 1, '2024-06-09 05:44:32', '2024-06-09 05:44:32'),
(5, 4, 1000, 64, 1, '2024-06-09 05:49:26', '2024-06-09 05:49:26'),
(6, 5, 1000, 61, 1, '2024-06-09 06:05:24', '2024-06-09 06:05:24'),
(7, 6, 1000, 30, 1, '2024-06-09 06:17:03', '2024-06-09 06:17:03'),
(8, 7, 1000, 29, 1, '2024-06-09 06:22:55', '2024-06-09 06:22:55'),
(9, 8, 1000, 26, 1, '2024-06-09 06:26:13', '2024-06-09 06:26:13'),
(10, 9, 1000, 16, 1, '2024-06-15 00:23:37', '2024-06-15 00:23:37'),
(11, 10, 1000, 6, 1, '2024-06-15 00:35:03', '2024-06-15 00:35:03'),
(12, 11, 1001, 65, 1, '2024-06-26 00:52:41', '2024-06-26 00:52:41');

-- --------------------------------------------------------

--
-- Table structure for table `failed_jobs`
--

CREATE TABLE IF NOT EXISTS `failed_jobs` (
  `id` bigint UNSIGNED NOT NULL AUTO_INCREMENT,
  `uuid` varchar(255) CHARACTER SET utf8mb4 COLLATE utf8mb4_general_ci NOT NULL,
  `connection` text CHARACTER SET utf8mb4 COLLATE utf8mb4_general_ci NOT NULL,
  `queue` text CHARACTER SET utf8mb4 COLLATE utf8mb4_general_ci NOT NULL,
  `payload` longtext CHARACTER SET utf8mb4 COLLATE utf8mb4_general_ci NOT NULL,
  `exception` longtext CHARACTER SET utf8mb4 COLLATE utf8mb4_general_ci NOT NULL,
  `failed_at` timestamp NOT NULL DEFAULT CURRENT_TIMESTAMP,
  PRIMARY KEY (`id`),
  UNIQUE KEY `failed_jobs_uuid_unique` (`uuid`)
) ENGINE=InnoDB DEFAULT CHARSET=utf8mb4 COLLATE=utf8mb4_general_ci;

-- --------------------------------------------------------

--
-- Table structure for table `faqs`
--

CREATE TABLE IF NOT EXISTS `faqs` (
  `id` bigint UNSIGNED NOT NULL AUTO_INCREMENT,
  `status` tinyint(1) NOT NULL DEFAULT '1',
  `created_at` timestamp NULL DEFAULT NULL,
  `updated_at` timestamp NULL DEFAULT NULL,
  PRIMARY KEY (`id`)
) ENGINE=InnoDB AUTO_INCREMENT=5 DEFAULT CHARSET=utf8mb4 COLLATE=utf8mb4_general_ci;

--
-- Dumping data for table `faqs`
--

INSERT INTO `faqs` (`id`, `status`, `created_at`, `updated_at`) VALUES
(1, 1, '2024-06-04 05:49:36', '2024-06-04 05:49:36'),
(2, 1, '2024-06-04 05:50:58', '2024-06-04 05:50:58'),
(3, 1, '2024-06-04 05:53:19', '2024-06-04 05:53:19'),
(4, 1, '2024-06-04 05:54:52', '2024-06-04 05:54:52');

-- --------------------------------------------------------

--
-- Table structure for table `faq_translations`
--

CREATE TABLE IF NOT EXISTS `faq_translations` (
  `id` bigint UNSIGNED NOT NULL AUTO_INCREMENT,
  `faq_id` bigint UNSIGNED NOT NULL,
  `lang_code` varchar(255) CHARACTER SET utf8mb4 COLLATE utf8mb4_general_ci NOT NULL,
  `question` varchar(255) CHARACTER SET utf8mb4 COLLATE utf8mb4_general_ci DEFAULT NULL,
  `answer` text CHARACTER SET utf8mb4 COLLATE utf8mb4_general_ci,
  `created_at` timestamp NULL DEFAULT NULL,
  `updated_at` timestamp NULL DEFAULT NULL,
  PRIMARY KEY (`id`)
) ENGINE=InnoDB AUTO_INCREMENT=13 DEFAULT CHARSET=utf8mb4 COLLATE=utf8mb4_general_ci;

--
-- Dumping data for table `faq_translations`
--

INSERT INTO `faq_translations` (`id`, `faq_id`, `lang_code`, `question`, `answer`, `created_at`, `updated_at`) VALUES
(1, 1, 'en', 'What kind of courses do you offer?', 'We offer a wide range of courses in various subjects,\r\n from business and technology to art and personal development. You can browse our extensive catalog to find a course that interests you.', '2024-06-04 05:49:36', '2024-06-04 05:49:36'),
(2, 1, 'hi', 'आप किस प्रकार के पाठ्यक्रम पेश करते हैं?', 'हम विभिन्न विषयों में पाठ्यक्रमों की एक विस्तृत श्रृंखला प्रदान करते हैं,\r\n व्यवसाय और प्रौद्योगिकी से लेकर कला और व्यक्तिगत विकास तक। आप अपनी रुचि का पाठ्यक्रम ढूंढने के लिए हमारी विस्तृत सूची ब्राउज़ कर सकते हैं।', '2024-06-04 05:49:36', '2024-06-04 05:50:00'),
(3, 1, 'ar', 'ما نوع الدورات التي تقدمها؟', 'نحن نقدم مجموعة واسعة من الدورات في مختلف المواضيع،\r\n من الأعمال والتكنولوجيا إلى الفن والتنمية الشخصية. يمكنك تصفح الكتالوج الشامل الخاص بنا للعثور على الدورة التدريبية التي تهمك.', '2024-06-04 05:49:36', '2024-06-04 05:50:20'),
(4, 2, 'en', 'Who are your instructors?', 'Our instructors are industry experts and passionate educators with a wealth of knowledge and experience.\r\n You can learn more about their qualifications on their course profiles.', '2024-06-04 05:50:58', '2024-06-04 05:50:58'),
(5, 2, 'hi', 'आपके प्रशिक्षक कौन हैं?', 'हमारे प्रशिक्षक उद्योग विशेषज्ञ और समृद्ध ज्ञान और अनुभव वाले भावुक शिक्षक हैं।\r\n आप उनकी पाठ्यक्रम प्रोफ़ाइल पर उनकी योग्यताओं के बारे में अधिक जान सकते हैं।', '2024-06-04 05:50:58', '2024-06-04 05:58:27'),
(6, 2, 'ar', 'من هم معلميك؟', 'المدربون لدينا هم خبراء في الصناعة ومعلمون متحمسون يتمتعون بثروة من المعرفة والخبرة.\r\n يمكنك معرفة المزيد حول مؤهلاتهم في ملفات تعريف الدورة التدريبية الخاصة بهم.', '2024-06-04 05:50:58', '2024-06-04 05:52:04'),
(7, 3, 'en', 'How much do your courses cost?', 'Course prices vary depending on the length, content, and instructor. We offer free trials and introductory courses in some cases. Check the individual course page for specific pricing information.', '2024-06-04 05:53:19', '2024-06-04 05:53:19'),
(8, 3, 'hi', 'आपके पाठ्यक्रमों की लागत कितनी है?', 'पाठ्यक्रम की कीमतें लंबाई, सामग्री और प्रशिक्षक के आधार पर भिन्न होती हैं। हम कुछ मामलों में निःशुल्क परीक्षण और परिचयात्मक पाठ्यक्रम प्रदान करते हैं। विशिष्ट मूल्य निर्धारण जानकारी के लिए व्यक्तिगत पाठ्यक्रम पृष्ठ देखें।', '2024-06-04 05:53:19', '2024-06-04 05:53:58'),
(9, 3, 'ar', 'كم تكلفة الدورات الخاصة بك؟', 'تختلف أسعار الدورة حسب الطول والمحتوى والمدرب. نحن نقدم تجارب مجانية ودورات تمهيدية في بعض الحالات. تحقق من صفحة الدورة التدريبية الفردية للحصول على معلومات التسعير المحددة.', '2024-06-04 05:53:19', '2024-06-04 05:54:19'),
(10, 4, 'en', 'How does the online learning platform work?', 'Our platform is user-friendly and accessible on any device. You can enroll in courses, access learning materials, interact with instructors and classmates, and track your progress, all in one place.', '2024-06-04 05:54:52', '2024-06-04 05:54:52'),
(11, 4, 'hi', 'ऑनलाइन लर्निंग प्लेटफॉर्म कैसे काम करता है?', 'हमारा प्लेटफ़ॉर्म उपयोगकर्ता के अनुकूल है और किसी भी डिवाइस पर पहुंच योग्य है। आप पाठ्यक्रमों में नामांकन कर सकते हैं, शिक्षण सामग्री तक पहुंच सकते हैं, प्रशिक्षकों और सहपाठियों के साथ बातचीत कर सकते हैं और अपनी प्रगति को ट्रैक कर सकते हैं, यह सब एक ही स्थान पर।', '2024-06-04 05:54:52', '2024-06-04 05:55:10'),
(12, 4, 'ar', 'كيف تعمل منصة التعلم عبر الإنترنت؟', 'منصتنا سهلة الاستخدام ويمكن الوصول إليها على أي جهاز. يمكنك التسجيل في الدورات التدريبية، والوصول إلى المواد التعليمية، والتفاعل مع المعلمين وزملاء الدراسة، وتتبع تقدمك، كل ذلك في مكان واحد.', '2024-06-04 05:54:53', '2024-06-04 05:55:29');

-- --------------------------------------------------------

--
-- Table structure for table `favorite_course_user`
--

CREATE TABLE IF NOT EXISTS `favorite_course_user` (
  `id` bigint UNSIGNED NOT NULL AUTO_INCREMENT,
  `user_id` bigint UNSIGNED NOT NULL,
  `course_id` bigint UNSIGNED NOT NULL,
  `created_at` timestamp NULL DEFAULT NULL,
  `updated_at` timestamp NULL DEFAULT NULL,
  PRIMARY KEY (`id`),
  KEY `favorite_course_user_user_id_foreign` (`user_id`),
  KEY `favorite_course_user_course_id_foreign` (`course_id`)
) ENGINE=InnoDB DEFAULT CHARSET=utf8mb4 COLLATE=utf8mb4_general_ci;

-- --------------------------------------------------------

--
-- Table structure for table `featured_course_sections`
--

CREATE TABLE IF NOT EXISTS `featured_course_sections` (
  `id` bigint UNSIGNED NOT NULL AUTO_INCREMENT,
  `all_category` int DEFAULT NULL,
  `all_category_ids` text CHARACTER SET utf8mb4 COLLATE utf8mb4_general_ci,
  `all_category_status` tinyint(1) NOT NULL DEFAULT '1',
  `category_one` int DEFAULT NULL,
  `category_one_ids` text CHARACTER SET utf8mb4 COLLATE utf8mb4_general_ci,
  `category_one_status` tinyint(1) NOT NULL DEFAULT '1',
  `category_two` int DEFAULT NULL,
  `category_two_ids` text CHARACTER SET utf8mb4 COLLATE utf8mb4_general_ci,
  `category_two_status` tinyint(1) NOT NULL DEFAULT '1',
  `category_three` int DEFAULT NULL,
  `category_three_ids` text CHARACTER SET utf8mb4 COLLATE utf8mb4_general_ci,
  `category_three_status` tinyint(1) NOT NULL DEFAULT '1',
  `category_four` int DEFAULT NULL,
  `category_four_ids` text CHARACTER SET utf8mb4 COLLATE utf8mb4_general_ci,
  `category_four_status` tinyint(1) NOT NULL DEFAULT '1',
  `category_five` int DEFAULT NULL,
  `category_five_ids` text CHARACTER SET utf8mb4 COLLATE utf8mb4_general_ci,
  `category_five_status` tinyint(1) NOT NULL DEFAULT '1',
  `created_at` timestamp NULL DEFAULT NULL,
  `updated_at` timestamp NULL DEFAULT NULL,
  PRIMARY KEY (`id`)
) ENGINE=InnoDB AUTO_INCREMENT=2 DEFAULT CHARSET=utf8mb4 COLLATE=utf8mb4_general_ci;

--
-- Dumping data for table `featured_course_sections`
--

INSERT INTO `featured_course_sections` (`id`, `all_category`, `all_category_ids`, `all_category_status`, `category_one`, `category_one_ids`, `category_one_status`, `category_two`, `category_two_ids`, `category_two_status`, `category_three`, `category_three_ids`, `category_three_status`, `category_four`, `category_four_ids`, `category_four_status`, `category_five`, `category_five_ids`, `category_five_status`, `created_at`, `updated_at`) VALUES
(1, 0, '[\"4\",\"16\",\"17\",\"45\",\"49\"]', 1, 1, '[\"21\",\"22\",\"23\",\"43\",\"45\",\"51\"]', 1, 2, '[\"5\",\"6\",\"12\",\"42\",\"50\",\"66\"]', 1, 3, '[\"13\",\"15\",\"16\",\"28\",\"31\",\"40\"]', 1, 4, '[\"10\",\"19\",\"25\",\"26\",\"35\",\"37\"]', 1, 5, '[\"7\",\"8\",\"18\",\"38\",\"61\",\"67\"]', 1, '2024-06-04 05:11:10', '2024-06-04 05:12:42');

-- --------------------------------------------------------

--
-- Table structure for table `featured_instructors`
--

CREATE TABLE IF NOT EXISTS `featured_instructors` (
  `id` bigint UNSIGNED NOT NULL AUTO_INCREMENT,
  `button_url` varchar(255) CHARACTER SET utf8mb4 COLLATE utf8mb4_general_ci DEFAULT NULL,
  `instructor_ids` json DEFAULT NULL,
  `created_at` timestamp NULL DEFAULT NULL,
  `updated_at` timestamp NULL DEFAULT NULL,
  PRIMARY KEY (`id`)
) ENGINE=InnoDB AUTO_INCREMENT=2 DEFAULT CHARSET=utf8mb4 COLLATE=utf8mb4_general_ci;

--
-- Dumping data for table `featured_instructors`
--

INSERT INTO `featured_instructors` (`id`, `button_url`, `instructor_ids`, `created_at`, `updated_at`) VALUES
(1, '/all-instructors', '[\"1001\", \"1002\", \"1003\", \"1004\", \"1005\", \"1006\", \"1009\"]', '2024-06-03 02:02:33', '2024-06-06 02:08:44');

-- --------------------------------------------------------

--
-- Table structure for table `featured_instructor_translations`
--

CREATE TABLE IF NOT EXISTS `featured_instructor_translations` (
  `id` bigint UNSIGNED NOT NULL AUTO_INCREMENT,
  `featured_instructor_section_id` bigint UNSIGNED NOT NULL DEFAULT '1',
  `lang_code` varchar(255) CHARACTER SET utf8mb4 COLLATE utf8mb4_general_ci NOT NULL,
  `title` varchar(255) CHARACTER SET utf8mb4 COLLATE utf8mb4_general_ci DEFAULT NULL,
  `sub_title` varchar(255) CHARACTER SET utf8mb4 COLLATE utf8mb4_general_ci DEFAULT NULL,
  `button_text` varchar(255) CHARACTER SET utf8mb4 COLLATE utf8mb4_general_ci DEFAULT NULL,
  `created_at` timestamp NULL DEFAULT NULL,
  `updated_at` timestamp NULL DEFAULT NULL,
  PRIMARY KEY (`id`)
) ENGINE=InnoDB AUTO_INCREMENT=4 DEFAULT CHARSET=utf8mb4 COLLATE=utf8mb4_general_ci;

--
-- Dumping data for table `featured_instructor_translations`
--

INSERT INTO `featured_instructor_translations` (`id`, `featured_instructor_section_id`, `lang_code`, `title`, `sub_title`, `button_text`, `created_at`, `updated_at`) VALUES
(1, 1, 'en', 'Our Top Class & Expert Instructors in One Place', 'Combines the ideas of empowered learning and top-tier instruction for students. Emphasizes both instructor expertise', 'See All Instructors', '2024-06-04 05:22:14', '2024-06-04 05:24:22'),
(2, 1, 'hi', 'हमारे शीर्ष श्रेणी और विशेषज्ञ प्रशिक्षक एक ही स्थान पर', 'छात्रों के लिए सशक्त शिक्षा और शीर्ष स्तरीय निर्देश के विचारों को जोड़ता है। दोनों प्रशिक्षक विशेषज्ञता पर जोर देता है', 'सभी प्रशिक्षक देखें', '2024-06-04 05:22:14', '2024-06-04 05:24:43'),
(3, 1, 'ar', 'لدينا أفضل المدربين والخبراء في مكان واحد', 'يجمع بين أفكار التعلم المُمكّن والتعليم عالي المستوى للطلاب. يؤكد على خبرة المدرب', 'شاهد جميع المدربين', '2024-06-04 05:22:14', '2024-06-04 05:25:09');

-- --------------------------------------------------------

--
-- Table structure for table `footer_settings`
--

CREATE TABLE IF NOT EXISTS `footer_settings` (
  `id` bigint UNSIGNED NOT NULL AUTO_INCREMENT,
  `logo` varchar(255) CHARACTER SET utf8mb4 COLLATE utf8mb4_general_ci DEFAULT NULL,
  `footer_text` varchar(255) CHARACTER SET utf8mb4 COLLATE utf8mb4_general_ci DEFAULT NULL,
  `address` varchar(255) CHARACTER SET utf8mb4 COLLATE utf8mb4_general_ci DEFAULT NULL,
  `phone` varchar(255) CHARACTER SET utf8mb4 COLLATE utf8mb4_general_ci DEFAULT NULL,
  `get_in_touch_text` varchar(255) CHARACTER SET utf8mb4 COLLATE utf8mb4_general_ci DEFAULT NULL,
  `google_play_link` varchar(255) CHARACTER SET utf8mb4 COLLATE utf8mb4_general_ci DEFAULT NULL,
  `apple_store_link` varchar(255) CHARACTER SET utf8mb4 COLLATE utf8mb4_general_ci DEFAULT NULL,
  `created_at` timestamp NULL DEFAULT NULL,
  `updated_at` timestamp NULL DEFAULT NULL,
  PRIMARY KEY (`id`)
) ENGINE=InnoDB AUTO_INCREMENT=2 DEFAULT CHARSET=utf8mb4 COLLATE=utf8mb4_general_ci;

--
-- Dumping data for table `footer_settings`
--

INSERT INTO `footer_settings` (`id`, `logo`, `footer_text`, `address`, `phone`, `get_in_touch_text`, `google_play_link`, `apple_store_link`, `created_at`, `updated_at`) VALUES
(1, 'uploads/custom-images/wsus-img-2024-06-04-12-31-51-4487.svg', 'We offer a wide range of courses in various subjects, from business and technology to art and personal development', '4408 Norma Lane Shreveport, LA 71101', '+1 (106) 882-8138', 'If you need any kind of help you can know us on socials or mail us', 'https://websolutionus.com/', 'https://websolutionus.com/', '2024-06-04 06:31:51', '2024-06-04 06:31:51');

-- --------------------------------------------------------

--
-- Table structure for table `homes`
--

CREATE TABLE IF NOT EXISTS `homes` (
  `id` bigint UNSIGNED NOT NULL AUTO_INCREMENT,
  `slug` varchar(255) CHARACTER SET utf8mb4 COLLATE utf8mb4_general_ci NOT NULL,
  `created_at` timestamp NULL DEFAULT NULL,
  `updated_at` timestamp NULL DEFAULT NULL,
  PRIMARY KEY (`id`),
  UNIQUE KEY `homes_slug_unique` (`slug`)
) ENGINE=InnoDB AUTO_INCREMENT=9 DEFAULT CHARSET=utf8mb4 COLLATE=utf8mb4_general_ci;

--
-- Dumping data for table `homes`
--

INSERT INTO `homes` (`id`, `slug`, `created_at`, `updated_at`) VALUES
(1, 'main', '2024-10-15 21:42:24', '2024-10-15 21:42:24'),
(2, 'online', '2024-10-15 21:42:24', '2024-10-15 21:42:24'),
(3, 'university', '2024-10-15 21:42:24', '2024-10-15 21:42:24'),
(4, 'business', '2024-10-15 21:42:24', '2024-10-15 21:42:24'),
(5, 'yoga', '2024-10-15 21:42:24', '2024-10-15 21:42:24'),
(6, 'kitchen', '2024-10-15 21:42:24', '2024-10-15 21:42:24'),
(7, 'kindergarten', '2024-11-12 23:20:02', '2024-11-12 23:20:02'),
(8, 'language', '2024-11-12 23:20:02', '2024-11-12 23:20:02');

-- --------------------------------------------------------

--
-- Table structure for table `instructor_requests`
--

CREATE TABLE IF NOT EXISTS `instructor_requests` (
  `id` bigint UNSIGNED NOT NULL AUTO_INCREMENT,
  `user_id` bigint UNSIGNED NOT NULL,
  `status` enum('pending','approved','rejected') CHARACTER SET utf8mb4 COLLATE utf8mb4_general_ci NOT NULL DEFAULT 'pending',
  `certificate` text CHARACTER SET utf8mb4 COLLATE utf8mb4_general_ci,
  `identity_scan` text CHARACTER SET utf8mb4 COLLATE utf8mb4_general_ci,
  `payout_account` varchar(255) CHARACTER SET utf8mb4 COLLATE utf8mb4_general_ci DEFAULT NULL,
  `payout_information` text CHARACTER SET utf8mb4 COLLATE utf8mb4_general_ci,
  `extra_information` text CHARACTER SET utf8mb4 COLLATE utf8mb4_general_ci,
  `created_at` timestamp NULL DEFAULT NULL,
  `updated_at` timestamp NULL DEFAULT NULL,
  PRIMARY KEY (`id`)
) ENGINE=InnoDB AUTO_INCREMENT=12 DEFAULT CHARSET=utf8mb4 COLLATE=utf8mb4_general_ci;

--
-- Dumping data for table `instructor_requests`
--

INSERT INTO `instructor_requests` (`id`, `user_id`, `status`, `certificate`, `identity_scan`, `payout_account`, `payout_information`, `extra_information`, `created_at`, `updated_at`) VALUES
(1, 1001, 'approved', NULL, NULL, 'PayPal', 'My email and holder name is\r\n\r\n1. instructor@gmail.com\r\n2. instructor', NULL, '2024-06-03 21:58:08', '2024-06-03 22:01:23'),
(2, 1005, 'approved', 'uploads/custom-images/wsus-img-2024-06-06-07-05-28-9012.png', 'uploads/custom-images/wsus-img-2024-06-06-07-05-28-7801.png', 'PayPal', 'Please provide the necessary information for payment\r\n\r\nYour payment email\r\nYour Holder name', NULL, '2024-06-06 01:05:28', '2024-06-06 01:46:06'),
(3, 1007, 'pending', 'uploads/custom-images/wsus-img-2024-06-06-07-32-52-5409.png', 'uploads/custom-images/wsus-img-2024-06-06-07-32-52-3851.png', 'Razorpay', 'Please provide the necessary information for payment\r\n\r\nYour payment email\r\nYour Holder name', NULL, '2024-06-06 01:29:39', '2024-06-06 01:32:52'),
(4, 1002, 'approved', 'uploads/custom-images/wsus-img-2024-06-06-07-45-44-3657.png', 'uploads/custom-images/wsus-img-2024-06-06-07-45-44-7928.png', 'PayPal', 'Please provide the necessary information for payment\r\n\r\nYour payment email\r\nYour Holder name', NULL, '2024-06-06 01:45:44', '2024-06-06 01:46:30'),
(5, 1003, 'approved', NULL, NULL, 'PayPal', 'Please provide the necessary information for payment\r\n\r\nYour payment email\r\nYour Holder name', NULL, '2024-06-06 01:49:36', '2024-06-06 01:50:35'),
(6, 1004, 'approved', NULL, NULL, 'PayPal', 'Please provide the necessary information for payment\r\n\r\nYour payment email\r\nYour Holder name', NULL, '2024-06-06 01:51:54', '2024-06-06 02:00:09'),
(7, 1008, 'approved', NULL, NULL, 'PayPal', 'Please provide the necessary information for payment\r\n\r\nYour payment email\r\nYour Holder name', NULL, '2024-06-06 01:59:41', '2024-06-06 02:00:28'),
(8, 1006, 'approved', NULL, NULL, 'PayPal', 'Please provide the necessary information for payment\r\n\r\nYour payment email\r\nYour Holder name', NULL, '2024-06-06 02:02:57', '2024-06-06 02:03:52'),
(9, 1009, 'approved', NULL, NULL, 'PayPal', 'Please provide the necessary information for payment\r\n\r\nYour payment email\r\nYour Holder name', NULL, '2024-06-06 02:07:28', '2024-06-06 02:07:52'),
(10, 1011, 'approved', NULL, NULL, 'PayPal', 'Your payment email\r\n    Your Holder name', NULL, '2024-06-14 07:17:37', '2024-06-14 07:18:07'),
(11, 1012, 'approved', NULL, NULL, 'Stripe', 'Your payment email\r\n    Your Holder name', NULL, '2024-06-14 07:43:35', '2024-06-14 07:44:20');

-- --------------------------------------------------------

--
-- Table structure for table `instructor_request_settings`
--

CREATE TABLE IF NOT EXISTS `instructor_request_settings` (
  `id` bigint UNSIGNED NOT NULL AUTO_INCREMENT,
  `need_certificate` tinyint(1) NOT NULL DEFAULT '1',
  `need_identity_scan` tinyint(1) NOT NULL DEFAULT '1',
  `bank_information` text CHARACTER SET utf8mb4 COLLATE utf8mb4_general_ci,
  `created_at` timestamp NULL DEFAULT NULL,
  `updated_at` timestamp NULL DEFAULT NULL,
  PRIMARY KEY (`id`)
) ENGINE=InnoDB AUTO_INCREMENT=2 DEFAULT CHARSET=utf8mb4 COLLATE=utf8mb4_general_ci;

--
-- Dumping data for table `instructor_request_settings`
--

INSERT INTO `instructor_request_settings` (`id`, `need_certificate`, `need_identity_scan`, `bank_information`, `created_at`, `updated_at`) VALUES
(1, 0, 0, NULL, '2024-06-06 00:23:15', '2024-06-06 01:48:20');

-- --------------------------------------------------------

--
-- Table structure for table `instructor_request_setting_translations`
--

CREATE TABLE IF NOT EXISTS `instructor_request_setting_translations` (
  `id` bigint UNSIGNED NOT NULL AUTO_INCREMENT,
  `instructor_request_setting_id` bigint UNSIGNED NOT NULL,
  `lang_code` varchar(255) CHARACTER SET utf8mb4 COLLATE utf8mb4_general_ci NOT NULL,
  `instructions` varchar(255) CHARACTER SET utf8mb4 COLLATE utf8mb4_general_ci DEFAULT NULL,
  `created_at` timestamp NULL DEFAULT NULL,
  `updated_at` timestamp NULL DEFAULT NULL,
  PRIMARY KEY (`id`)
) ENGINE=InnoDB AUTO_INCREMENT=4 DEFAULT CHARSET=utf8mb4 COLLATE=utf8mb4_general_ci;

--
-- Dumping data for table `instructor_request_setting_translations`
--

INSERT INTO `instructor_request_setting_translations` (`id`, `instructor_request_setting_id`, `lang_code`, `instructions`, `created_at`, `updated_at`) VALUES
(1, 1, 'en', '<p>Please provide your valid informations</p>', '2024-09-29 03:46:04', '2024-09-29 03:46:04'),
(2, 1, 'hi', '<p>कृपया अपनी वैध जानकारी प्रदान करें</p>', '2024-09-29 03:46:04', '2024-09-29 03:46:04'),
(3, 1, 'ar', '<p>يرجى تقديم معلوماتك الصحيحة</p>', '2024-09-29 03:46:04', '2024-09-29 03:46:04');

-- --------------------------------------------------------

--
-- Table structure for table `jobs`
--

CREATE TABLE IF NOT EXISTS `jobs` (
  `id` bigint UNSIGNED NOT NULL AUTO_INCREMENT,
  `queue` varchar(255) CHARACTER SET utf8mb4 COLLATE utf8mb4_general_ci NOT NULL,
  `payload` longtext CHARACTER SET utf8mb4 COLLATE utf8mb4_general_ci NOT NULL,
  `attempts` tinyint UNSIGNED NOT NULL,
  `reserved_at` int UNSIGNED DEFAULT NULL,
  `available_at` int UNSIGNED NOT NULL,
  `created_at` int UNSIGNED NOT NULL,
  PRIMARY KEY (`id`),
  KEY `jobs_queue_index` (`queue`)
) ENGINE=InnoDB DEFAULT CHARSET=utf8mb4 COLLATE=utf8mb4_general_ci;

-- --------------------------------------------------------

--
-- Table structure for table `languages`
--

CREATE TABLE IF NOT EXISTS `languages` (
  `id` bigint UNSIGNED NOT NULL AUTO_INCREMENT,
  `name` varchar(255) CHARACTER SET utf8mb4 COLLATE utf8mb4_general_ci NOT NULL,
  `code` varchar(255) CHARACTER SET utf8mb4 COLLATE utf8mb4_general_ci NOT NULL,
  `icon` varchar(255) CHARACTER SET utf8mb4 COLLATE utf8mb4_general_ci DEFAULT NULL,
  `direction` varchar(255) CHARACTER SET utf8mb4 COLLATE utf8mb4_general_ci NOT NULL DEFAULT 'ltr',
  `status` varchar(255) CHARACTER SET utf8mb4 COLLATE utf8mb4_general_ci NOT NULL DEFAULT '1',
  `is_default` varchar(255) CHARACTER SET utf8mb4 COLLATE utf8mb4_general_ci NOT NULL DEFAULT '0',
  `created_at` timestamp NULL DEFAULT NULL,
  `updated_at` timestamp NULL DEFAULT NULL,
  PRIMARY KEY (`id`),
  UNIQUE KEY `languages_name_unique` (`name`),
  UNIQUE KEY `languages_code_unique` (`code`)
) ENGINE=InnoDB AUTO_INCREMENT=4 DEFAULT CHARSET=utf8mb4 COLLATE=utf8mb4_general_ci;

--
-- Dumping data for table `languages`
--

INSERT INTO `languages` (`id`, `name`, `code`, `icon`, `direction`, `status`, `is_default`, `created_at`, `updated_at`) VALUES
(1, 'English', 'en', NULL, 'ltr', '1', '1', '2024-06-03 02:02:30', '2024-06-13 21:12:45'),
(2, 'Hindi', 'hi', NULL, 'ltr', '1', '0', '2024-06-03 03:45:51', '2024-06-13 21:12:45'),
(3, 'Arabic', 'ar', NULL, 'rtl', '1', '0', '2024-06-03 03:46:26', '2024-06-11 04:15:39');

-- --------------------------------------------------------

--
-- Table structure for table `lesson_questions`
--

CREATE TABLE IF NOT EXISTS `lesson_questions` (
  `id` bigint UNSIGNED NOT NULL AUTO_INCREMENT,
  `user_id` bigint UNSIGNED NOT NULL,
  `course_id` bigint UNSIGNED NOT NULL,
  `lesson_id` bigint UNSIGNED NOT NULL,
  `question_title` varchar(255) CHARACTER SET utf8mb4 COLLATE utf8mb4_general_ci NOT NULL,
  `question_description` text CHARACTER SET utf8mb4 COLLATE utf8mb4_general_ci NOT NULL,
  `created_at` timestamp NULL DEFAULT NULL,
  `updated_at` timestamp NULL DEFAULT NULL,
  `seen` tinyint(1) NOT NULL DEFAULT '0',
  PRIMARY KEY (`id`)
) ENGINE=InnoDB AUTO_INCREMENT=5 DEFAULT CHARSET=utf8mb4 COLLATE=utf8mb4_general_ci;

--
-- Dumping data for table `lesson_questions`
--

INSERT INTO `lesson_questions` (`id`, `user_id`, `course_id`, `lesson_id`, `question_title`, `question_description`, `created_at`, `updated_at`, `seen`) VALUES
(1, 1000, 47, 1289, 'i am getting error on my code please help!', '<p>at 10:34&nbsp;i am getting error i did save as you showed but its not working</p>', '2024-06-06 05:13:50', '2024-06-06 05:13:50', 0),
(2, 1000, 47, 1290, 'i am getting error on my code please help!', '<p>i am getting error on my code please help!</p>', '2024-06-06 06:03:03', '2024-06-06 06:03:03', 0),
(4, 1000, 47, 323, 'this is a test question', '<p>hi this is a test question</p>', '2024-06-08 07:55:17', '2024-06-08 07:55:17', 0);

-- --------------------------------------------------------

--
-- Table structure for table `lesson_replies`
--

CREATE TABLE IF NOT EXISTS `lesson_replies` (
  `id` bigint UNSIGNED NOT NULL AUTO_INCREMENT,
  `question_id` bigint UNSIGNED NOT NULL,
  `user_id` bigint UNSIGNED NOT NULL,
  `reply` text CHARACTER SET utf8mb4 COLLATE utf8mb4_general_ci NOT NULL,
  `created_at` timestamp NULL DEFAULT NULL,
  `updated_at` timestamp NULL DEFAULT NULL,
  PRIMARY KEY (`id`),
  KEY `lesson_replies_question_id_foreign` (`question_id`)
) ENGINE=InnoDB AUTO_INCREMENT=6 DEFAULT CHARSET=utf8mb4 COLLATE=utf8mb4_general_ci;

--
-- Dumping data for table `lesson_replies`
--

INSERT INTO `lesson_replies` (`id`, `question_id`, `user_id`, `reply`, `created_at`, `updated_at`) VALUES
(1, 1, 1000, '<p>HI got the solution thanks</p>', '2024-06-06 05:15:26', '2024-06-06 05:15:26'),
(2, 2, 1000, '<p>hey this is a test&nbsp;</p>', '2024-06-06 06:05:01', '2024-06-06 06:05:01'),
(3, 2, 1000, '<p>hey hey hey!!</p>', '2024-06-06 06:08:27', '2024-06-06 06:08:27'),
(4, 2, 1000, '<p>issue fixed</p>', '2024-06-06 06:09:50', '2024-06-06 06:09:50'),
(5, 4, 1000, '<p>hi got the issue fixed</p>', '2024-06-08 08:17:58', '2024-06-08 08:17:58');

-- --------------------------------------------------------

--
-- Table structure for table `menus`
--

CREATE TABLE IF NOT EXISTS `menus` (
  `id` bigint UNSIGNED NOT NULL AUTO_INCREMENT,
  `name` varchar(255) CHARACTER SET utf8mb4 COLLATE utf8mb4_general_ci NOT NULL,
  `slug` varchar(255) CHARACTER SET utf8mb4 COLLATE utf8mb4_general_ci NOT NULL,
  `created_at` timestamp NULL DEFAULT NULL,
  `updated_at` timestamp NULL DEFAULT NULL,
  PRIMARY KEY (`id`)
) ENGINE=InnoDB AUTO_INCREMENT=15 DEFAULT CHARSET=utf8mb4 COLLATE=utf8mb4_general_ci;

--
-- Dumping data for table `menus`
--

INSERT INTO `menus` (`id`, `name`, `slug`, `created_at`, `updated_at`) VALUES
(9, 'Nav Menu', 'nav-menu', '2024-05-23 06:10:20', '2024-07-02 22:12:49'),
(10, 'Footer Col One', 'footer-col-one', '2024-05-26 00:25:04', '2024-07-02 22:13:21'),
(13, 'footer_col_two', 'footer-col-two-1PiTN', '2024-05-26 00:25:37', '2024-05-26 00:25:37'),
(14, 'footer_col_three', 'footer-col-three', '2024-05-26 00:32:09', '2024-05-26 00:32:09');

-- --------------------------------------------------------

--
-- Table structure for table `menu_items`
--

CREATE TABLE IF NOT EXISTS `menu_items` (
  `id` bigint UNSIGNED NOT NULL AUTO_INCREMENT,
  `label` varchar(255) CHARACTER SET utf8mb4 COLLATE utf8mb4_general_ci NOT NULL,
  `link` varchar(255) CHARACTER SET utf8mb4 COLLATE utf8mb4_general_ci NOT NULL,
  `parent_id` bigint UNSIGNED NOT NULL DEFAULT '0',
  `sort` int NOT NULL DEFAULT '0',
  `class` varchar(255) CHARACTER SET utf8mb4 COLLATE utf8mb4_general_ci DEFAULT NULL,
  `menu_id` bigint UNSIGNED NOT NULL,
  `depth` int NOT NULL DEFAULT '0',
  `created_at` timestamp NULL DEFAULT NULL,
  `updated_at` timestamp NULL DEFAULT NULL,
  `role_id` int NOT NULL DEFAULT '0',
  PRIMARY KEY (`id`),
  KEY `menu_items_menu_id_foreign` (`menu_id`)
) ENGINE=InnoDB AUTO_INCREMENT=26 DEFAULT CHARSET=utf8mb4 COLLATE=utf8mb4_general_ci;

--
-- Dumping data for table `menu_items`
--

INSERT INTO `menu_items` (`id`, `label`, `link`, `parent_id`, `sort`, `class`, `menu_id`, `depth`, `created_at`, `updated_at`, `role_id`) VALUES
(1, 'Home', '/', 0, 0, NULL, 9, 0, '2024-06-04 05:14:07', '2024-06-22 10:23:30', 0),
(2, 'Courses', '/courses', 0, 1, NULL, 9, 0, '2024-06-04 05:14:18', '2024-06-22 10:23:30', 0),
(3, 'Blog', '/blog', 0, 3, NULL, 9, 0, '2024-06-04 05:14:28', '2024-07-02 22:17:04', 0),
(4, 'About Us', '/about-us', 0, 2, NULL, 9, 0, '2024-06-04 05:14:38', '2024-06-25 06:01:57', 0),
(5, 'Contact', '/contact', 0, 4, NULL, 9, 0, '2024-06-04 05:14:47', '2024-06-04 05:14:56', 0),
(6, 'Instructors', '/all-instructors', 0, 5, NULL, 9, 0, '2024-06-04 05:14:56', '2024-06-21 21:26:11', 0),
(7, 'Home', '/', 0, 0, NULL, 10, 0, '2024-06-05 01:07:29', '2024-06-05 01:07:39', 0),
(8, 'Courses', '/courses', 0, 1, NULL, 10, 0, '2024-06-05 01:07:39', '2024-06-05 01:07:47', 0),
(9, 'Blog', '/blog', 0, 2, NULL, 10, 0, '2024-06-05 01:07:47', '2024-07-02 22:16:28', 0),
(10, 'About Us', '/about-us', 0, 3, NULL, 10, 0, '2024-06-05 01:07:56', '2024-06-05 01:08:03', 0),
(11, 'Contact', '/contact', 0, 4, NULL, 10, 0, '2024-06-05 01:08:03', '2024-06-05 01:08:11', 0),
(13, 'Contact Us', '/contact', 0, 0, NULL, 13, 0, '2024-06-05 01:09:52', '2024-06-05 01:10:06', 0),
(14, 'Privacy Policy', '/page/privacy-policy', 0, 1, NULL, 13, 0, '2024-06-05 01:34:50', '2024-06-05 01:34:50', 0),
(15, 'Terms and Conditions', '/page/terms-and-conditions', 0, 2, NULL, 13, 0, '2024-06-05 01:35:19', '2024-06-05 01:35:19', 0),
(16, 'Become Teacher', '/register', 0, 3, NULL, 13, 0, '2024-06-05 01:35:41', '2024-06-05 01:35:41', 0),
(18, 'All Instructors', '/all-instructors', 0, 4, NULL, 13, 0, '2024-06-05 01:37:10', '2024-06-10 23:31:36', 0),
(19, 'Privacy Policy', '/page/privacy-policy', 0, 0, NULL, 14, 0, '2024-06-05 01:39:40', '2024-06-05 01:40:08', 0),
(20, 'Terms and Conditions', '/page/terms-and-conditions', 0, 2, NULL, 14, 0, '2024-06-05 01:40:08', '2024-06-05 01:40:08', 0),
(21, 'Privacy Policy', '/page/privacy-policy', 23, 8, NULL, 9, 1, '2024-06-07 12:26:31', '2024-06-30 06:22:47', 0),
(22, 'Terms and Conditions', '/page/terms-and-conditions', 23, 7, NULL, 9, 1, '2024-06-07 12:26:54', '2024-06-30 06:22:47', 0),
(23, 'More', '#', 0, 6, NULL, 9, 0, '2024-06-07 12:27:29', '2024-06-09 22:45:59', 0);

-- --------------------------------------------------------

--
-- Table structure for table `menu_item_translations`
--

CREATE TABLE IF NOT EXISTS `menu_item_translations` (
  `id` bigint UNSIGNED NOT NULL AUTO_INCREMENT,
  `menu_item_id` bigint UNSIGNED NOT NULL,
  `lang_code` varchar(255) CHARACTER SET utf8mb4 COLLATE utf8mb4_general_ci NOT NULL,
  `label` varchar(255) CHARACTER SET utf8mb4 COLLATE utf8mb4_general_ci NOT NULL,
  `created_at` timestamp NULL DEFAULT NULL,
  `updated_at` timestamp NULL DEFAULT NULL,
  PRIMARY KEY (`id`),
  KEY `menu_item_translations_menu_item_id_foreign` (`menu_item_id`)
) ENGINE=InnoDB AUTO_INCREMENT=76 DEFAULT CHARSET=utf8mb4 COLLATE=utf8mb4_general_ci;

--
-- Dumping data for table `menu_item_translations`
--

INSERT INTO `menu_item_translations` (`id`, `menu_item_id`, `lang_code`, `label`, `created_at`, `updated_at`) VALUES
(1, 1, 'en', 'Home', '2024-06-04 05:14:07', '2024-06-04 05:14:07'),
(2, 1, 'hi', 'होम', '2024-06-04 05:14:07', '2024-06-09 22:37:15'),
(3, 1, 'ar', 'بيت', '2024-06-04 05:14:07', '2024-06-09 22:41:29'),
(4, 2, 'en', 'Courses', '2024-06-04 05:14:18', '2024-06-04 05:14:18'),
(5, 2, 'hi', 'कोर्सेज़', '2024-06-04 05:14:18', '2024-06-09 22:38:03'),
(6, 2, 'ar', 'دورات', '2024-06-04 05:14:18', '2024-06-09 22:41:57'),
(7, 3, 'en', 'Blog', '2024-06-04 05:14:28', '2024-07-02 22:12:47'),
(8, 3, 'hi', 'ब्लॉग्स', '2024-06-04 05:14:28', '2024-06-09 22:38:29'),
(9, 3, 'ar', 'مدونات', '2024-06-04 05:14:28', '2024-06-09 22:42:18'),
(10, 4, 'en', 'About Us', '2024-06-04 05:14:38', '2024-06-04 05:14:38'),
(11, 4, 'hi', 'अबाउट अस', '2024-06-04 05:14:38', '2024-06-09 22:38:53'),
(12, 4, 'ar', 'حولنا', '2024-06-04 05:14:38', '2024-06-09 22:42:41'),
(13, 5, 'en', 'Contact', '2024-06-04 05:14:47', '2024-06-04 05:14:47'),
(14, 5, 'hi', 'कॉन्टैक्ट', '2024-06-04 05:14:47', '2024-06-09 22:39:13'),
(15, 5, 'ar', 'اتصل', '2024-06-04 05:14:47', '2024-06-09 22:43:09'),
(16, 6, 'en', 'Instructors', '2024-06-04 05:14:56', '2024-06-21 21:26:11'),
(17, 6, 'hi', 'ऑल इंस्ट्रक्टर्स', '2024-06-04 05:14:56', '2024-06-09 22:39:35'),
(18, 6, 'ar', 'كل المدربين', '2024-06-04 05:14:56', '2024-06-09 22:43:31'),
(19, 7, 'en', 'Home', '2024-06-05 01:07:29', '2024-06-05 01:07:29'),
(20, 7, 'hi', 'Home', '2024-06-05 01:07:29', '2024-06-05 01:07:29'),
(21, 7, 'ar', 'Home', '2024-06-05 01:07:29', '2024-06-05 01:07:29'),
(22, 8, 'en', 'Courses', '2024-06-05 01:07:39', '2024-06-05 01:07:39'),
(23, 8, 'hi', 'Courses', '2024-06-05 01:07:39', '2024-06-05 01:07:39'),
(24, 8, 'ar', 'Courses', '2024-06-05 01:07:39', '2024-06-05 01:07:39'),
(25, 9, 'en', 'Blog', '2024-06-05 01:07:47', '2024-07-02 22:13:20'),
(26, 9, 'hi', 'Blogs', '2024-06-05 01:07:47', '2024-06-05 01:07:47'),
(27, 9, 'ar', 'Blogs', '2024-06-05 01:07:47', '2024-06-05 01:07:47'),
(28, 10, 'en', 'About Us', '2024-06-05 01:07:56', '2024-06-05 01:07:56'),
(29, 10, 'hi', 'About Us', '2024-06-05 01:07:56', '2024-06-05 01:07:56'),
(30, 10, 'ar', 'About Us', '2024-06-05 01:07:56', '2024-06-05 01:07:56'),
(31, 11, 'en', 'Contact', '2024-06-05 01:08:03', '2024-06-05 01:08:03'),
(32, 11, 'hi', 'Contact', '2024-06-05 01:08:03', '2024-06-05 01:08:03'),
(33, 11, 'ar', 'Contact', '2024-06-05 01:08:03', '2024-06-05 01:08:03'),
(37, 13, 'en', 'Contact Us', '2024-06-05 01:09:52', '2024-06-05 01:10:06'),
(38, 13, 'hi', 'Contact', '2024-06-05 01:09:52', '2024-06-05 01:09:52'),
(39, 13, 'ar', 'Contact', '2024-06-05 01:09:52', '2024-06-05 01:09:52'),
(40, 14, 'en', 'Privacy Policy', '2024-06-05 01:34:50', '2024-06-05 01:34:50'),
(41, 14, 'hi', 'Privacy Policy', '2024-06-05 01:34:50', '2024-06-05 01:34:50'),
(42, 14, 'ar', 'Privacy Policy', '2024-06-05 01:34:50', '2024-06-05 01:34:50'),
(43, 15, 'en', 'Terms and Conditions', '2024-06-05 01:35:19', '2024-06-05 01:35:19'),
(44, 15, 'hi', 'Terms and Conditions', '2024-06-05 01:35:19', '2024-06-05 01:35:19'),
(45, 15, 'ar', 'Terms and Conditions', '2024-06-05 01:35:19', '2024-06-05 01:35:19'),
(46, 16, 'en', 'Become Teacher', '2024-06-05 01:35:41', '2024-06-05 01:35:41'),
(47, 16, 'hi', 'Become Teacher', '2024-06-05 01:35:41', '2024-06-05 01:35:41'),
(48, 16, 'ar', 'Become Teacher', '2024-06-05 01:35:41', '2024-06-05 01:35:41'),
(52, 18, 'en', 'All Instructors', '2024-06-05 01:37:10', '2024-06-05 01:37:10'),
(53, 18, 'hi', 'All Instructors', '2024-06-05 01:37:10', '2024-06-05 01:37:10'),
(54, 18, 'ar', 'All Instructors', '2024-06-05 01:37:10', '2024-06-05 01:37:10'),
(55, 19, 'en', 'Privacy Policy', '2024-06-05 01:39:40', '2024-06-05 01:39:40'),
(56, 19, 'hi', 'Privacy Policy', '2024-06-05 01:39:40', '2024-06-05 01:39:40'),
(57, 19, 'ar', 'Privacy Policy', '2024-06-05 01:39:40', '2024-06-05 01:39:40'),
(58, 20, 'en', 'Terms and Conditions', '2024-06-05 01:40:08', '2024-06-05 01:40:08'),
(59, 20, 'hi', 'Terms and Conditions', '2024-06-05 01:40:08', '2024-06-05 01:40:08'),
(60, 20, 'ar', 'Terms and Conditions', '2024-06-05 01:40:08', '2024-06-05 01:40:08'),
(61, 21, 'en', 'Privacy Policy', '2024-06-07 12:26:31', '2024-06-07 12:26:31'),
(62, 21, 'hi', 'प्राइवेसी नीति', '2024-06-07 12:26:31', '2024-06-09 22:40:29'),
(63, 21, 'ar', 'سياسة الخصوصية', '2024-06-07 12:26:31', '2024-06-09 22:44:09'),
(64, 22, 'en', 'Terms and Conditions', '2024-06-07 12:26:54', '2024-06-07 12:26:54'),
(65, 22, 'hi', 'शर्तें और नियम', '2024-06-07 12:26:54', '2024-06-09 22:40:47'),
(66, 22, 'ar', 'الشروط والأحكام', '2024-06-07 12:26:54', '2024-06-09 22:44:34'),
(67, 23, 'en', 'More', '2024-06-07 12:27:29', '2024-06-07 12:27:29'),
(68, 23, 'hi', 'मोर', '2024-06-07 12:27:29', '2024-06-09 22:40:03'),
(69, 23, 'ar', 'المزيد', '2024-06-07 12:27:29', '2024-06-09 22:43:52');

-- --------------------------------------------------------

--
-- Table structure for table `menu_translations`
--

CREATE TABLE IF NOT EXISTS `menu_translations` (
  `id` bigint UNSIGNED NOT NULL AUTO_INCREMENT,
  `menu_id` bigint UNSIGNED NOT NULL,
  `lang_code` varchar(255) CHARACTER SET utf8mb4 COLLATE utf8mb4_general_ci NOT NULL,
  `name` varchar(255) CHARACTER SET utf8mb4 COLLATE utf8mb4_general_ci NOT NULL,
  `created_at` timestamp NULL DEFAULT NULL,
  `updated_at` timestamp NULL DEFAULT NULL,
  PRIMARY KEY (`id`),
  KEY `menu_translations_menu_id_foreign` (`menu_id`)
) ENGINE=InnoDB AUTO_INCREMENT=39 DEFAULT CHARSET=utf8mb4 COLLATE=utf8mb4_general_ci;

--
-- Dumping data for table `menu_translations`
--

INSERT INTO `menu_translations` (`id`, `menu_id`, `lang_code`, `name`, `created_at`, `updated_at`) VALUES
(7, 9, 'en', 'Nav Menu', '2024-05-23 06:10:20', '2024-06-30 06:03:48'),
(9, 10, 'en', 'Footer Col One', '2024-05-26 00:25:04', '2024-07-02 22:13:21'),
(15, 13, 'en', 'footer_col_two', '2024-05-26 00:25:37', '2024-05-26 00:25:37'),
(17, 14, 'en', 'footer_col_three', '2024-05-26 00:32:09', '2024-05-26 00:32:09'),
(23, 9, 'bn', 'nav_menu', '2024-05-31 11:14:54', '2024-05-31 11:14:54'),
(24, 10, 'bn', 'footer_col_one', '2024-05-31 11:14:54', '2024-05-31 11:14:54'),
(25, 13, 'bn', 'footer_col_two', '2024-05-31 11:14:54', '2024-05-31 11:14:54'),
(26, 14, 'bn', 'footer_col_three', '2024-05-31 11:14:54', '2024-05-31 11:14:54'),
(27, 9, 'hi', 'nav_menu', '2024-05-31 11:15:13', '2024-05-31 11:15:13'),
(28, 10, 'hi', 'footer_col_one', '2024-05-31 11:15:13', '2024-05-31 11:15:13'),
(29, 13, 'hi', 'footer_col_two', '2024-05-31 11:15:13', '2024-05-31 11:15:13'),
(30, 14, 'hi', 'footer_col_three', '2024-05-31 11:15:13', '2024-05-31 11:15:13'),
(31, 9, 'hi', 'nav_menu', '2024-06-03 03:45:51', '2024-06-03 03:45:51'),
(32, 10, 'hi', 'footer_col_one', '2024-06-03 03:45:51', '2024-06-03 03:45:51'),
(33, 13, 'hi', 'footer_col_two', '2024-06-03 03:45:51', '2024-06-03 03:45:51'),
(34, 14, 'hi', 'footer_col_three', '2024-06-03 03:45:51', '2024-06-03 03:45:51'),
(35, 9, 'ar', 'nav_menu', '2024-06-03 03:46:26', '2024-06-03 03:46:26'),
(36, 10, 'ar', 'Footer Col One', '2024-06-03 03:46:26', '2024-06-26 21:53:54'),
(37, 13, 'ar', 'footer_col_two', '2024-06-03 03:46:26', '2024-06-03 03:46:26'),
(38, 14, 'ar', 'footer_col_three', '2024-06-03 03:46:26', '2024-06-03 03:46:26');

-- --------------------------------------------------------

--
-- Table structure for table `migrations`
--

CREATE TABLE IF NOT EXISTS `migrations` (
  `id` int UNSIGNED NOT NULL AUTO_INCREMENT,
  `migration` varchar(255) CHARACTER SET utf8mb4 COLLATE utf8mb4_general_ci NOT NULL,
  `batch` int NOT NULL,
  PRIMARY KEY (`id`)
) ENGINE=InnoDB AUTO_INCREMENT=119 DEFAULT CHARSET=utf8mb4 COLLATE=utf8mb4_general_ci;

--
-- Dumping data for table `migrations`
--

INSERT INTO `migrations` (`id`, `migration`, `batch`) VALUES
(1, '2014_10_12_000000_create_users_table', 1),
(2, '2014_10_12_100000_create_password_reset_tokens_table', 1),
(3, '2019_08_19_000000_create_failed_jobs_table', 1),
(4, '2019_12_14_000001_create_personal_access_tokens_table', 1),
(5, '2023_11_05_045432_create_admins_table', 1),
(6, '2023_11_05_114814_create_languages_table', 1),
(7, '2023_11_06_043247_create_settings_table', 1),
(8, '2023_11_06_054251_create_seo_settings_table', 1),
(9, '2023_11_06_094842_create_custom_paginations_table', 1),
(10, '2023_11_06_115856_create_email_templates_table', 1),
(11, '2023_11_07_051924_create_multi_currencies_table', 1),
(12, '2023_11_07_103108_create_basic_payments_table', 1),
(13, '2023_11_07_104315_create_blog_categories_table', 1),
(14, '2023_11_07_104328_create_blog_category_translations_table', 1),
(15, '2023_11_07_104336_create_blogs_table', 1),
(16, '2023_11_07_104343_create_blog_translations_table', 1),
(17, '2023_11_07_104546_create_blog_comments_table', 1),
(18, '2023_11_09_035236_create_payment_gateways_table', 1),
(19, '2023_11_09_100621_create_jobs_table', 1),
(20, '2023_11_16_035458_add_user_info_to_users', 1),
(21, '2023_11_16_061508_add_forget_info_to_users', 1),
(22, '2023_11_16_063639_add_phone_to_users', 1),
(23, '2023_11_19_055229_add_image_to_users', 1),
(24, '2023_11_19_064341_create_banned_histories_table', 1),
(25, '2023_11_21_043030_create_news_letters_table', 1),
(26, '2023_11_21_094702_create_contact_messages_table', 1),
(27, '2023_11_22_105539_create_permission_tables', 1),
(28, '2023_11_29_055540_create_orders_table', 1),
(29, '2023_11_29_095126_create_coupons_table', 1),
(30, '2023_11_29_104658_create_testimonials_table', 1),
(31, '2023_11_29_104704_create_testimonial_translations_table', 1),
(32, '2023_11_29_105234_create_coupon_histories_table', 1),
(33, '2023_11_29_113632_add_min_price_to_coupon', 1),
(34, '2023_11_30_044838_create_faqs_table', 1),
(35, '2023_11_30_044844_create_faq_translations_table', 1),
(36, '2023_11_30_095404_add_wallet_balance_to_users', 1),
(37, '2023_12_04_071839_create_withraw_methods_table', 1),
(38, '2023_12_04_095319_create_withdraw_requests_table', 1),
(39, '2024_01_01_054644_create_socialite_credentials_table', 1),
(40, '2024_01_03_092007_create_custom_codes_table', 1),
(41, '2024_02_28_064128_add_forgot_info_to_admins', 1),
(42, '2024_03_28_095207_create_menus_wp_table', 1),
(43, '2024_03_28_095208_create_menu_translations_table', 1),
(44, '2024_03_28_095209_create_menu_items_wp_table', 1),
(45, '2024_03_28_095210_create_menu_item_translations_table', 1),
(46, '2024_03_28_095211_add-role-id-to-menu-items-table', 1),
(47, '2024_04_03_042331_add_new_columns_to_users', 1),
(48, '2024_04_03_044043_create_user_education_table', 1),
(49, '2024_04_03_044103_create_user_experiences_table', 1),
(50, '2024_04_03_044134_create_user_skill_topics_table', 1),
(51, '2024_04_05_060046_create_countries_table', 1),
(52, '2024_04_05_060133_create_states_table', 1),
(53, '2024_04_05_060149_create_cities_table', 1),
(54, '2024_04_08_041719_create_instructor_requests_table', 1),
(55, '2024_04_08_042513_create_instructor_request_settings_table', 1),
(56, '2024_04_15_103628_create_course_categories_table', 1),
(57, '2024_04_15_112656_create_course_category_translations_table', 1),
(58, '2024_04_18_031942_create_course_languages_table', 1),
(59, '2024_04_18_044110_create_course_levels_table', 1),
(60, '2024_04_18_044125_create_course_level_translations_table', 1),
(61, '2024_04_18_070749_create_courses_table', 1),
(62, '2024_04_21_093245_create_course_partner_instructors_table', 1),
(63, '2024_04_21_094654_create_course_selected_levels_table', 1),
(64, '2024_04_21_094841_create_course_selected_languages_table', 1),
(65, '2024_04_21_095342_create_course_selected_filter_options_table', 1),
(66, '2024_04_22_114039_create_course_chapters_table', 1),
(67, '2024_04_23_090340_create_course_chapter_items_table', 1),
(68, '2024_04_23_090700_create_course_chapter_lessons_table', 1),
(69, '2024_04_24_093046_create_quizzes_table', 1),
(70, '2024_04_24_114441_create_quiz_questions_table', 1),
(71, '2024_04_28_034905_create_quiz_question_answers_table', 1),
(72, '2024_05_06_094927_create_order_items_table', 1),
(73, '2024_05_06_094946_create_enrollments_table', 1),
(74, '2024_05_12_035535_create_course_progress_table', 1),
(75, '2024_05_13_041532_create_quiz_results_table', 1),
(76, '2024_05_13_101033_create_lesson_questions_table', 1),
(77, '2024_05_13_101258_create_lesson_replies_table', 1),
(78, '2024_05_14_095807_create_announcements_table', 1),
(79, '2024_05_14_114640_create_course_reviews_table', 1),
(80, '2024_05_16_034644_create_certificate_builders_table', 1),
(81, '2024_05_16_041919_create_certificate_builder_items_table', 1),
(82, '2024_05_16_110701_create_badges_table', 1),
(83, '2024_05_20_052819_create_brands_table', 1),
(84, '2024_05_20_094331_create_featured_course_sections_table', 1),
(85, '2024_05_21_060612_create_featured_instructors_table', 1),
(86, '2024_05_21_060634_create_featured_instructor_translations_table', 1),
(87, '2024_05_26_032547_create_section_settings_table', 1),
(88, '2024_05_26_052359_create_footer_settings_table', 1),
(89, '2024_05_26_065953_create_social_links_table', 1),
(90, '2024_05_26_164008_create_contact_sections_table', 1),
(91, '2024_05_27_045919_create_custom_pages_table', 1),
(92, '2024_05_27_050016_create_custom_page_translations_table', 1),
(93, '2024_06_02_045115_add_softdelete_to_courses_table', 1),
(94, '2024_06_02_080423_create_course_delete_requests_table', 1),
(95, '2024_02_10_060044_create_configurations_table', 1),
(96, '2024_09_01_042120_create_course_live_classes_table', 1),
(97, '2024_09_01_042119_create_zoom_credentials_table', 1),
(98, '2024_09_04_122554_create_jitsi_settings_table', 1),
(99, '2024_09_10_103347_create_marketing_settings_table', 1),
(100, '2024_09_29_090219_create_instructor_request_setting_translations_table', 2),
(101, '2024_10_08_060425_create_homes_table', 3),
(102, '2024_10_08_060618_create_sections_table', 3),
(103, '2024_10_08_060636_create_section_translations_table', 3),
(113, '2024_12_09_064934_favorite_course_user', 4),
(114, '2024_12_10_051251_create_custom_addons_table', 4),
(115, '2025_01_13_082341_create_carts_table', 5),
(116, '2024_11_24_045801_create_bkash_p_g_models_table', 6),
(117, '2025_01_09_103147_create_crypto_p_g_table', 7),
(118, '2025_01_14_084523_create_mercadopagopg_table', 8);

-- --------------------------------------------------------

--
-- Table structure for table `model_has_permissions`
--

CREATE TABLE IF NOT EXISTS `model_has_permissions` (
  `permission_id` bigint UNSIGNED NOT NULL,
  `model_type` varchar(255) CHARACTER SET utf8mb4 COLLATE utf8mb4_general_ci NOT NULL,
  `model_id` bigint UNSIGNED NOT NULL,
  PRIMARY KEY (`permission_id`,`model_id`,`model_type`),
  KEY `model_has_permissions_model_id_model_type_index` (`model_id`,`model_type`)
) ENGINE=InnoDB DEFAULT CHARSET=utf8mb4 COLLATE=utf8mb4_general_ci;

-- --------------------------------------------------------

--
-- Table structure for table `model_has_roles`
--

CREATE TABLE IF NOT EXISTS `model_has_roles` (
  `role_id` bigint UNSIGNED NOT NULL,
  `model_type` varchar(255) CHARACTER SET utf8mb4 COLLATE utf8mb4_general_ci NOT NULL,
  `model_id` bigint UNSIGNED NOT NULL,
  PRIMARY KEY (`role_id`,`model_id`,`model_type`),
  KEY `model_has_roles_model_id_model_type_index` (`model_id`,`model_type`)
) ENGINE=InnoDB DEFAULT CHARSET=utf8mb4 COLLATE=utf8mb4_general_ci;

--
-- Dumping data for table `model_has_roles`
--

INSERT INTO `model_has_roles` (`role_id`, `model_type`, `model_id`) VALUES
(1, 'App\\Models\\Admin', 1);

-- --------------------------------------------------------

--
-- Table structure for table `multi_currencies`
--

CREATE TABLE IF NOT EXISTS `multi_currencies` (
  `id` bigint UNSIGNED NOT NULL AUTO_INCREMENT,
  `currency_name` varchar(255) CHARACTER SET utf8mb4 COLLATE utf8mb4_general_ci NOT NULL,
  `country_code` varchar(255) CHARACTER SET utf8mb4 COLLATE utf8mb4_general_ci NOT NULL,
  `currency_code` varchar(255) CHARACTER SET utf8mb4 COLLATE utf8mb4_general_ci NOT NULL,
  `currency_icon` varchar(255) CHARACTER SET utf8mb4 COLLATE utf8mb4_general_ci NOT NULL,
  `is_default` varchar(255) CHARACTER SET utf8mb4 COLLATE utf8mb4_general_ci NOT NULL,
  `currency_rate` float NOT NULL,
  `currency_position` varchar(255) CHARACTER SET utf8mb4 COLLATE utf8mb4_general_ci NOT NULL DEFAULT 'before_price',
  `status` varchar(255) CHARACTER SET utf8mb4 COLLATE utf8mb4_general_ci NOT NULL,
  `created_at` timestamp NULL DEFAULT NULL,
  `updated_at` timestamp NULL DEFAULT NULL,
  PRIMARY KEY (`id`)
) ENGINE=InnoDB AUTO_INCREMENT=8 DEFAULT CHARSET=utf8mb4 COLLATE=utf8mb4_general_ci;

--
-- Dumping data for table `multi_currencies`
--

INSERT INTO `multi_currencies` (`id`, `currency_name`, `country_code`, `currency_code`, `currency_icon`, `is_default`, `currency_rate`, `currency_position`, `status`, `created_at`, `updated_at`) VALUES
(1, '$-USD', 'US', 'USD', '$', 'yes', 1, 'before_price', 'active', '2024-06-03 02:02:30', '2024-06-14 05:22:35'),
(2, '₦-Naira', 'NG', 'NGN', '₦', 'no', 417.35, 'before_price', 'active', '2024-06-03 02:02:30', '2024-06-14 05:17:48'),
(3, '₹-Rupee', 'IN', 'INR', '₹', 'no', 74.66, 'before_price', 'active', '2024-06-03 02:02:30', '2024-06-03 02:02:30'),
(4, '₱-Peso', 'PH', 'PHP', '₱', 'no', 55.07, 'before_price', 'active', '2024-06-03 02:02:30', '2024-06-03 02:02:30'),
(5, '$-CAD', 'CA', 'CAD', '$', 'no', 1.27, 'before_price', 'active', '2024-06-03 02:02:30', '2024-06-14 05:18:15'),
(6, '৳-Taka', 'BD', 'BDT', '৳', 'no', 80, 'before_price', 'active', '2024-06-03 02:02:30', '2024-06-14 05:22:34');

-- --------------------------------------------------------

--
-- Table structure for table `orders`
--

CREATE TABLE IF NOT EXISTS `orders` (
  `id` bigint UNSIGNED NOT NULL AUTO_INCREMENT,
  `invoice_id` text CHARACTER SET utf8mb4 COLLATE utf8mb4_general_ci,
  `buyer_id` bigint UNSIGNED DEFAULT NULL,
  `seller_id` bigint UNSIGNED DEFAULT NULL,
  `status` enum('pending','processing','completed','declined') CHARACTER SET utf8mb4 COLLATE utf8mb4_general_ci NOT NULL DEFAULT 'pending',
  `has_coupon` tinyint(1) NOT NULL DEFAULT '0',
  `coupon_code` varchar(255) CHARACTER SET utf8mb4 COLLATE utf8mb4_general_ci DEFAULT NULL,
  `coupon_discount_percent` int DEFAULT NULL,
  `coupon_discount_amount` double DEFAULT NULL,
  `payment_method` varchar(255) CHARACTER SET utf8mb4 COLLATE utf8mb4_general_ci DEFAULT NULL,
  `payment_status` varchar(255) CHARACTER SET utf8mb4 COLLATE utf8mb4_general_ci DEFAULT NULL,
  `payable_amount` double DEFAULT NULL,
  `gateway_charge` double DEFAULT NULL,
  `payable_with_charge` double DEFAULT NULL,
  `paid_amount` double DEFAULT NULL,
  `conversion_rate` double DEFAULT NULL,
  `payable_currency` varchar(255) CHARACTER SET utf8mb4 COLLATE utf8mb4_general_ci DEFAULT NULL,
  `payment_details` text CHARACTER SET utf8mb4 COLLATE utf8mb4_general_ci,
  `transaction_id` varchar(255) CHARACTER SET utf8mb4 COLLATE utf8mb4_general_ci DEFAULT NULL,
  `commission_rate` int DEFAULT NULL,
  `order_type` varchar(255) CHARACTER SET utf8mb4 COLLATE utf8mb4_general_ci DEFAULT 'course',
  `order_details` text CHARACTER SET utf8mb4 COLLATE utf8mb4_general_ci,
  `created_at` timestamp NULL DEFAULT NULL,
  `updated_at` timestamp NULL DEFAULT NULL,
  PRIMARY KEY (`id`)
) ENGINE=InnoDB AUTO_INCREMENT=12 DEFAULT CHARSET=utf8mb4 COLLATE=utf8mb4_general_ci;

--
-- Dumping data for table `orders`
--

INSERT INTO `orders` (`id`, `invoice_id`, `buyer_id`, `seller_id`, `status`, `has_coupon`, `coupon_code`, `coupon_discount_percent`, `coupon_discount_amount`, `payment_method`, `payment_status`, `payable_amount`, `gateway_charge`, `payable_with_charge`, `paid_amount`, `conversion_rate`, `payable_currency`, `payment_details`, `transaction_id`, `commission_rate`, `order_type`, `order_details`, `created_at`, `updated_at`) VALUES
(1, 'FE3JCGKStj', 1000, NULL, 'completed', 0, NULL, NULL, NULL, 'Flutterwave', 'paid', 156, 0, 156, 156, 1, 'USD', '{\"status\":\"success\",\"trx_id\":\"5818032\",\"amount\":156,\"amount_settled\":150.07,\"currency\":\"USD\",\"charged_amount\":156,\"app_fee\":5.93,\"merchant_fee\":0,\"card_last_4digits\":\"2950\"}', '5818032', 0, 'course', NULL, '2024-06-06 05:07:32', '2024-06-06 05:07:32'),
(2, 'uy6Pl55gsG', 1001, NULL, 'completed', 0, NULL, NULL, NULL, 'Stripe', 'paid', 138, 0, 13800, 138, 1, 'USD', '{\"transaction_id\":\"txn_3PPk3dLdrMGLvvfW1kqS2xCP\",\"amount\":13800,\"currency\":\"usd\",\"paid\":true,\"description\":\"SkillGro\",\"seller_message\":\"Payment complete.\",\"payment_method\":\"card_1PPk3bLdrMGLvvfWKGS6lTor\",\"card_last4_digit\":\"4242\",\"card_brand\":\"visa - US\",\"receipt_url\":\"https:\\/\\/pay.stripe.com\\/receipts\\/payment\\/CAcaFwoVYWNjdF8xRkRScGdMZHJNR0x2dmZXKOanlrMGMgaoQkY_t7M6LBbe_dXQUMlfvpP6O4v1obxE4nKuqXe4p-0ucB4ae-P16KoMlGMdWP3VCGxE\",\"status\":\"succeeded\"}', 'txn_3PPk3dLdrMGLvvfW1kqS2xCP', 30, 'course', NULL, '2024-06-09 05:37:11', '2024-06-09 05:37:11'),
(3, 'Y6V9yaMGWg', 1001, NULL, 'completed', 0, NULL, NULL, NULL, 'Paypal', 'paid', 181, 0, 181, 181, 1, 'USD', '{\"payments_captures_id\":\"35R48768H8121462T\",\"amount\":\"181.00\",\"currency\":\"USD\",\"paid\":\"181.00\",\"paypal_fee\":\"6.81\",\"net_amount\":\"174.19\",\"status\":\"COMPLETED\"}', 'VBPTMXM3S298Y', 30, 'course', NULL, '2024-06-09 05:44:32', '2024-06-09 05:44:32'),
(4, 'NqfBN3KSr0', 1000, NULL, 'completed', 0, NULL, NULL, NULL, 'Bank', 'paid', 123, 0, 123, 123, 1, 'USD', '{\"bank_name\":\"Your bank name\",\"account_number\":\"Your bank account number\",\"routing_number\":\"Your bank routing number\",\"branch\":\"Your bank branch name\"}', 'BpT7bczHtz', 30, 'course', NULL, '2024-06-09 05:48:07', '2024-06-09 05:49:26'),
(5, 'm3VJws2OyI', 1000, NULL, 'completed', 0, NULL, NULL, NULL, 'Razorpay', 'paid', 63, 0, 4703.58, 4703.58, 74.66, 'INR', '{\"transaction_id\":\"pay_OKej5bnGWzRZCA\",\"amount\":470358,\"currency\":\"INR\",\"fee\":11102,\"description\":\"This is test payment window\",\"payment_method\":\"card\",\"status\":\"captured\"}', 'pay_OKej5bnGWzRZCA', 30, 'course', NULL, '2024-06-09 06:05:24', '2024-06-09 06:05:24'),
(6, 'NF5DxoYH4J', 1000, NULL, 'completed', 0, NULL, NULL, NULL, 'Mollie', 'paid', 72, 0, 72, 72, 1, 'USD', 'null', 'tr_b3VUj7PR7Y', 30, 'course', NULL, '2024-06-09 06:17:03', '2024-06-09 06:17:03'),
(7, 'CqWcTVARJ3', 1000, NULL, 'completed', 0, NULL, NULL, NULL, 'Instamojo', 'paid', 84, 0, 6271.44, 6271.44, 74.66, 'INR', 'null', 'MOJO4609T05A47578562', 30, 'course', NULL, '2024-06-09 06:22:55', '2024-06-09 06:22:55'),
(8, 'lt4LhLaVUT', 1000, NULL, 'completed', 0, NULL, NULL, NULL, 'Paystack', 'paid', 173, 0, 72201.55, 72201.55, 417.35, 'NGN', '{\"status\":\"success\",\"transaction_id\":\"3863688008\",\"requested_amount\":7220155,\"amount\":7220155,\"currency\":\"NGN\",\"gateway_response\":\"Successful\",\"paid_at\":\"2024-06-09T12:26:09.000Z\",\"card_last_4_digits\":\"4081\"}', '3863688008', 30, 'course', NULL, '2024-06-09 06:26:13', '2024-06-09 06:26:13'),
(9, 'F99j0kwFgv', 1000, NULL, 'completed', 0, NULL, NULL, NULL, 'Instamojo', 'paid', 72, 0, 5375.52, 5375.52, 74.66, 'INR', 'null', 'MOJO4615W05A96772483', 30, 'course', NULL, '2024-06-15 00:23:37', '2024-06-15 00:23:37'),
(10, 'B9X20FQ0H6', 1000, NULL, 'completed', 0, NULL, NULL, NULL, 'Flutterwave', 'paid', 181, 0, 181, 181, 1, 'USD', '{\"status\":\"success\",\"trx_id\":\"5834704\",\"amount\":181,\"amount_settled\":174.12,\"currency\":\"USD\",\"charged_amount\":181,\"app_fee\":6.88,\"merchant_fee\":0,\"card_last_4digits\":\"2950\"}', '5834704', 30, 'course', NULL, '2024-06-15 00:35:03', '2024-06-15 00:35:03'),
(11, 'JzN5lSt2yW', 1001, NULL, 'completed', 0, NULL, NULL, NULL, 'Flutterwave', 'paid', 155, 0, 155, 155, 1, 'USD', '{\"status\":\"success\",\"trx_id\":\"5853037\",\"amount\":155,\"amount_settled\":149.11,\"currency\":\"USD\",\"charged_amount\":155,\"app_fee\":5.89,\"merchant_fee\":0,\"card_last_4digits\":\"2950\"}', '5853037', 30, 'course', NULL, '2024-06-26 00:52:41', '2024-06-26 00:52:41');

-- --------------------------------------------------------

--
-- Table structure for table `order_items`
--

CREATE TABLE IF NOT EXISTS `order_items` (
  `id` bigint UNSIGNED NOT NULL AUTO_INCREMENT,
  `order_id` bigint UNSIGNED NOT NULL,
  `qty` int NOT NULL DEFAULT '1',
  `price` double NOT NULL,
  `item_type` enum('course','product') CHARACTER SET utf8mb4 COLLATE utf8mb4_general_ci NOT NULL DEFAULT 'course',
  `product_id` bigint UNSIGNED DEFAULT NULL,
  `course_id` bigint UNSIGNED NOT NULL,
  `commission_rate` int DEFAULT NULL,
  `created_at` timestamp NULL DEFAULT NULL,
  `updated_at` timestamp NULL DEFAULT NULL,
  PRIMARY KEY (`id`),
  KEY `order_items_order_id_foreign` (`order_id`)
) ENGINE=InnoDB AUTO_INCREMENT=13 DEFAULT CHARSET=utf8mb4 COLLATE=utf8mb4_general_ci;

--
-- Dumping data for table `order_items`
--

INSERT INTO `order_items` (`id`, `order_id`, `qty`, `price`, `item_type`, `product_id`, `course_id`, `commission_rate`, `created_at`, `updated_at`) VALUES
(1, 1, 1, 62, 'course', NULL, 58, 0, '2024-06-06 05:07:32', '2024-06-06 05:07:32'),
(2, 1, 1, 94, 'course', NULL, 47, 0, '2024-06-06 05:07:32', '2024-06-06 05:07:32'),
(3, 2, 1, 138, 'course', NULL, 69, 30, '2024-06-09 05:37:11', '2024-06-09 05:37:11'),
(4, 3, 1, 181, 'course', NULL, 6, 30, '2024-06-09 05:44:32', '2024-06-09 05:44:32'),
(5, 4, 1, 123, 'course', NULL, 64, 30, '2024-06-09 05:48:08', '2024-06-09 05:48:08'),
(6, 5, 1, 63, 'course', NULL, 61, 30, '2024-06-09 06:05:24', '2024-06-09 06:05:24'),
(7, 6, 1, 72, 'course', NULL, 30, 30, '2024-06-09 06:17:03', '2024-06-09 06:17:03'),
(8, 7, 1, 84, 'course', NULL, 29, 30, '2024-06-09 06:22:55', '2024-06-09 06:22:55'),
(9, 8, 1, 173, 'course', NULL, 26, 30, '2024-06-09 06:26:13', '2024-06-09 06:26:13'),
(10, 9, 1, 72, 'course', NULL, 16, 30, '2024-06-15 00:23:37', '2024-06-15 00:23:37'),
(11, 10, 1, 181, 'course', NULL, 6, 30, '2024-06-15 00:35:03', '2024-06-15 00:35:03'),
(12, 11, 1, 155, 'course', NULL, 65, 30, '2024-06-26 00:52:41', '2024-06-26 00:52:41');

-- --------------------------------------------------------

--
-- Table structure for table `permissions`
--

CREATE TABLE IF NOT EXISTS `permissions` (
  `id` bigint UNSIGNED NOT NULL AUTO_INCREMENT,
  `name` varchar(255) CHARACTER SET utf8mb4 COLLATE utf8mb4_general_ci NOT NULL,
  `guard_name` varchar(255) CHARACTER SET utf8mb4 COLLATE utf8mb4_general_ci NOT NULL,
  `group_name` varchar(255) CHARACTER SET utf8mb4 COLLATE utf8mb4_general_ci DEFAULT NULL,
  `created_at` timestamp NULL DEFAULT NULL,
  `updated_at` timestamp NULL DEFAULT NULL,
  PRIMARY KEY (`id`),
  UNIQUE KEY `permissions_name_guard_name_unique` (`name`,`guard_name`)
) ENGINE=InnoDB AUTO_INCREMENT=125 DEFAULT CHARSET=utf8mb4 COLLATE=utf8mb4_general_ci;

--
-- Dumping data for table `permissions`
--

INSERT INTO `permissions` (`id`, `name`, `guard_name`, `group_name`, `created_at`, `updated_at`) VALUES
(1, 'dashboard.view', 'admin', 'dashboard', '2024-06-03 02:02:30', '2024-06-03 02:02:30'),
(2, 'admin.profile.view', 'admin', 'admin profile', '2024-06-03 02:02:30', '2024-06-03 02:02:30'),
(3, 'admin.profile.edit', 'admin', 'admin profile', '2024-06-03 02:02:30', '2024-06-03 02:02:30'),
(4, 'admin.profile.update', 'admin', 'admin profile', '2024-06-03 02:02:30', '2024-06-03 02:02:30'),
(5, 'admin.profile.delete', 'admin', 'admin profile', '2024-06-03 02:02:30', '2024-06-03 02:02:30'),
(6, 'admin.view', 'admin', 'admin', '2024-06-03 02:02:30', '2024-06-03 02:02:30'),
(7, 'admin.create', 'admin', 'admin', '2024-06-03 02:02:30', '2024-06-03 02:02:30'),
(8, 'admin.store', 'admin', 'admin', '2024-06-03 02:02:30', '2024-06-03 02:02:30'),
(9, 'admin.edit', 'admin', 'admin', '2024-06-03 02:02:30', '2024-06-03 02:02:30'),
(10, 'admin.update', 'admin', 'admin', '2024-06-03 02:02:30', '2024-06-03 02:02:30'),
(11, 'admin.delete', 'admin', 'admin', '2024-06-03 02:02:30', '2024-06-03 02:02:30'),
(12, 'blog.category.view', 'admin', 'blog category', '2024-06-03 02:02:30', '2024-06-03 02:02:30'),
(13, 'blog.category.create', 'admin', 'blog category', '2024-06-03 02:02:30', '2024-06-03 02:02:30'),
(14, 'blog.category.translate', 'admin', 'blog category', '2024-06-03 02:02:30', '2024-06-03 02:02:30'),
(15, 'blog.category.store', 'admin', 'blog category', '2024-06-03 02:02:31', '2024-06-03 02:02:31'),
(16, 'blog.category.edit', 'admin', 'blog category', '2024-06-03 02:02:31', '2024-06-03 02:02:31'),
(17, 'blog.category.update', 'admin', 'blog category', '2024-06-03 02:02:31', '2024-06-03 02:02:31'),
(18, 'blog.category.delete', 'admin', 'blog category', '2024-06-03 02:02:31', '2024-06-03 02:02:31'),
(19, 'blog.view', 'admin', 'blog', '2024-06-03 02:02:31', '2024-06-03 02:02:31'),
(20, 'blog.create', 'admin', 'blog', '2024-06-03 02:02:31', '2024-06-03 02:02:31'),
(21, 'blog.translate', 'admin', 'blog', '2024-06-03 02:02:31', '2024-06-03 02:02:31'),
(22, 'blog.store', 'admin', 'blog', '2024-06-03 02:02:31', '2024-06-03 02:02:31'),
(23, 'blog.edit', 'admin', 'blog', '2024-06-03 02:02:31', '2024-06-03 02:02:31'),
(24, 'blog.update', 'admin', 'blog', '2024-06-03 02:02:31', '2024-06-03 02:02:31'),
(25, 'blog.delete', 'admin', 'blog', '2024-06-03 02:02:31', '2024-06-03 02:02:31'),
(26, 'blog.comment.view', 'admin', 'blog comment', '2024-06-03 02:02:31', '2024-06-03 02:02:31'),
(27, 'blog.comment.update', 'admin', 'blog comment', '2024-06-03 02:02:31', '2024-06-03 02:02:31'),
(28, 'blog.comment.delete', 'admin', 'blog comment', '2024-06-03 02:02:31', '2024-06-03 02:02:31'),
(29, 'role.view', 'admin', 'role', '2024-06-03 02:02:31', '2024-06-03 02:02:31'),
(30, 'role.create', 'admin', 'role', '2024-06-03 02:02:31', '2024-06-03 02:02:31'),
(31, 'role.store', 'admin', 'role', '2024-06-03 02:02:31', '2024-06-03 02:02:31'),
(32, 'role.assign', 'admin', 'role', '2024-06-03 02:02:31', '2024-06-03 02:02:31'),
(33, 'role.edit', 'admin', 'role', '2024-06-03 02:02:31', '2024-06-03 02:02:31'),
(34, 'role.update', 'admin', 'role', '2024-06-03 02:02:31', '2024-06-03 02:02:31'),
(35, 'role.delete', 'admin', 'role', '2024-06-03 02:02:31', '2024-06-03 02:02:31'),
(36, 'setting.view', 'admin', 'setting', '2024-06-03 02:02:31', '2024-06-03 02:02:31'),
(37, 'setting.update', 'admin', 'setting', '2024-06-03 02:02:31', '2024-06-03 02:02:31'),
(38, 'basic.payment.view', 'admin', 'basic payment', '2024-06-03 02:02:31', '2024-06-03 02:02:31'),
(39, 'basic.payment.update', 'admin', 'basic payment', '2024-06-03 02:02:31', '2024-06-03 02:02:31'),
(40, 'contect.message.view', 'admin', 'contect message', '2024-06-03 02:02:31', '2024-06-03 02:02:31'),
(41, 'contect.message.delete', 'admin', 'contect message', '2024-06-03 02:02:31', '2024-06-03 02:02:31'),
(42, 'currency.view', 'admin', 'currency', '2024-06-03 02:02:31', '2024-06-03 02:02:31'),
(43, 'currency.create', 'admin', 'currency', '2024-06-03 02:02:31', '2024-06-03 02:02:31'),
(44, 'currency.store', 'admin', 'currency', '2024-06-03 02:02:31', '2024-06-03 02:02:31'),
(45, 'currency.edit', 'admin', 'currency', '2024-06-03 02:02:31', '2024-06-03 02:02:31'),
(46, 'currency.update', 'admin', 'currency', '2024-06-03 02:02:31', '2024-06-03 02:02:31'),
(47, 'currency.delete', 'admin', 'currency', '2024-06-03 02:02:31', '2024-06-03 02:02:31'),
(48, 'media.view', 'admin', 'media', '2024-06-03 02:02:31', '2024-06-03 02:02:31'),
(49, 'media.create', 'admin', 'media', '2024-06-03 02:02:31', '2024-06-03 02:02:31'),
(50, 'media.store', 'admin', 'media', '2024-06-03 02:02:31', '2024-06-03 02:02:31'),
(51, 'media.edit', 'admin', 'media', '2024-06-03 02:02:31', '2024-06-03 02:02:31'),
(52, 'media.update', 'admin', 'media', '2024-06-03 02:02:31', '2024-06-03 02:02:31'),
(53, 'media.delete', 'admin', 'media', '2024-06-03 02:02:31', '2024-06-03 02:02:31'),
(54, 'customer.view', 'admin', 'customer', '2024-06-03 02:02:31', '2024-06-03 02:02:31'),
(55, 'customer.bulk.mail', 'admin', 'customer', '2024-06-03 02:02:31', '2024-06-03 02:02:31'),
(56, 'customer.create', 'admin', 'customer', '2024-06-03 02:02:31', '2024-06-03 02:02:31'),
(57, 'customer.store', 'admin', 'customer', '2024-06-03 02:02:31', '2024-06-03 02:02:31'),
(58, 'customer.edit', 'admin', 'customer', '2024-06-03 02:02:31', '2024-06-03 02:02:31'),
(59, 'customer.update', 'admin', 'customer', '2024-06-03 02:02:31', '2024-06-03 02:02:31'),
(60, 'customer.delete', 'admin', 'customer', '2024-06-03 02:02:31', '2024-06-03 02:02:31'),
(61, 'language.view', 'admin', 'language', '2024-06-03 02:02:31', '2024-06-03 02:02:31'),
(62, 'language.create', 'admin', 'language', '2024-06-03 02:02:31', '2024-06-03 02:02:31'),
(63, 'language.store', 'admin', 'language', '2024-06-03 02:02:31', '2024-06-03 02:02:31'),
(64, 'language.edit', 'admin', 'language', '2024-06-03 02:02:31', '2024-06-03 02:02:31'),
(65, 'language.update', 'admin', 'language', '2024-06-03 02:02:31', '2024-06-03 02:02:31'),
(66, 'language.delete', 'admin', 'language', '2024-06-03 02:02:31', '2024-06-03 02:02:31'),
(67, 'language.translate', 'admin', 'language', '2024-06-03 02:02:31', '2024-06-03 02:02:31'),
(68, 'language.single.translate', 'admin', 'language', '2024-06-03 02:02:31', '2024-06-03 02:02:31'),
(69, 'menu.view', 'admin', 'menu builder', '2024-06-03 02:02:32', '2024-06-03 02:02:32'),
(70, 'menu.create', 'admin', 'menu builder', '2024-06-03 02:02:32', '2024-06-03 02:02:32'),
(71, 'menu.store', 'admin', 'menu builder', '2024-06-03 02:02:32', '2024-06-03 02:02:32'),
(72, 'menu.edit', 'admin', 'menu builder', '2024-06-03 02:02:32', '2024-06-03 02:02:32'),
(73, 'menu.update', 'admin', 'menu builder', '2024-06-03 02:02:32', '2024-06-03 02:02:32'),
(74, 'menu.delete', 'admin', 'menu builder', '2024-06-03 02:02:32', '2024-06-03 02:02:32'),
(75, 'page.management', 'admin', 'page builder', '2024-06-03 02:02:32', '2024-06-03 02:02:32'),
(78, 'newsletter.view', 'admin', 'newsletter', '2024-06-03 02:02:32', '2024-06-03 02:02:32'),
(79, 'newsletter.mail', 'admin', 'newsletter', '2024-06-03 02:02:32', '2024-06-03 02:02:32'),
(80, 'newsletter.delete', 'admin', 'newsletter', '2024-06-03 02:02:32', '2024-06-03 02:02:32'),
(81, 'testimonial.view', 'admin', 'testimonial', '2024-06-03 02:02:32', '2024-06-03 02:02:32'),
(82, 'testimonial.create', 'admin', 'testimonial', '2024-06-03 02:02:32', '2024-06-03 02:02:32'),
(83, 'testimonial.translate', 'admin', 'testimonial', '2024-06-03 02:02:32', '2024-06-03 02:02:32'),
(84, 'testimonial.store', 'admin', 'testimonial', '2024-06-03 02:02:32', '2024-06-03 02:02:32'),
(85, 'testimonial.edit', 'admin', 'testimonial', '2024-06-03 02:02:32', '2024-06-03 02:02:32'),
(86, 'testimonial.update', 'admin', 'testimonial', '2024-06-03 02:02:32', '2024-06-03 02:02:32'),
(87, 'testimonial.delete', 'admin', 'testimonial', '2024-06-03 02:02:32', '2024-06-03 02:02:32'),
(88, 'faq.view', 'admin', 'faq', '2024-06-03 02:02:32', '2024-06-03 02:02:32'),
(89, 'faq.create', 'admin', 'faq', '2024-06-03 02:02:32', '2024-06-03 02:02:32'),
(90, 'faq.translate', 'admin', 'faq', '2024-06-03 02:02:32', '2024-06-03 02:02:32'),
(91, 'faq.store', 'admin', 'faq', '2024-06-03 02:02:32', '2024-06-03 02:02:32'),
(92, 'faq.edit', 'admin', 'faq', '2024-06-03 02:02:32', '2024-06-03 02:02:32'),
(93, 'faq.update', 'admin', 'faq', '2024-06-03 02:02:32', '2024-06-03 02:02:32'),
(94, 'faq.delete', 'admin', 'faq', '2024-06-03 02:02:32', '2024-06-03 02:02:32'),
(95, 'location.view', 'admin', 'locations', '2024-06-03 02:02:32', '2024-06-03 02:02:32'),
(96, 'location.create', 'admin', 'locations', '2024-06-03 02:02:32', '2024-06-03 02:02:32'),
(97, 'location.store', 'admin', 'locations', '2024-06-03 02:02:32', '2024-06-03 02:02:32'),
(98, 'location.edit', 'admin', 'locations', '2024-06-03 02:02:32', '2024-06-03 02:02:32'),
(99, 'location.update', 'admin', 'locations', '2024-06-03 02:02:32', '2024-06-03 02:02:32'),
(100, 'location.delete', 'admin', 'locations', '2024-06-03 02:02:32', '2024-06-03 02:02:32'),
(101, 'instructor.request.list', 'admin', 'instructor request', '2024-06-03 02:02:32', '2024-06-03 02:02:32'),
(102, 'instructor.request.setting', 'admin', 'instructor request', '2024-06-03 02:02:32', '2024-06-03 02:02:32'),
(103, 'course.management', 'admin', 'courses', '2024-06-03 02:02:32', '2024-06-03 02:02:32'),
(104, 'course.certificate.management', 'admin', 'course certificate management', '2024-06-03 02:02:32', '2024-06-03 02:02:32'),
(105, 'badge.management', 'admin', 'Badges', '2024-06-03 02:02:32', '2024-06-03 02:02:32'),
(106, 'order.management', 'admin', 'order management', '2024-06-03 02:02:32', '2024-06-03 02:02:32'),
(107, 'coupon.management', 'admin', 'coupon management', '2024-06-03 02:02:32', '2024-06-03 02:02:32'),
(108, 'withdraw.management', 'admin', 'withdraw management', '2024-06-03 02:02:32', '2024-06-03 02:02:32'),
(109, 'appearance.management', 'admin', 'site appearance management', '2024-06-03 02:02:32', '2024-06-03 02:02:32'),
(110, 'section.management', 'admin', 'site appearance management', '2024-06-03 02:02:32', '2024-06-03 02:02:32'),
(111, 'brand.management', 'admin', 'brand management', '2024-06-03 02:02:32', '2024-06-03 02:02:32'),
(112, 'footer.management', 'admin', 'footer management', '2024-06-03 02:02:32', '2024-06-03 02:02:32'),
(113, 'social.link.management', 'admin', 'social link management', '2024-06-03 02:02:32', '2024-06-03 02:02:32'),
(114, 'addon.view', 'admin', 'Addons', '2024-12-17 02:03:45', '2024-12-17 02:03:45'),
(115, 'addon.install', 'admin', 'Addons', '2024-12-17 02:03:45', '2024-12-17 02:03:45'),
(116, 'addon.update', 'admin', 'Addons', '2024-12-17 02:03:45', '2024-12-17 02:03:45'),
(117, 'addon.status.change', 'admin', 'Addons', '2024-12-17 02:03:45', '2024-12-17 02:03:45'),
(118, 'addon.remove', 'admin', 'Addons', '2024-12-17 02:03:45', '2024-12-17 02:03:45');

-- --------------------------------------------------------

--
-- Table structure for table `quizzes`
--

CREATE TABLE IF NOT EXISTS `quizzes` (
  `id` bigint UNSIGNED NOT NULL AUTO_INCREMENT,
  `chapter_item_id` bigint UNSIGNED NOT NULL,
  `instructor_id` bigint UNSIGNED NOT NULL,
  `chapter_id` bigint UNSIGNED NOT NULL,
  `course_id` bigint UNSIGNED NOT NULL,
  `title` varchar(255) CHARACTER SET utf8mb4 COLLATE utf8mb4_general_ci NOT NULL,
  `time` varchar(255) CHARACTER SET utf8mb4 COLLATE utf8mb4_general_ci DEFAULT NULL,
  `attempt` varchar(255) CHARACTER SET utf8mb4 COLLATE utf8mb4_general_ci DEFAULT NULL,
  `pass_mark` varchar(255) CHARACTER SET utf8mb4 COLLATE utf8mb4_general_ci DEFAULT NULL,
  `total_mark` varchar(255) CHARACTER SET utf8mb4 COLLATE utf8mb4_general_ci DEFAULT NULL,
  `status` enum('active','inactive') CHARACTER SET utf8mb4 COLLATE utf8mb4_general_ci NOT NULL DEFAULT 'active',
  `created_at` timestamp NULL DEFAULT NULL,
  `updated_at` timestamp NULL DEFAULT NULL,
  PRIMARY KEY (`id`)
) ENGINE=InnoDB AUTO_INCREMENT=491 DEFAULT CHARSET=utf8mb4 COLLATE=utf8mb4_general_ci;

--
-- Dumping data for table `quizzes`
--

INSERT INTO `quizzes` (`id`, `chapter_item_id`, `instructor_id`, `chapter_id`, `course_id`, `title`, `time`, `attempt`, `pass_mark`, `total_mark`, `status`, `created_at`, `updated_at`) VALUES
(1, 4, 1001, 1, 1, 'QUIZ: This is a demo quiz test', '10', '10', '50', '100', 'active', '2024-07-03 21:40:44', '2024-07-03 21:40:44'),
(2, 9, 1001, 2, 1, 'Cum debitis eius nisi voluptatem.', '10', '10', '50', '100', 'active', '2024-07-03 21:40:44', '2024-07-03 21:40:44'),
(3, 14, 1001, 3, 1, 'Asperiores autem voluptatem qui recusandae dolorem.', '10', '10', '50', '100', 'active', '2024-07-03 21:40:44', '2024-07-03 21:40:44'),
(4, 19, 1001, 4, 1, 'Ut tempora unde ut.', '10', '10', '50', '100', 'active', '2024-07-03 21:40:44', '2024-07-03 21:40:44'),
(5, 24, 1001, 5, 1, 'Est nulla ab dolorem sed aut.', '10', '10', '50', '100', 'active', '2024-07-03 21:40:44', '2024-07-03 21:40:44'),
(6, 29, 1001, 6, 1, 'Cum totam officiis excepturi molestias.', '10', '10', '50', '100', 'active', '2024-07-03 21:40:44', '2024-07-03 21:40:44'),
(7, 34, 1001, 7, 1, 'Veniam neque unde dolor officia.', '10', '10', '50', '100', 'active', '2024-07-03 21:40:44', '2024-07-03 21:40:44'),
(8, 39, 1011, 8, 2, 'QUIZ: This is a demo quiz test', '10', '10', '50', '100', 'active', '2024-07-03 21:40:44', '2024-07-03 21:40:44'),
(9, 44, 1011, 9, 2, 'Quis ipsum nesciunt consequuntur modi itaque laboriosam.', '10', '10', '50', '100', 'active', '2024-07-03 21:40:44', '2024-07-03 21:40:44'),
(10, 49, 1011, 10, 2, 'Id praesentium et non iste qui.', '10', '10', '50', '100', 'active', '2024-07-03 21:40:44', '2024-07-03 21:40:44'),
(11, 54, 1011, 11, 2, 'Molestiae temporibus dolorum non quaerat non.', '10', '10', '50', '100', 'active', '2024-07-03 21:40:44', '2024-07-03 21:40:44'),
(12, 59, 1011, 12, 2, 'Iure consequatur qui ducimus eum dolorem unde.', '10', '10', '50', '100', 'active', '2024-07-03 21:40:44', '2024-07-03 21:40:44'),
(13, 64, 1011, 13, 2, 'Corrupti quod eum aut vitae rerum.', '10', '10', '50', '100', 'active', '2024-07-03 21:40:44', '2024-07-03 21:40:44'),
(14, 69, 1011, 14, 2, 'Minima quia et nostrum at ullam.', '10', '10', '50', '100', 'active', '2024-07-03 21:40:44', '2024-07-03 21:40:44'),
(15, 74, 1001, 15, 3, 'QUIZ: This is a demo quiz test', '10', '10', '50', '100', 'active', '2024-07-03 21:40:44', '2024-07-03 21:40:44'),
(16, 79, 1001, 16, 3, 'Omnis fugiat voluptatum tempora aliquam ea.', '10', '10', '50', '100', 'active', '2024-07-03 21:40:44', '2024-07-03 21:40:44'),
(17, 84, 1001, 17, 3, 'Nemo ex ducimus laudantium.', '10', '10', '50', '100', 'active', '2024-07-03 21:40:45', '2024-07-03 21:40:45'),
(18, 89, 1001, 18, 3, 'Eos quae est modi asperiores.', '10', '10', '50', '100', 'active', '2024-07-03 21:40:45', '2024-07-03 21:40:45'),
(19, 94, 1001, 19, 3, 'Corporis sit dolorum possimus velit.', '10', '10', '50', '100', 'active', '2024-07-03 21:40:45', '2024-07-03 21:40:45'),
(20, 99, 1001, 20, 3, 'Autem itaque perferendis ducimus commodi corrupti.', '10', '10', '50', '100', 'active', '2024-07-03 21:40:45', '2024-07-03 21:40:45'),
(21, 104, 1001, 21, 3, 'Voluptas quidem aliquid et.', '10', '10', '50', '100', 'active', '2024-07-03 21:40:45', '2024-07-03 21:40:45'),
(22, 109, 1003, 22, 4, 'QUIZ: This is a demo quiz test', '10', '10', '50', '100', 'active', '2024-07-03 21:40:45', '2024-07-03 21:40:45'),
(23, 114, 1003, 23, 4, 'Non incidunt labore vel distinctio at.', '10', '10', '50', '100', 'active', '2024-07-03 21:40:45', '2024-07-03 21:40:45'),
(24, 119, 1003, 24, 4, 'Ut harum suscipit accusantium.', '10', '10', '50', '100', 'active', '2024-07-03 21:40:45', '2024-07-03 21:40:45'),
(25, 124, 1003, 25, 4, 'Aperiam voluptatum tempore autem.', '10', '10', '50', '100', 'active', '2024-07-03 21:40:45', '2024-07-03 21:40:45'),
(26, 129, 1003, 26, 4, 'Tenetur dolorem sunt quia.', '10', '10', '50', '100', 'active', '2024-07-03 21:40:45', '2024-07-03 21:40:45'),
(27, 134, 1003, 27, 4, 'Ut iste dicta ut reprehenderit.', '10', '10', '50', '100', 'active', '2024-07-03 21:40:45', '2024-07-03 21:40:45'),
(28, 139, 1003, 28, 4, 'Eos enim eveniet qui nemo et maxime.', '10', '10', '50', '100', 'active', '2024-07-03 21:40:45', '2024-07-03 21:40:45'),
(29, 144, 1003, 29, 5, 'QUIZ: This is a demo quiz test', '10', '10', '50', '100', 'active', '2024-07-03 21:40:45', '2024-07-03 21:40:45'),
(30, 149, 1003, 30, 5, 'Fugit sapiente nam eos distinctio ipsa.', '10', '10', '50', '100', 'active', '2024-07-03 21:40:45', '2024-07-03 21:40:45'),
(31, 154, 1003, 31, 5, 'Autem voluptatem eius quaerat.', '10', '10', '50', '100', 'active', '2024-07-03 21:40:45', '2024-07-03 21:40:45'),
(32, 159, 1003, 32, 5, 'Aperiam blanditiis iusto dolor doloremque aspernatur.', '10', '10', '50', '100', 'active', '2024-07-03 21:40:45', '2024-07-03 21:40:45'),
(33, 164, 1003, 33, 5, 'Repellendus et quasi molestiae accusamus recusandae.', '10', '10', '50', '100', 'active', '2024-07-03 21:40:45', '2024-07-03 21:40:45'),
(34, 169, 1003, 34, 5, 'Molestias perferendis in aut commodi non.', '10', '10', '50', '100', 'active', '2024-07-03 21:40:45', '2024-07-03 21:40:45'),
(35, 174, 1003, 35, 5, 'Accusamus rerum esse sunt iusto vel quas.', '10', '10', '50', '100', 'active', '2024-07-03 21:40:45', '2024-07-03 21:40:45'),
(36, 179, 1002, 36, 6, 'QUIZ: This is a demo quiz test', '10', '10', '50', '100', 'active', '2024-07-03 21:40:45', '2024-07-03 21:40:45'),
(37, 184, 1002, 37, 6, 'Nulla eveniet veniam doloremque sunt quos.', '10', '10', '50', '100', 'active', '2024-07-03 21:40:45', '2024-07-03 21:40:45'),
(38, 189, 1002, 38, 6, 'Laboriosam enim voluptate repudiandae quasi aut.', '10', '10', '50', '100', 'active', '2024-07-03 21:40:45', '2024-07-03 21:40:45'),
(39, 194, 1002, 39, 6, 'A tempore maxime aperiam amet omnis rerum.', '10', '10', '50', '100', 'active', '2024-07-03 21:40:45', '2024-07-03 21:40:45'),
(40, 199, 1002, 40, 6, 'Officiis quae et tenetur suscipit deserunt.', '10', '10', '50', '100', 'active', '2024-07-03 21:40:45', '2024-07-03 21:40:45'),
(41, 204, 1002, 41, 6, 'Iste minus illo eum consequatur qui.', '10', '10', '50', '100', 'active', '2024-07-03 21:40:45', '2024-07-03 21:40:45'),
(42, 209, 1002, 42, 6, 'Cumque harum expedita vitae.', '10', '10', '50', '100', 'active', '2024-07-03 21:40:46', '2024-07-03 21:40:46'),
(43, 214, 1011, 43, 7, 'QUIZ: This is a demo quiz test', '10', '10', '50', '100', 'active', '2024-07-03 21:40:46', '2024-07-03 21:40:46'),
(44, 219, 1011, 44, 7, 'Id ut consequuntur ullam consectetur enim aut aut.', '10', '10', '50', '100', 'active', '2024-07-03 21:40:46', '2024-07-03 21:40:46'),
(45, 224, 1011, 45, 7, 'Ipsam dolores maiores enim hic veniam.', '10', '10', '50', '100', 'active', '2024-07-03 21:40:46', '2024-07-03 21:40:46'),
(46, 229, 1011, 46, 7, 'Cupiditate quo rerum sit et.', '10', '10', '50', '100', 'active', '2024-07-03 21:40:46', '2024-07-03 21:40:46'),
(47, 234, 1011, 47, 7, 'Molestiae dicta qui quia vel ut.', '10', '10', '50', '100', 'active', '2024-07-03 21:40:46', '2024-07-03 21:40:46'),
(48, 239, 1011, 48, 7, 'Soluta numquam dignissimos quaerat ut quia.', '10', '10', '50', '100', 'active', '2024-07-03 21:40:46', '2024-07-03 21:40:46'),
(49, 244, 1011, 49, 7, 'Quo error eius reprehenderit nihil nihil consequatur.', '10', '10', '50', '100', 'active', '2024-07-03 21:40:46', '2024-07-03 21:40:46'),
(50, 249, 1001, 50, 8, 'QUIZ: This is a demo quiz test', '10', '10', '50', '100', 'active', '2024-07-03 21:40:46', '2024-07-03 21:40:46'),
(51, 254, 1001, 51, 8, 'Nobis doloremque cumque eum repellat sed consequatur.', '10', '10', '50', '100', 'active', '2024-07-03 21:40:46', '2024-07-03 21:40:46'),
(52, 259, 1001, 52, 8, 'Quibusdam quisquam quo recusandae id sapiente.', '10', '10', '50', '100', 'active', '2024-07-03 21:40:46', '2024-07-03 21:40:46'),
(53, 264, 1001, 53, 8, 'Dolor sequi reiciendis iusto suscipit.', '10', '10', '50', '100', 'active', '2024-07-03 21:40:46', '2024-07-03 21:40:46'),
(54, 269, 1001, 54, 8, 'Ipsam aut explicabo accusantium repellat.', '10', '10', '50', '100', 'active', '2024-07-03 21:40:46', '2024-07-03 21:40:46'),
(55, 274, 1001, 55, 8, 'Reiciendis voluptatem occaecati dolores aut a dicta.', '10', '10', '50', '100', 'active', '2024-07-03 21:40:46', '2024-07-03 21:40:46'),
(56, 279, 1001, 56, 8, 'Qui qui id vel quas.', '10', '10', '50', '100', 'active', '2024-07-03 21:40:46', '2024-07-03 21:40:46'),
(57, 284, 1004, 57, 9, 'QUIZ: This is a demo quiz test', '10', '10', '50', '100', 'active', '2024-07-03 21:40:46', '2024-07-03 21:40:46'),
(58, 289, 1004, 58, 9, 'Ea minima odit libero.', '10', '10', '50', '100', 'active', '2024-07-03 21:40:46', '2024-07-03 21:40:46'),
(59, 294, 1004, 59, 9, 'Repellendus laborum officia enim quidem ad dolorum.', '10', '10', '50', '100', 'active', '2024-07-03 21:40:46', '2024-07-03 21:40:46'),
(60, 299, 1004, 60, 9, 'Nostrum consequatur possimus deserunt natus atque voluptas.', '10', '10', '50', '100', 'active', '2024-07-03 21:40:46', '2024-07-03 21:40:46'),
(61, 304, 1004, 61, 9, 'Quibusdam provident sequi qui.', '10', '10', '50', '100', 'active', '2024-07-03 21:40:46', '2024-07-03 21:40:46'),
(62, 309, 1004, 62, 9, 'Sit ipsa non quas inventore aspernatur.', '10', '10', '50', '100', 'active', '2024-07-03 21:40:46', '2024-07-03 21:40:46'),
(63, 314, 1004, 63, 9, 'Dolore molestiae consequuntur quia.', '10', '10', '50', '100', 'active', '2024-07-03 21:40:46', '2024-07-03 21:40:46'),
(64, 319, 1012, 64, 10, 'QUIZ: This is a demo quiz test', '10', '10', '50', '100', 'active', '2024-07-03 21:40:46', '2024-07-03 21:40:46'),
(65, 324, 1012, 65, 10, 'Sequi saepe debitis aut et nulla aspernatur.', '10', '10', '50', '100', 'active', '2024-07-03 21:40:46', '2024-07-03 21:40:46'),
(66, 329, 1012, 66, 10, 'Earum minus voluptatum et dolorum doloribus.', '10', '10', '50', '100', 'active', '2024-07-03 21:40:47', '2024-07-03 21:40:47'),
(67, 334, 1012, 67, 10, 'Nam esse tempore architecto et.', '10', '10', '50', '100', 'active', '2024-07-03 21:40:47', '2024-07-03 21:40:47'),
(68, 339, 1012, 68, 10, 'Quaerat ut minima veniam.', '10', '10', '50', '100', 'active', '2024-07-03 21:40:47', '2024-07-03 21:40:47'),
(69, 344, 1012, 69, 10, 'Voluptas maiores necessitatibus eaque eum asperiores aliquid.', '10', '10', '50', '100', 'active', '2024-07-03 21:40:47', '2024-07-03 21:40:47'),
(70, 349, 1012, 70, 10, 'Beatae est sit corrupti voluptatem nobis.', '10', '10', '50', '100', 'active', '2024-07-03 21:40:47', '2024-07-03 21:40:47'),
(71, 354, 1006, 71, 11, 'QUIZ: This is a demo quiz test', '10', '10', '50', '100', 'active', '2024-07-03 21:40:47', '2024-07-03 21:40:47'),
(72, 359, 1006, 72, 11, 'Sed et earum laborum.', '10', '10', '50', '100', 'active', '2024-07-03 21:40:47', '2024-07-03 21:40:47'),
(73, 364, 1006, 73, 11, 'Id tempora voluptas laborum vel numquam facere.', '10', '10', '50', '100', 'active', '2024-07-03 21:40:47', '2024-07-03 21:40:47'),
(74, 369, 1006, 74, 11, 'Omnis non dolor dolore debitis aut.', '10', '10', '50', '100', 'active', '2024-07-03 21:40:47', '2024-07-03 21:40:47'),
(75, 374, 1006, 75, 11, 'Maxime nam et ducimus explicabo eligendi asperiores.', '10', '10', '50', '100', 'active', '2024-07-03 21:40:47', '2024-07-03 21:40:47'),
(76, 379, 1006, 76, 11, 'Ut incidunt sint animi expedita optio veniam.', '10', '10', '50', '100', 'active', '2024-07-03 21:40:47', '2024-07-03 21:40:47'),
(77, 384, 1006, 77, 11, 'Ullam pariatur nobis qui sint.', '10', '10', '50', '100', 'active', '2024-07-03 21:40:47', '2024-07-03 21:40:47'),
(78, 389, 1004, 78, 12, 'QUIZ: This is a demo quiz test', '10', '10', '50', '100', 'active', '2024-07-03 21:40:47', '2024-07-03 21:40:47'),
(79, 394, 1004, 79, 12, 'Illo itaque aut molestiae labore.', '10', '10', '50', '100', 'active', '2024-07-03 21:40:47', '2024-07-03 21:40:47'),
(80, 399, 1004, 80, 12, 'Quod possimus nesciunt architecto aliquam non aliquam.', '10', '10', '50', '100', 'active', '2024-07-03 21:40:47', '2024-07-03 21:40:47'),
(81, 404, 1004, 81, 12, 'Vel maxime accusantium iusto sint et.', '10', '10', '50', '100', 'active', '2024-07-03 21:40:47', '2024-07-03 21:40:47'),
(82, 409, 1004, 82, 12, 'Omnis mollitia ex asperiores aut.', '10', '10', '50', '100', 'active', '2024-07-03 21:40:47', '2024-07-03 21:40:47'),
(83, 414, 1004, 83, 12, 'Sapiente esse recusandae et voluptas quo ut.', '10', '10', '50', '100', 'active', '2024-07-03 21:40:47', '2024-07-03 21:40:47'),
(84, 419, 1004, 84, 12, 'Hic consequatur veniam a.', '10', '10', '50', '100', 'active', '2024-07-03 21:40:47', '2024-07-03 21:40:47'),
(85, 424, 1001, 85, 13, 'QUIZ: This is a demo quiz test', '10', '10', '50', '100', 'active', '2024-07-03 21:40:47', '2024-07-03 21:40:47'),
(86, 429, 1001, 86, 13, 'Fugiat facere debitis voluptas eius pariatur.', '10', '10', '50', '100', 'active', '2024-07-03 21:40:47', '2024-07-03 21:40:47'),
(87, 434, 1001, 87, 13, 'Fugiat quia illo sapiente.', '10', '10', '50', '100', 'active', '2024-07-03 21:40:47', '2024-07-03 21:40:47'),
(88, 439, 1001, 88, 13, 'Voluptas nesciunt optio et ut provident.', '10', '10', '50', '100', 'active', '2024-07-03 21:40:47', '2024-07-03 21:40:47'),
(89, 444, 1001, 89, 13, 'Vel expedita et ratione facilis.', '10', '10', '50', '100', 'active', '2024-07-03 21:40:47', '2024-07-03 21:40:47'),
(90, 449, 1001, 90, 13, 'Atque inventore cupiditate debitis ducimus neque ad.', '10', '10', '50', '100', 'active', '2024-07-03 21:40:48', '2024-07-03 21:40:48'),
(91, 454, 1001, 91, 13, 'Ad eius consequatur autem corporis tenetur assumenda.', '10', '10', '50', '100', 'active', '2024-07-03 21:40:48', '2024-07-03 21:40:48'),
(92, 459, 1004, 92, 14, 'QUIZ: This is a demo quiz test', '10', '10', '50', '100', 'active', '2024-07-03 21:40:48', '2024-07-03 21:40:48'),
(93, 464, 1004, 93, 14, 'Sed dolore unde magnam reiciendis assumenda.', '10', '10', '50', '100', 'active', '2024-07-03 21:40:48', '2024-07-03 21:40:48'),
(94, 469, 1004, 94, 14, 'Nesciunt nobis itaque soluta maxime.', '10', '10', '50', '100', 'active', '2024-07-03 21:40:48', '2024-07-03 21:40:48'),
(95, 474, 1004, 95, 14, 'Maxime sit sequi qui.', '10', '10', '50', '100', 'active', '2024-07-03 21:40:48', '2024-07-03 21:40:48'),
(96, 479, 1004, 96, 14, 'Porro ipsum ea qui voluptatem ipsa.', '10', '10', '50', '100', 'active', '2024-07-03 21:40:48', '2024-07-03 21:40:48'),
(97, 484, 1004, 97, 14, 'Nobis est itaque et veritatis.', '10', '10', '50', '100', 'active', '2024-07-03 21:40:48', '2024-07-03 21:40:48'),
(98, 489, 1004, 98, 14, 'Eos molestias placeat veritatis magni.', '10', '10', '50', '100', 'active', '2024-07-03 21:40:48', '2024-07-03 21:40:48'),
(99, 494, 1002, 99, 15, 'QUIZ: This is a demo quiz test', '10', '10', '50', '100', 'active', '2024-07-03 21:40:48', '2024-07-03 21:40:48'),
(100, 499, 1002, 100, 15, 'Est quasi iste ut.', '10', '10', '50', '100', 'active', '2024-07-03 21:40:48', '2024-07-03 21:40:48'),
(101, 504, 1002, 101, 15, 'Quisquam unde voluptate sint nihil.', '10', '10', '50', '100', 'active', '2024-07-03 21:40:48', '2024-07-03 21:40:48'),
(102, 509, 1002, 102, 15, 'Est quae maxime sit quo natus eaque.', '10', '10', '50', '100', 'active', '2024-07-03 21:40:48', '2024-07-03 21:40:48'),
(103, 514, 1002, 103, 15, 'Et hic quia rerum.', '10', '10', '50', '100', 'active', '2024-07-03 21:40:48', '2024-07-03 21:40:48'),
(104, 519, 1002, 104, 15, 'Enim quia quaerat dolores sit laudantium.', '10', '10', '50', '100', 'active', '2024-07-03 21:40:48', '2024-07-03 21:40:48'),
(105, 524, 1002, 105, 15, 'Incidunt autem libero ipsum.', '10', '10', '50', '100', 'active', '2024-07-03 21:40:48', '2024-07-03 21:40:48'),
(106, 529, 1002, 106, 16, 'QUIZ: This is a demo quiz test', '10', '10', '50', '100', 'active', '2024-07-03 21:40:48', '2024-07-03 21:40:48'),
(107, 534, 1002, 107, 16, 'Et voluptatem sed minus.', '10', '10', '50', '100', 'active', '2024-07-03 21:40:48', '2024-07-03 21:40:48'),
(108, 539, 1002, 108, 16, 'Aut architecto ut cum.', '10', '10', '50', '100', 'active', '2024-07-03 21:40:48', '2024-07-03 21:40:48'),
(109, 544, 1002, 109, 16, 'Aperiam rerum unde porro quia hic corporis.', '10', '10', '50', '100', 'active', '2024-07-03 21:40:48', '2024-07-03 21:40:48'),
(110, 549, 1002, 110, 16, 'Fugit accusamus eum ea.', '10', '10', '50', '100', 'active', '2024-07-03 21:40:48', '2024-07-03 21:40:48'),
(111, 554, 1002, 111, 16, 'Consequatur quibusdam suscipit aliquid nemo nobis.', '10', '10', '50', '100', 'active', '2024-07-03 21:40:48', '2024-07-03 21:40:48'),
(112, 559, 1002, 112, 16, 'Maxime voluptas est officiis.', '10', '10', '50', '100', 'active', '2024-07-03 21:40:48', '2024-07-03 21:40:48'),
(113, 564, 1012, 113, 17, 'QUIZ: This is a demo quiz test', '10', '10', '50', '100', 'active', '2024-07-03 21:40:48', '2024-07-03 21:40:48'),
(114, 569, 1012, 114, 17, 'Libero ad laudantium voluptatibus quo.', '10', '10', '50', '100', 'active', '2024-07-03 21:40:48', '2024-07-03 21:40:48'),
(115, 574, 1012, 115, 17, 'Voluptatem ullam ipsa aut rerum amet inventore.', '10', '10', '50', '100', 'active', '2024-07-03 21:40:49', '2024-07-03 21:40:49'),
(116, 579, 1012, 116, 17, 'Nihil deserunt omnis qui amet incidunt ipsa.', '10', '10', '50', '100', 'active', '2024-07-03 21:40:49', '2024-07-03 21:40:49'),
(117, 584, 1012, 117, 17, 'Nisi itaque ea consequatur.', '10', '10', '50', '100', 'active', '2024-07-03 21:40:49', '2024-07-03 21:40:49'),
(118, 589, 1012, 118, 17, 'Dolorem optio velit quibusdam sed.', '10', '10', '50', '100', 'active', '2024-07-03 21:40:49', '2024-07-03 21:40:49'),
(119, 594, 1012, 119, 17, 'Non a consequuntur consequatur sint odit.', '10', '10', '50', '100', 'active', '2024-07-03 21:40:49', '2024-07-03 21:40:49'),
(120, 599, 1009, 120, 18, 'QUIZ: This is a demo quiz test', '10', '10', '50', '100', 'active', '2024-07-03 21:40:49', '2024-07-03 21:40:49'),
(121, 604, 1009, 121, 18, 'Sit qui vero ad.', '10', '10', '50', '100', 'active', '2024-07-03 21:40:49', '2024-07-03 21:40:49'),
(122, 609, 1009, 122, 18, 'Soluta voluptatem eum cumque dolore.', '10', '10', '50', '100', 'active', '2024-07-03 21:40:49', '2024-07-03 21:40:49'),
(123, 614, 1009, 123, 18, 'Qui ut voluptas omnis esse ut veritatis.', '10', '10', '50', '100', 'active', '2024-07-03 21:40:49', '2024-07-03 21:40:49'),
(124, 619, 1009, 124, 18, 'Dignissimos aliquam ut a fugiat rerum non.', '10', '10', '50', '100', 'active', '2024-07-03 21:40:49', '2024-07-03 21:40:49'),
(125, 624, 1009, 125, 18, 'Et laborum reiciendis nemo quisquam qui.', '10', '10', '50', '100', 'active', '2024-07-03 21:40:49', '2024-07-03 21:40:49'),
(126, 629, 1009, 126, 18, 'Fuga esse minus natus exercitationem quas.', '10', '10', '50', '100', 'active', '2024-07-03 21:40:49', '2024-07-03 21:40:49'),
(127, 634, 1012, 127, 19, 'QUIZ: This is a demo quiz test', '10', '10', '50', '100', 'active', '2024-07-03 21:40:49', '2024-07-03 21:40:49'),
(128, 639, 1012, 128, 19, 'Illum dolorum temporibus qui beatae dolore.', '10', '10', '50', '100', 'active', '2024-07-03 21:40:49', '2024-07-03 21:40:49'),
(129, 644, 1012, 129, 19, 'Dolores dolor dolorem magni qui exercitationem nam.', '10', '10', '50', '100', 'active', '2024-07-03 21:40:49', '2024-07-03 21:40:49'),
(130, 649, 1012, 130, 19, 'Ipsum velit et laudantium quas perferendis repellat.', '10', '10', '50', '100', 'active', '2024-07-03 21:40:49', '2024-07-03 21:40:49'),
(131, 654, 1012, 131, 19, 'Veniam est quod non deserunt quo ratione.', '10', '10', '50', '100', 'active', '2024-07-03 21:40:49', '2024-07-03 21:40:49'),
(132, 659, 1012, 132, 19, 'Perspiciatis enim vitae voluptatem harum assumenda.', '10', '10', '50', '100', 'active', '2024-07-03 21:40:49', '2024-07-03 21:40:49'),
(133, 664, 1012, 133, 19, 'Sunt et eum fugit.', '10', '10', '50', '100', 'active', '2024-07-03 21:40:49', '2024-07-03 21:40:49'),
(134, 669, 1003, 134, 20, 'QUIZ: This is a demo quiz test', '10', '10', '50', '100', 'active', '2024-07-03 21:40:49', '2024-07-03 21:40:49'),
(135, 674, 1003, 135, 20, 'Odio voluptas nihil ut exercitationem qui sint.', '10', '10', '50', '100', 'active', '2024-07-03 21:40:49', '2024-07-03 21:40:49'),
(136, 679, 1003, 136, 20, 'Rerum cupiditate excepturi sapiente fugiat.', '10', '10', '50', '100', 'active', '2024-07-03 21:40:49', '2024-07-03 21:40:49'),
(137, 684, 1003, 137, 20, 'Nostrum commodi et necessitatibus quam modi.', '10', '10', '50', '100', 'active', '2024-07-03 21:40:49', '2024-07-03 21:40:49'),
(138, 689, 1003, 138, 20, 'Vitae itaque repellat molestias odio.', '10', '10', '50', '100', 'active', '2024-07-03 21:40:49', '2024-07-03 21:40:49'),
(139, 694, 1003, 139, 20, 'Harum doloribus est tempore perspiciatis sint.', '10', '10', '50', '100', 'active', '2024-07-03 21:40:49', '2024-07-03 21:40:49'),
(140, 699, 1003, 140, 20, 'Distinctio at ut dicta dicta nobis et.', '10', '10', '50', '100', 'active', '2024-07-03 21:40:50', '2024-07-03 21:40:50'),
(141, 704, 1012, 141, 21, 'QUIZ: This is a demo quiz test', '10', '10', '50', '100', 'active', '2024-07-03 21:40:50', '2024-07-03 21:40:50'),
(142, 709, 1012, 142, 21, 'Sed in odio similique in ut.', '10', '10', '50', '100', 'active', '2024-07-03 21:40:50', '2024-07-03 21:40:50'),
(143, 714, 1012, 143, 21, 'Sequi aut est iure.', '10', '10', '50', '100', 'active', '2024-07-03 21:40:50', '2024-07-03 21:40:50'),
(144, 719, 1012, 144, 21, 'Eveniet ut beatae natus voluptas.', '10', '10', '50', '100', 'active', '2024-07-03 21:40:50', '2024-07-03 21:40:50'),
(145, 724, 1012, 145, 21, 'Voluptas ducimus aut nisi sint.', '10', '10', '50', '100', 'active', '2024-07-03 21:40:50', '2024-07-03 21:40:50'),
(146, 729, 1012, 146, 21, 'Nesciunt aut culpa a.', '10', '10', '50', '100', 'active', '2024-07-03 21:40:50', '2024-07-03 21:40:50'),
(147, 734, 1012, 147, 21, 'Facere veritatis omnis soluta.', '10', '10', '50', '100', 'active', '2024-07-03 21:40:50', '2024-07-03 21:40:50'),
(148, 739, 1012, 148, 22, 'QUIZ: This is a demo quiz test', '10', '10', '50', '100', 'active', '2024-07-03 21:40:50', '2024-07-03 21:40:50'),
(149, 744, 1012, 149, 22, 'Accusamus velit dolore ut possimus vero ut.', '10', '10', '50', '100', 'active', '2024-07-03 21:40:50', '2024-07-03 21:40:50'),
(150, 749, 1012, 150, 22, 'Beatae consequuntur odit voluptates.', '10', '10', '50', '100', 'active', '2024-07-03 21:40:50', '2024-07-03 21:40:50'),
(151, 754, 1012, 151, 22, 'Est eius dignissimos est.', '10', '10', '50', '100', 'active', '2024-07-03 21:40:50', '2024-07-03 21:40:50'),
(152, 759, 1012, 152, 22, 'Vitae qui eum quisquam consequatur.', '10', '10', '50', '100', 'active', '2024-07-03 21:40:50', '2024-07-03 21:40:50'),
(153, 764, 1012, 153, 22, 'Commodi alias quibusdam corrupti.', '10', '10', '50', '100', 'active', '2024-07-03 21:40:50', '2024-07-03 21:40:50'),
(154, 769, 1012, 154, 22, 'Excepturi cupiditate facere distinctio error voluptatem.', '10', '10', '50', '100', 'active', '2024-07-03 21:40:50', '2024-07-03 21:40:50'),
(155, 774, 1012, 155, 23, 'QUIZ: This is a demo quiz test', '10', '10', '50', '100', 'active', '2024-07-03 21:40:50', '2024-07-03 21:40:50'),
(156, 779, 1012, 156, 23, 'Culpa nihil maxime quaerat est omnis.', '10', '10', '50', '100', 'active', '2024-07-03 21:40:50', '2024-07-03 21:40:50'),
(157, 784, 1012, 157, 23, 'Omnis mollitia perferendis architecto minus.', '10', '10', '50', '100', 'active', '2024-07-03 21:40:50', '2024-07-03 21:40:50'),
(158, 789, 1012, 158, 23, 'Ut earum consequatur cumque ipsum dolor magnam.', '10', '10', '50', '100', 'active', '2024-07-03 21:40:50', '2024-07-03 21:40:50'),
(159, 794, 1012, 159, 23, 'Dolor laborum voluptates qui omnis ab voluptatem.', '10', '10', '50', '100', 'active', '2024-07-03 21:40:50', '2024-07-03 21:40:50'),
(160, 799, 1012, 160, 23, 'Non facere esse et eaque.', '10', '10', '50', '100', 'active', '2024-07-03 21:40:50', '2024-07-03 21:40:50'),
(161, 804, 1012, 161, 23, 'Itaque odio voluptas ut.', '10', '10', '50', '100', 'active', '2024-07-03 21:40:50', '2024-07-03 21:40:50'),
(162, 809, 1002, 162, 24, 'QUIZ: This is a demo quiz test', '10', '10', '50', '100', 'active', '2024-07-03 21:40:50', '2024-07-03 21:40:50'),
(163, 814, 1002, 163, 24, 'Accusamus totam deserunt non.', '10', '10', '50', '100', 'active', '2024-07-03 21:40:50', '2024-07-03 21:40:50'),
(164, 819, 1002, 164, 24, 'Sit corrupti qui est similique facilis et.', '10', '10', '50', '100', 'active', '2024-07-03 21:40:51', '2024-07-03 21:40:51'),
(165, 824, 1002, 165, 24, 'Distinctio vitae eligendi temporibus.', '10', '10', '50', '100', 'active', '2024-07-03 21:40:51', '2024-07-03 21:40:51'),
(166, 829, 1002, 166, 24, 'Blanditiis eligendi cumque voluptatem maxime minima possimus.', '10', '10', '50', '100', 'active', '2024-07-03 21:40:51', '2024-07-03 21:40:51'),
(167, 834, 1002, 167, 24, 'Accusantium eum ab quo.', '10', '10', '50', '100', 'active', '2024-07-03 21:40:51', '2024-07-03 21:40:51'),
(168, 839, 1002, 168, 24, 'Temporibus possimus omnis quae.', '10', '10', '50', '100', 'active', '2024-07-03 21:40:51', '2024-07-03 21:40:51'),
(169, 844, 1011, 169, 25, 'QUIZ: This is a demo quiz test', '10', '10', '50', '100', 'active', '2024-07-03 21:40:51', '2024-07-03 21:40:51'),
(170, 849, 1011, 170, 25, 'Amet ducimus exercitationem dolores cum.', '10', '10', '50', '100', 'active', '2024-07-03 21:40:51', '2024-07-03 21:40:51'),
(171, 854, 1011, 171, 25, 'Expedita repellat sunt maiores aliquam.', '10', '10', '50', '100', 'active', '2024-07-03 21:40:51', '2024-07-03 21:40:51'),
(172, 859, 1011, 172, 25, 'Eos molestiae id tempora.', '10', '10', '50', '100', 'active', '2024-07-03 21:40:51', '2024-07-03 21:40:51'),
(173, 864, 1011, 173, 25, 'Tempore quis odio soluta.', '10', '10', '50', '100', 'active', '2024-07-03 21:40:51', '2024-07-03 21:40:51'),
(174, 869, 1011, 174, 25, 'Quo voluptas expedita enim.', '10', '10', '50', '100', 'active', '2024-07-03 21:40:51', '2024-07-03 21:40:51'),
(175, 874, 1011, 175, 25, 'Quis optio quam esse dolorum.', '10', '10', '50', '100', 'active', '2024-07-03 21:40:51', '2024-07-03 21:40:51'),
(176, 879, 1005, 176, 26, 'QUIZ: This is a demo quiz test', '10', '10', '50', '100', 'active', '2024-07-03 21:40:51', '2024-07-03 21:40:51'),
(177, 884, 1005, 177, 26, 'Voluptatem minus repellendus eum velit perspiciatis.', '10', '10', '50', '100', 'active', '2024-07-03 21:40:51', '2024-07-03 21:40:51'),
(178, 889, 1005, 178, 26, 'Quod molestiae alias dolores nesciunt est.', '10', '10', '50', '100', 'active', '2024-07-03 21:40:51', '2024-07-03 21:40:51'),
(179, 894, 1005, 179, 26, 'Voluptatem veritatis sunt et.', '10', '10', '50', '100', 'active', '2024-07-03 21:40:51', '2024-07-03 21:40:51'),
(180, 899, 1005, 180, 26, 'Rerum voluptate fugit non explicabo.', '10', '10', '50', '100', 'active', '2024-07-03 21:40:51', '2024-07-03 21:40:51'),
(181, 904, 1005, 181, 26, 'Itaque quis facere voluptatem magnam numquam voluptatibus veritatis.', '10', '10', '50', '100', 'active', '2024-07-03 21:40:51', '2024-07-03 21:40:51'),
(182, 909, 1005, 182, 26, 'Consequuntur velit molestiae ex est.', '10', '10', '50', '100', 'active', '2024-07-03 21:40:51', '2024-07-03 21:40:51'),
(183, 914, 1005, 183, 27, 'QUIZ: This is a demo quiz test', '10', '10', '50', '100', 'active', '2024-07-03 21:40:51', '2024-07-03 21:40:51'),
(184, 919, 1005, 184, 27, 'Rerum commodi quis odit deleniti error.', '10', '10', '50', '100', 'active', '2024-07-03 21:40:51', '2024-07-03 21:40:51'),
(185, 924, 1005, 185, 27, 'Quisquam est corrupti qui a et corporis.', '10', '10', '50', '100', 'active', '2024-07-03 21:40:51', '2024-07-03 21:40:51'),
(186, 929, 1005, 186, 27, 'Autem optio iure harum nemo optio.', '10', '10', '50', '100', 'active', '2024-07-03 21:40:51', '2024-07-03 21:40:51'),
(187, 934, 1005, 187, 27, 'Et animi pariatur sunt.', '10', '10', '50', '100', 'active', '2024-07-03 21:40:51', '2024-07-03 21:40:51'),
(188, 939, 1005, 188, 27, 'Quia natus exercitationem voluptatem quam debitis.', '10', '10', '50', '100', 'active', '2024-07-03 21:40:51', '2024-07-03 21:40:51'),
(189, 944, 1005, 189, 27, 'Rerum quae quia in odit quaerat aspernatur.', '10', '10', '50', '100', 'active', '2024-07-03 21:40:52', '2024-07-03 21:40:52'),
(190, 949, 1005, 190, 28, 'QUIZ: This is a demo quiz test', '10', '10', '50', '100', 'active', '2024-07-03 21:40:52', '2024-07-03 21:40:52'),
(191, 954, 1005, 191, 28, 'Temporibus dignissimos laboriosam ad.', '10', '10', '50', '100', 'active', '2024-07-03 21:40:52', '2024-07-03 21:40:52'),
(192, 959, 1005, 192, 28, 'Cupiditate sapiente error id voluptate quam dicta.', '10', '10', '50', '100', 'active', '2024-07-03 21:40:52', '2024-07-03 21:40:52'),
(193, 964, 1005, 193, 28, 'Consectetur impedit voluptas distinctio corrupti.', '10', '10', '50', '100', 'active', '2024-07-03 21:40:52', '2024-07-03 21:40:52'),
(194, 969, 1005, 194, 28, 'Eos eaque molestias ab.', '10', '10', '50', '100', 'active', '2024-07-03 21:40:52', '2024-07-03 21:40:52'),
(195, 974, 1005, 195, 28, 'Eius fugiat eos consequuntur vero.', '10', '10', '50', '100', 'active', '2024-07-03 21:40:52', '2024-07-03 21:40:52'),
(196, 979, 1005, 196, 28, 'Officiis id qui rem sequi ipsum.', '10', '10', '50', '100', 'active', '2024-07-03 21:40:52', '2024-07-03 21:40:52'),
(197, 984, 1004, 197, 29, 'QUIZ: This is a demo quiz test', '10', '10', '50', '100', 'active', '2024-07-03 21:40:52', '2024-07-03 21:40:52'),
(198, 989, 1004, 198, 29, 'Incidunt aut odio libero fuga necessitatibus.', '10', '10', '50', '100', 'active', '2024-07-03 21:40:52', '2024-07-03 21:40:52'),
(199, 994, 1004, 199, 29, 'Accusamus incidunt amet ut voluptatibus commodi.', '10', '10', '50', '100', 'active', '2024-07-03 21:40:52', '2024-07-03 21:40:52'),
(200, 999, 1004, 200, 29, 'Consequatur nisi soluta aperiam.', '10', '10', '50', '100', 'active', '2024-07-03 21:40:52', '2024-07-03 21:40:52'),
(201, 1004, 1004, 201, 29, 'In numquam ea aspernatur fugiat tempora incidunt.', '10', '10', '50', '100', 'active', '2024-07-03 21:40:52', '2024-07-03 21:40:52'),
(202, 1009, 1004, 202, 29, 'Aliquam cum saepe omnis ut omnis.', '10', '10', '50', '100', 'active', '2024-07-03 21:40:52', '2024-07-03 21:40:52'),
(203, 1014, 1004, 203, 29, 'Aut esse iste dolorem placeat.', '10', '10', '50', '100', 'active', '2024-07-03 21:40:52', '2024-07-03 21:40:52'),
(204, 1019, 1011, 204, 30, 'QUIZ: This is a demo quiz test', '10', '10', '50', '100', 'active', '2024-07-03 21:40:52', '2024-07-03 21:40:52'),
(205, 1024, 1011, 205, 30, 'Qui laudantium fugiat quam repellendus sit totam.', '10', '10', '50', '100', 'active', '2024-07-03 21:40:52', '2024-07-03 21:40:52'),
(206, 1029, 1011, 206, 30, 'Vel sed corrupti dolor et.', '10', '10', '50', '100', 'active', '2024-07-03 21:40:52', '2024-07-03 21:40:52'),
(207, 1034, 1011, 207, 30, 'Vitae quae cum eaque velit.', '10', '10', '50', '100', 'active', '2024-07-03 21:40:52', '2024-07-03 21:40:52'),
(208, 1039, 1011, 208, 30, 'Ratione cumque adipisci modi voluptatem voluptas dolor.', '10', '10', '50', '100', 'active', '2024-07-03 21:40:52', '2024-07-03 21:40:52'),
(209, 1044, 1011, 209, 30, 'Vel sequi ab est.', '10', '10', '50', '100', 'active', '2024-07-03 21:40:52', '2024-07-03 21:40:52'),
(210, 1049, 1011, 210, 30, 'Molestiae incidunt praesentium dolores.', '10', '10', '50', '100', 'active', '2024-07-03 21:40:52', '2024-07-03 21:40:52'),
(211, 1054, 1004, 211, 31, 'QUIZ: This is a demo quiz test', '10', '10', '50', '100', 'active', '2024-07-03 21:40:52', '2024-07-03 21:40:52'),
(212, 1059, 1004, 212, 31, 'Quis illum nesciunt nemo aperiam dolorem.', '10', '10', '50', '100', 'active', '2024-07-03 21:40:53', '2024-07-03 21:40:53'),
(213, 1064, 1004, 213, 31, 'Esse voluptas aut ullam.', '10', '10', '50', '100', 'active', '2024-07-03 21:40:53', '2024-07-03 21:40:53'),
(214, 1069, 1004, 214, 31, 'Molestiae unde omnis dolorem.', '10', '10', '50', '100', 'active', '2024-07-03 21:40:53', '2024-07-03 21:40:53'),
(215, 1074, 1004, 215, 31, 'Officiis nemo quaerat aut nihil.', '10', '10', '50', '100', 'active', '2024-07-03 21:40:53', '2024-07-03 21:40:53'),
(216, 1079, 1004, 216, 31, 'Est deserunt consequatur illo sed.', '10', '10', '50', '100', 'active', '2024-07-03 21:40:53', '2024-07-03 21:40:53'),
(217, 1084, 1004, 217, 31, 'Dolor non rerum cumque voluptates at earum.', '10', '10', '50', '100', 'active', '2024-07-03 21:40:53', '2024-07-03 21:40:53'),
(218, 1089, 1009, 218, 32, 'QUIZ: This is a demo quiz test', '10', '10', '50', '100', 'active', '2024-07-03 21:40:53', '2024-07-03 21:40:53'),
(219, 1094, 1009, 219, 32, 'Porro suscipit inventore et similique.', '10', '10', '50', '100', 'active', '2024-07-03 21:40:53', '2024-07-03 21:40:53'),
(220, 1099, 1009, 220, 32, 'Fugit et ducimus aut maiores autem eum.', '10', '10', '50', '100', 'active', '2024-07-03 21:40:53', '2024-07-03 21:40:53'),
(221, 1104, 1009, 221, 32, 'Ea voluptates eos error mollitia.', '10', '10', '50', '100', 'active', '2024-07-03 21:40:53', '2024-07-03 21:40:53'),
(222, 1109, 1009, 222, 32, 'Blanditiis nihil ut qui.', '10', '10', '50', '100', 'active', '2024-07-03 21:40:53', '2024-07-03 21:40:53'),
(223, 1114, 1009, 223, 32, 'Ea praesentium quo sunt sint.', '10', '10', '50', '100', 'active', '2024-07-03 21:40:53', '2024-07-03 21:40:53'),
(224, 1119, 1009, 224, 32, 'Officia minima minus officiis dolor deleniti repudiandae.', '10', '10', '50', '100', 'active', '2024-07-03 21:40:53', '2024-07-03 21:40:53'),
(225, 1124, 1004, 225, 33, 'QUIZ: This is a demo quiz test', '10', '10', '50', '100', 'active', '2024-07-03 21:40:53', '2024-07-03 21:40:53'),
(226, 1129, 1004, 226, 33, 'Voluptatem nemo quidem quia.', '10', '10', '50', '100', 'active', '2024-07-03 21:40:53', '2024-07-03 21:40:53'),
(227, 1134, 1004, 227, 33, 'Possimus blanditiis quia praesentium.', '10', '10', '50', '100', 'active', '2024-07-03 21:40:53', '2024-07-03 21:40:53'),
(228, 1139, 1004, 228, 33, 'Hic mollitia qui est vel.', '10', '10', '50', '100', 'active', '2024-07-03 21:40:53', '2024-07-03 21:40:53'),
(229, 1144, 1004, 229, 33, 'Laborum assumenda laborum sit impedit explicabo.', '10', '10', '50', '100', 'active', '2024-07-03 21:40:53', '2024-07-03 21:40:53'),
(230, 1149, 1004, 230, 33, 'Cupiditate similique enim qui doloremque enim.', '10', '10', '50', '100', 'active', '2024-07-03 21:40:53', '2024-07-03 21:40:53'),
(231, 1154, 1004, 231, 33, 'Sed saepe et tempora iste.', '10', '10', '50', '100', 'active', '2024-07-03 21:40:53', '2024-07-03 21:40:53'),
(232, 1159, 1006, 232, 34, 'QUIZ: This is a demo quiz test', '10', '10', '50', '100', 'active', '2024-07-03 21:40:53', '2024-07-03 21:40:53'),
(233, 1164, 1006, 233, 34, 'Quas aut dolore est ut.', '10', '10', '50', '100', 'active', '2024-07-03 21:40:53', '2024-07-03 21:40:53'),
(234, 1169, 1006, 234, 34, 'Sint praesentium et consequatur.', '10', '10', '50', '100', 'active', '2024-07-03 21:40:53', '2024-07-03 21:40:53'),
(235, 1174, 1006, 235, 34, 'Illo corrupti qui enim eius dolor enim.', '10', '10', '50', '100', 'active', '2024-07-03 21:40:53', '2024-07-03 21:40:53'),
(236, 1179, 1006, 236, 34, 'Est dolorem iusto quisquam velit aut vel.', '10', '10', '50', '100', 'active', '2024-07-03 21:40:53', '2024-07-03 21:40:53'),
(237, 1184, 1006, 237, 34, 'Dicta molestiae eveniet cum sed voluptatibus.', '10', '10', '50', '100', 'active', '2024-07-03 21:40:54', '2024-07-03 21:40:54'),
(238, 1189, 1006, 238, 34, 'Sunt placeat molestiae natus est.', '10', '10', '50', '100', 'active', '2024-07-03 21:40:54', '2024-07-03 21:40:54'),
(239, 1194, 1011, 239, 35, 'QUIZ: This is a demo quiz test', '10', '10', '50', '100', 'active', '2024-07-03 21:40:54', '2024-07-03 21:40:54'),
(240, 1199, 1011, 240, 35, 'Qui aut nihil omnis.', '10', '10', '50', '100', 'active', '2024-07-03 21:40:54', '2024-07-03 21:40:54'),
(241, 1204, 1011, 241, 35, 'Quam ut saepe quibusdam doloremque similique.', '10', '10', '50', '100', 'active', '2024-07-03 21:40:54', '2024-07-03 21:40:54'),
(242, 1209, 1011, 242, 35, 'Ut quia non vitae.', '10', '10', '50', '100', 'active', '2024-07-03 21:40:54', '2024-07-03 21:40:54'),
(243, 1214, 1011, 243, 35, 'Autem et fugiat nisi.', '10', '10', '50', '100', 'active', '2024-07-03 21:40:54', '2024-07-03 21:40:54'),
(244, 1219, 1011, 244, 35, 'Illum est inventore ut aperiam et magni.', '10', '10', '50', '100', 'active', '2024-07-03 21:40:54', '2024-07-03 21:40:54'),
(245, 1224, 1011, 245, 35, 'Veritatis numquam cupiditate esse ut at ut.', '10', '10', '50', '100', 'active', '2024-07-03 21:40:54', '2024-07-03 21:40:54'),
(246, 1229, 1002, 246, 36, 'QUIZ: This is a demo quiz test', '10', '10', '50', '100', 'active', '2024-07-03 21:40:54', '2024-07-03 21:40:54'),
(247, 1234, 1002, 247, 36, 'Quo est placeat et dolor similique.', '10', '10', '50', '100', 'active', '2024-07-03 21:40:54', '2024-07-03 21:40:54'),
(248, 1239, 1002, 248, 36, 'Veniam maiores dolorum in vitae sequi quia.', '10', '10', '50', '100', 'active', '2024-07-03 21:40:54', '2024-07-03 21:40:54'),
(249, 1244, 1002, 249, 36, 'Fugiat temporibus dolor aut maxime dolor.', '10', '10', '50', '100', 'active', '2024-07-03 21:40:54', '2024-07-03 21:40:54'),
(250, 1249, 1002, 250, 36, 'Dolorem nam sunt sed amet distinctio minima.', '10', '10', '50', '100', 'active', '2024-07-03 21:40:54', '2024-07-03 21:40:54'),
(251, 1254, 1002, 251, 36, 'Quam perspiciatis et assumenda qui modi aperiam.', '10', '10', '50', '100', 'active', '2024-07-03 21:40:54', '2024-07-03 21:40:54'),
(252, 1259, 1002, 252, 36, 'Facilis ratione quis tempore.', '10', '10', '50', '100', 'active', '2024-07-03 21:40:54', '2024-07-03 21:40:54'),
(253, 1264, 1011, 253, 37, 'QUIZ: This is a demo quiz test', '10', '10', '50', '100', 'active', '2024-07-03 21:40:54', '2024-07-03 21:40:54'),
(254, 1269, 1011, 254, 37, 'Dolorem non id cupiditate accusamus quia.', '10', '10', '50', '100', 'active', '2024-07-03 21:40:54', '2024-07-03 21:40:54'),
(255, 1274, 1011, 255, 37, 'Veniam ut laudantium voluptatem.', '10', '10', '50', '100', 'active', '2024-07-03 21:40:54', '2024-07-03 21:40:54'),
(256, 1279, 1011, 256, 37, 'Aspernatur velit culpa consectetur eum.', '10', '10', '50', '100', 'active', '2024-07-03 21:40:54', '2024-07-03 21:40:54'),
(257, 1284, 1011, 257, 37, 'Hic et quae esse.', '10', '10', '50', '100', 'active', '2024-07-03 21:40:54', '2024-07-03 21:40:54'),
(258, 1289, 1011, 258, 37, 'Doloremque quidem expedita sed.', '10', '10', '50', '100', 'active', '2024-07-03 21:40:54', '2024-07-03 21:40:54'),
(259, 1294, 1011, 259, 37, 'Repellat ut esse in.', '10', '10', '50', '100', 'active', '2024-07-03 21:40:54', '2024-07-03 21:40:54'),
(260, 1299, 1005, 260, 38, 'QUIZ: This is a demo quiz test', '10', '10', '50', '100', 'active', '2024-07-03 21:40:55', '2024-07-03 21:40:55'),
(261, 1304, 1005, 261, 38, 'Error nulla eos tempore.', '10', '10', '50', '100', 'active', '2024-07-03 21:40:55', '2024-07-03 21:40:55'),
(262, 1309, 1005, 262, 38, 'Et ipsam velit porro velit consequuntur nesciunt.', '10', '10', '50', '100', 'active', '2024-07-03 21:40:55', '2024-07-03 21:40:55'),
(263, 1314, 1005, 263, 38, 'Dicta nobis enim minus et quaerat.', '10', '10', '50', '100', 'active', '2024-07-03 21:40:55', '2024-07-03 21:40:55'),
(264, 1319, 1005, 264, 38, 'Ea rerum quam aut cum.', '10', '10', '50', '100', 'active', '2024-07-03 21:40:55', '2024-07-03 21:40:55'),
(265, 1324, 1005, 265, 38, 'Voluptates eum quaerat et voluptatum repellat.', '10', '10', '50', '100', 'active', '2024-07-03 21:40:55', '2024-07-03 21:40:55'),
(266, 1329, 1005, 266, 38, 'Dolores expedita amet deleniti quos eos.', '10', '10', '50', '100', 'active', '2024-07-03 21:40:55', '2024-07-03 21:40:55'),
(267, 1334, 1003, 267, 39, 'QUIZ: This is a demo quiz test', '10', '10', '50', '100', 'active', '2024-07-03 21:40:55', '2024-07-03 21:40:55'),
(268, 1339, 1003, 268, 39, 'Quia est sit adipisci eos odio hic.', '10', '10', '50', '100', 'active', '2024-07-03 21:40:55', '2024-07-03 21:40:55'),
(269, 1344, 1003, 269, 39, 'Perferendis ea odit sequi.', '10', '10', '50', '100', 'active', '2024-07-03 21:40:55', '2024-07-03 21:40:55'),
(270, 1349, 1003, 270, 39, 'Aliquid ipsam cum vel.', '10', '10', '50', '100', 'active', '2024-07-03 21:40:55', '2024-07-03 21:40:55'),
(271, 1354, 1003, 271, 39, 'Qui ullam hic eos.', '10', '10', '50', '100', 'active', '2024-07-03 21:40:55', '2024-07-03 21:40:55'),
(272, 1359, 1003, 272, 39, 'Quisquam quos sit maiores velit magnam laboriosam.', '10', '10', '50', '100', 'active', '2024-07-03 21:40:55', '2024-07-03 21:40:55'),
(273, 1364, 1003, 273, 39, 'Enim eveniet corrupti dolorum.', '10', '10', '50', '100', 'active', '2024-07-03 21:40:55', '2024-07-03 21:40:55'),
(274, 1369, 1003, 274, 40, 'QUIZ: This is a demo quiz test', '10', '10', '50', '100', 'active', '2024-07-03 21:40:55', '2024-07-03 21:40:55'),
(275, 1374, 1003, 275, 40, 'Nihil assumenda assumenda consequatur.', '10', '10', '50', '100', 'active', '2024-07-03 21:40:55', '2024-07-03 21:40:55'),
(276, 1379, 1003, 276, 40, 'Quibusdam neque asperiores atque dolor sed.', '10', '10', '50', '100', 'active', '2024-07-03 21:40:55', '2024-07-03 21:40:55'),
(277, 1384, 1003, 277, 40, 'Omnis aut aliquid exercitationem doloribus velit.', '10', '10', '50', '100', 'active', '2024-07-03 21:40:55', '2024-07-03 21:40:55'),
(278, 1389, 1003, 278, 40, 'Sint exercitationem sequi laborum occaecati id iusto.', '10', '10', '50', '100', 'active', '2024-07-03 21:40:55', '2024-07-03 21:40:55'),
(279, 1394, 1003, 279, 40, 'Iure nostrum nisi quidem perspiciatis voluptas.', '10', '10', '50', '100', 'active', '2024-07-03 21:40:55', '2024-07-03 21:40:55'),
(280, 1399, 1003, 280, 40, 'Eos nobis provident consequatur expedita fuga.', '10', '10', '50', '100', 'active', '2024-07-03 21:40:55', '2024-07-03 21:40:55'),
(281, 1404, 1009, 281, 41, 'QUIZ: This is a demo quiz test', '10', '10', '50', '100', 'active', '2024-07-03 21:40:55', '2024-07-03 21:40:55'),
(282, 1409, 1009, 282, 41, 'Natus quis iure et sequi labore quam.', '10', '10', '50', '100', 'active', '2024-07-03 21:40:55', '2024-07-03 21:40:55'),
(283, 1414, 1009, 283, 41, 'Minus maiores enim qui eligendi.', '10', '10', '50', '100', 'active', '2024-07-03 21:40:55', '2024-07-03 21:40:55'),
(284, 1419, 1009, 284, 41, 'Aut sint soluta alias explicabo quo.', '10', '10', '50', '100', 'active', '2024-07-03 21:40:55', '2024-07-03 21:40:55'),
(285, 1424, 1009, 285, 41, 'Eum assumenda minus nihil quia possimus rerum.', '10', '10', '50', '100', 'active', '2024-07-03 21:40:56', '2024-07-03 21:40:56'),
(286, 1429, 1009, 286, 41, 'Qui veniam iure maiores facere.', '10', '10', '50', '100', 'active', '2024-07-03 21:40:56', '2024-07-03 21:40:56'),
(287, 1434, 1009, 287, 41, 'Exercitationem tempora quo qui eos.', '10', '10', '50', '100', 'active', '2024-07-03 21:40:56', '2024-07-03 21:40:56'),
(288, 1439, 1002, 288, 42, 'QUIZ: This is a demo quiz test', '10', '10', '50', '100', 'active', '2024-07-03 21:40:56', '2024-07-03 21:40:56'),
(289, 1444, 1002, 289, 42, 'Dolorum dolores consequuntur dignissimos et.', '10', '10', '50', '100', 'active', '2024-07-03 21:40:56', '2024-07-03 21:40:56'),
(290, 1449, 1002, 290, 42, 'Eum qui modi voluptas.', '10', '10', '50', '100', 'active', '2024-07-03 21:40:56', '2024-07-03 21:40:56'),
(291, 1454, 1002, 291, 42, 'Quisquam sequi totam sit possimus tempora dolore.', '10', '10', '50', '100', 'active', '2024-07-03 21:40:56', '2024-07-03 21:40:56'),
(292, 1459, 1002, 292, 42, 'Architecto voluptas non dolorem consequatur officia.', '10', '10', '50', '100', 'active', '2024-07-03 21:40:56', '2024-07-03 21:40:56'),
(293, 1464, 1002, 293, 42, 'Placeat iusto consequuntur sit pariatur.', '10', '10', '50', '100', 'active', '2024-07-03 21:40:56', '2024-07-03 21:40:56'),
(294, 1469, 1002, 294, 42, 'Inventore magni nemo iste minima cupiditate labore.', '10', '10', '50', '100', 'active', '2024-07-03 21:40:56', '2024-07-03 21:40:56'),
(295, 1474, 1004, 295, 43, 'QUIZ: This is a demo quiz test', '10', '10', '50', '100', 'active', '2024-07-03 21:40:56', '2024-07-03 21:40:56'),
(296, 1479, 1004, 296, 43, 'Sed vel quidem eius amet sunt.', '10', '10', '50', '100', 'active', '2024-07-03 21:40:56', '2024-07-03 21:40:56'),
(297, 1484, 1004, 297, 43, 'Quasi eos occaecati aut.', '10', '10', '50', '100', 'active', '2024-07-03 21:40:56', '2024-07-03 21:40:56'),
(298, 1489, 1004, 298, 43, 'Voluptatem quam qui reiciendis fuga ut qui.', '10', '10', '50', '100', 'active', '2024-07-03 21:40:56', '2024-07-03 21:40:56'),
(299, 1494, 1004, 299, 43, 'Iste perferendis quasi dignissimos non maxime.', '10', '10', '50', '100', 'active', '2024-07-03 21:40:56', '2024-07-03 21:40:56'),
(300, 1499, 1004, 300, 43, 'Inventore blanditiis voluptates illum eaque ad ipsum.', '10', '10', '50', '100', 'active', '2024-07-03 21:40:56', '2024-07-03 21:40:56'),
(301, 1504, 1004, 301, 43, 'Qui illo sit nisi ut assumenda.', '10', '10', '50', '100', 'active', '2024-07-03 21:40:56', '2024-07-03 21:40:56'),
(302, 1509, 1002, 302, 44, 'QUIZ: This is a demo quiz test', '10', '10', '50', '100', 'active', '2024-07-03 21:40:56', '2024-07-03 21:40:56'),
(303, 1514, 1002, 303, 44, 'Voluptatibus quisquam enim vero sapiente.', '10', '10', '50', '100', 'active', '2024-07-03 21:40:56', '2024-07-03 21:40:56'),
(304, 1519, 1002, 304, 44, 'Soluta voluptatem suscipit sequi inventore sint.', '10', '10', '50', '100', 'active', '2024-07-03 21:40:56', '2024-07-03 21:40:56'),
(305, 1524, 1002, 305, 44, 'Est labore eius sint et.', '10', '10', '50', '100', 'active', '2024-07-03 21:40:56', '2024-07-03 21:40:56'),
(306, 1529, 1002, 306, 44, 'Aut illum cupiditate quia quae qui.', '10', '10', '50', '100', 'active', '2024-07-03 21:40:56', '2024-07-03 21:40:56'),
(307, 1534, 1002, 307, 44, 'Molestiae nobis quo ex voluptatem.', '10', '10', '50', '100', 'active', '2024-07-03 21:40:56', '2024-07-03 21:40:56'),
(308, 1539, 1002, 308, 44, 'Veniam similique amet inventore.', '10', '10', '50', '100', 'active', '2024-07-03 21:40:56', '2024-07-03 21:40:56'),
(309, 1544, 1009, 309, 45, 'QUIZ: This is a demo quiz test', '10', '10', '50', '100', 'active', '2024-07-03 21:40:56', '2024-07-03 21:40:56'),
(310, 1549, 1009, 310, 45, 'Praesentium dolores iure molestiae non dolorem.', '10', '10', '50', '100', 'active', '2024-07-03 21:40:57', '2024-07-03 21:40:57'),
(311, 1554, 1009, 311, 45, 'Dolorum accusantium dicta consequatur voluptatem et.', '10', '10', '50', '100', 'active', '2024-07-03 21:40:57', '2024-07-03 21:40:57'),
(312, 1559, 1009, 312, 45, 'Repellat at in voluptatem sunt nemo expedita.', '10', '10', '50', '100', 'active', '2024-07-03 21:40:57', '2024-07-03 21:40:57'),
(313, 1564, 1009, 313, 45, 'Eum vel quia quos est.', '10', '10', '50', '100', 'active', '2024-07-03 21:40:57', '2024-07-03 21:40:57'),
(314, 1569, 1009, 314, 45, 'Est numquam libero harum.', '10', '10', '50', '100', 'active', '2024-07-03 21:40:57', '2024-07-03 21:40:57'),
(315, 1574, 1009, 315, 45, 'Fuga voluptatum nihil dicta porro.', '10', '10', '50', '100', 'active', '2024-07-03 21:40:57', '2024-07-03 21:40:57'),
(316, 1579, 1002, 316, 46, 'QUIZ: This is a demo quiz test', '10', '10', '50', '100', 'active', '2024-07-03 21:40:57', '2024-07-03 21:40:57'),
(317, 1584, 1002, 317, 46, 'Rem at molestias et molestiae voluptatem.', '10', '10', '50', '100', 'active', '2024-07-03 21:40:57', '2024-07-03 21:40:57'),
(318, 1589, 1002, 318, 46, 'Ea laborum aut doloribus dolorem voluptas maiores.', '10', '10', '50', '100', 'active', '2024-07-03 21:40:57', '2024-07-03 21:40:57'),
(319, 1594, 1002, 319, 46, 'Cum nihil modi qui tempora rerum dolor.', '10', '10', '50', '100', 'active', '2024-07-03 21:40:57', '2024-07-03 21:40:57'),
(320, 1599, 1002, 320, 46, 'Voluptatibus quisquam modi alias et rerum.', '10', '10', '50', '100', 'active', '2024-07-03 21:40:57', '2024-07-03 21:40:57'),
(321, 1604, 1002, 321, 46, 'Veniam officia laboriosam dolor.', '10', '10', '50', '100', 'active', '2024-07-03 21:40:57', '2024-07-03 21:40:57'),
(322, 1609, 1002, 322, 46, 'Voluptate unde neque delectus qui reprehenderit laborum.', '10', '10', '50', '100', 'active', '2024-07-03 21:40:57', '2024-07-03 21:40:57'),
(323, 1614, 1009, 323, 47, 'QUIZ: This is a demo quiz test', '10', '10', '50', '100', 'active', '2024-07-03 21:40:57', '2024-07-03 21:40:57'),
(324, 1619, 1009, 324, 47, 'Aut nihil iste quas consequatur.', '10', '10', '50', '100', 'active', '2024-07-03 21:40:57', '2024-07-03 21:40:57'),
(325, 1624, 1009, 325, 47, 'Dolor adipisci accusamus quae.', '10', '10', '50', '100', 'active', '2024-07-03 21:40:57', '2024-07-03 21:40:57'),
(326, 1629, 1009, 326, 47, 'Quis ut vel necessitatibus dolores.', '10', '10', '50', '100', 'active', '2024-07-03 21:40:57', '2024-07-03 21:40:57'),
(327, 1634, 1009, 327, 47, 'Voluptatum voluptatem laborum consequatur sed.', '10', '10', '50', '100', 'active', '2024-07-03 21:40:57', '2024-07-03 21:40:57'),
(328, 1639, 1009, 328, 47, 'Expedita repudiandae velit aut vitae aperiam.', '10', '10', '50', '100', 'active', '2024-07-03 21:40:57', '2024-07-03 21:40:57'),
(329, 1644, 1009, 329, 47, 'Iste nihil nobis quisquam et mollitia velit.', '10', '10', '50', '100', 'active', '2024-07-03 21:40:57', '2024-07-03 21:40:57'),
(330, 1649, 1012, 330, 48, 'QUIZ: This is a demo quiz test', '10', '10', '50', '100', 'active', '2024-07-03 21:40:57', '2024-07-03 21:40:57'),
(331, 1654, 1012, 331, 48, 'Non odit odit ut.', '10', '10', '50', '100', 'active', '2024-07-03 21:40:57', '2024-07-03 21:40:57'),
(332, 1659, 1012, 332, 48, 'Corrupti possimus officiis esse molestias nihil.', '10', '10', '50', '100', 'active', '2024-07-03 21:40:57', '2024-07-03 21:40:57'),
(333, 1664, 1012, 333, 48, 'Vero fugiat quia nemo sed.', '10', '10', '50', '100', 'active', '2024-07-03 21:40:57', '2024-07-03 21:40:57'),
(334, 1669, 1012, 334, 48, 'Eius magnam aut sit soluta vel provident.', '10', '10', '50', '100', 'active', '2024-07-03 21:40:57', '2024-07-03 21:40:57'),
(335, 1674, 1012, 335, 48, 'Assumenda nihil odio aut commodi.', '10', '10', '50', '100', 'active', '2024-07-03 21:40:58', '2024-07-03 21:40:58'),
(336, 1679, 1012, 336, 48, 'Veritatis enim aliquid laborum dignissimos.', '10', '10', '50', '100', 'active', '2024-07-03 21:40:58', '2024-07-03 21:40:58'),
(337, 1684, 1006, 337, 49, 'QUIZ: This is a demo quiz test', '10', '10', '50', '100', 'active', '2024-07-03 21:40:58', '2024-07-03 21:40:58'),
(338, 1689, 1006, 338, 49, 'Deleniti incidunt iste eius.', '10', '10', '50', '100', 'active', '2024-07-03 21:40:58', '2024-07-03 21:40:58'),
(339, 1694, 1006, 339, 49, 'Ducimus amet sint laboriosam.', '10', '10', '50', '100', 'active', '2024-07-03 21:40:58', '2024-07-03 21:40:58'),
(340, 1699, 1006, 340, 49, 'Deserunt rerum aliquam nihil.', '10', '10', '50', '100', 'active', '2024-07-03 21:40:58', '2024-07-03 21:40:58'),
(341, 1704, 1006, 341, 49, 'Quidem ut fugiat sapiente sed voluptas porro.', '10', '10', '50', '100', 'active', '2024-07-03 21:40:58', '2024-07-03 21:40:58'),
(342, 1709, 1006, 342, 49, 'Quia et laboriosam modi quam.', '10', '10', '50', '100', 'active', '2024-07-03 21:40:58', '2024-07-03 21:40:58');
INSERT INTO `quizzes` (`id`, `chapter_item_id`, `instructor_id`, `chapter_id`, `course_id`, `title`, `time`, `attempt`, `pass_mark`, `total_mark`, `status`, `created_at`, `updated_at`) VALUES
(343, 1714, 1006, 343, 49, 'Sequi quos aliquid consequatur dolor.', '10', '10', '50', '100', 'active', '2024-07-03 21:40:58', '2024-07-03 21:40:58'),
(344, 1719, 1009, 344, 50, 'QUIZ: This is a demo quiz test', '10', '10', '50', '100', 'active', '2024-07-03 21:40:58', '2024-07-03 21:40:58'),
(345, 1724, 1009, 345, 50, 'Id inventore veritatis est.', '10', '10', '50', '100', 'active', '2024-07-03 21:40:58', '2024-07-03 21:40:58'),
(346, 1729, 1009, 346, 50, 'Quaerat tenetur exercitationem nostrum animi.', '10', '10', '50', '100', 'active', '2024-07-03 21:40:58', '2024-07-03 21:40:58'),
(347, 1734, 1009, 347, 50, 'Ratione accusamus at eos.', '10', '10', '50', '100', 'active', '2024-07-03 21:40:58', '2024-07-03 21:40:58'),
(348, 1739, 1009, 348, 50, 'Tenetur vel aut aut animi magnam.', '10', '10', '50', '100', 'active', '2024-07-03 21:40:58', '2024-07-03 21:40:58'),
(349, 1744, 1009, 349, 50, 'Fuga et ipsa molestias.', '10', '10', '50', '100', 'active', '2024-07-03 21:40:58', '2024-07-03 21:40:58'),
(350, 1749, 1009, 350, 50, 'Voluptas sunt corrupti facere voluptatem rem.', '10', '10', '50', '100', 'active', '2024-07-03 21:40:58', '2024-07-03 21:40:58'),
(351, 1754, 1011, 351, 51, 'QUIZ: This is a demo quiz test', '10', '10', '50', '100', 'active', '2024-07-03 21:40:58', '2024-07-03 21:40:58'),
(352, 1759, 1011, 352, 51, 'Exercitationem est dolore error ut.', '10', '10', '50', '100', 'active', '2024-07-03 21:40:58', '2024-07-03 21:40:58'),
(353, 1764, 1011, 353, 51, 'Nisi nesciunt atque vitae cupiditate iure eaque.', '10', '10', '50', '100', 'active', '2024-07-03 21:40:58', '2024-07-03 21:40:58'),
(354, 1769, 1011, 354, 51, 'Ratione et consectetur deserunt sunt voluptatibus.', '10', '10', '50', '100', 'active', '2024-07-03 21:40:58', '2024-07-03 21:40:58'),
(355, 1774, 1011, 355, 51, 'Nihil nisi repellat assumenda.', '10', '10', '50', '100', 'active', '2024-07-03 21:40:58', '2024-07-03 21:40:58'),
(356, 1779, 1011, 356, 51, 'Corporis aut enim sapiente praesentium.', '10', '10', '50', '100', 'active', '2024-07-03 21:40:58', '2024-07-03 21:40:58'),
(357, 1784, 1011, 357, 51, 'Nisi et officia inventore.', '10', '10', '50', '100', 'active', '2024-07-03 21:40:58', '2024-07-03 21:40:58'),
(358, 1789, 1011, 358, 52, 'QUIZ: This is a demo quiz test', '10', '10', '50', '100', 'active', '2024-07-03 21:40:58', '2024-07-03 21:40:58'),
(359, 1794, 1011, 359, 52, 'Minus repellat aperiam ullam voluptatem sunt neque.', '10', '10', '50', '100', 'active', '2024-07-03 21:40:59', '2024-07-03 21:40:59'),
(360, 1799, 1011, 360, 52, 'Exercitationem vitae nihil dolorum sit corrupti.', '10', '10', '50', '100', 'active', '2024-07-03 21:40:59', '2024-07-03 21:40:59'),
(361, 1804, 1011, 361, 52, 'Laborum qui ut quia nisi officiis ea.', '10', '10', '50', '100', 'active', '2024-07-03 21:40:59', '2024-07-03 21:40:59'),
(362, 1809, 1011, 362, 52, 'Magnam molestiae amet incidunt tempore.', '10', '10', '50', '100', 'active', '2024-07-03 21:40:59', '2024-07-03 21:40:59'),
(363, 1814, 1011, 363, 52, 'Eos fugit voluptatum quasi.', '10', '10', '50', '100', 'active', '2024-07-03 21:40:59', '2024-07-03 21:40:59'),
(364, 1819, 1011, 364, 52, 'At et sit aut quaerat.', '10', '10', '50', '100', 'active', '2024-07-03 21:40:59', '2024-07-03 21:40:59'),
(365, 1824, 1012, 365, 53, 'QUIZ: This is a demo quiz test', '10', '10', '50', '100', 'active', '2024-07-03 21:40:59', '2024-07-03 21:40:59'),
(366, 1829, 1012, 366, 53, 'Deserunt numquam libero eum atque iure odit.', '10', '10', '50', '100', 'active', '2024-07-03 21:40:59', '2024-07-03 21:40:59'),
(367, 1834, 1012, 367, 53, 'Sed assumenda doloribus at.', '10', '10', '50', '100', 'active', '2024-07-03 21:40:59', '2024-07-03 21:40:59'),
(368, 1839, 1012, 368, 53, 'Voluptatem cum necessitatibus ducimus molestias.', '10', '10', '50', '100', 'active', '2024-07-03 21:40:59', '2024-07-03 21:40:59'),
(369, 1844, 1012, 369, 53, 'Tempore aliquid in voluptate ea.', '10', '10', '50', '100', 'active', '2024-07-03 21:40:59', '2024-07-03 21:40:59'),
(370, 1849, 1012, 370, 53, 'Sunt minus repellat enim.', '10', '10', '50', '100', 'active', '2024-07-03 21:40:59', '2024-07-03 21:40:59'),
(371, 1854, 1012, 371, 53, 'Explicabo animi soluta sapiente voluptas itaque.', '10', '10', '50', '100', 'active', '2024-07-03 21:40:59', '2024-07-03 21:40:59'),
(372, 1859, 1006, 372, 54, 'QUIZ: This is a demo quiz test', '10', '10', '50', '100', 'active', '2024-07-03 21:40:59', '2024-07-03 21:40:59'),
(373, 1864, 1006, 373, 54, 'Ex error est quia dolores minima reprehenderit.', '10', '10', '50', '100', 'active', '2024-07-03 21:40:59', '2024-07-03 21:40:59'),
(374, 1869, 1006, 374, 54, 'Numquam et ratione impedit officiis.', '10', '10', '50', '100', 'active', '2024-07-03 21:40:59', '2024-07-03 21:40:59'),
(375, 1874, 1006, 375, 54, 'Modi voluptatum quasi in.', '10', '10', '50', '100', 'active', '2024-07-03 21:40:59', '2024-07-03 21:40:59'),
(376, 1879, 1006, 376, 54, 'Nemo dolor et et dolore.', '10', '10', '50', '100', 'active', '2024-07-03 21:40:59', '2024-07-03 21:40:59'),
(377, 1884, 1006, 377, 54, 'Laborum quae consequatur sint dolorum dolore sed.', '10', '10', '50', '100', 'active', '2024-07-03 21:40:59', '2024-07-03 21:40:59'),
(378, 1889, 1006, 378, 54, 'Quo suscipit nemo quis libero cupiditate.', '10', '10', '50', '100', 'active', '2024-07-03 21:40:59', '2024-07-03 21:40:59'),
(379, 1894, 1006, 379, 55, 'QUIZ: This is a demo quiz test', '10', '10', '50', '100', 'active', '2024-07-03 21:40:59', '2024-07-03 21:40:59'),
(380, 1899, 1006, 380, 55, 'Eius asperiores nihil eos ipsa tenetur assumenda.', '10', '10', '50', '100', 'active', '2024-07-03 21:40:59', '2024-07-03 21:40:59'),
(381, 1904, 1006, 381, 55, 'Qui similique suscipit eos dolor.', '10', '10', '50', '100', 'active', '2024-07-03 21:40:59', '2024-07-03 21:40:59'),
(382, 1909, 1006, 382, 55, 'Sequi aut soluta iste.', '10', '10', '50', '100', 'active', '2024-07-03 21:40:59', '2024-07-03 21:40:59'),
(383, 1914, 1006, 383, 55, 'Qui non maxime temporibus ad distinctio vel.', '10', '10', '50', '100', 'active', '2024-07-03 21:40:59', '2024-07-03 21:40:59'),
(384, 1919, 1006, 384, 55, 'Corporis et error dolores.', '10', '10', '50', '100', 'active', '2024-07-03 21:41:00', '2024-07-03 21:41:00'),
(385, 1924, 1006, 385, 55, 'A est accusantium velit illo.', '10', '10', '50', '100', 'active', '2024-07-03 21:41:00', '2024-07-03 21:41:00'),
(386, 1929, 1003, 386, 56, 'QUIZ: This is a demo quiz test', '10', '10', '50', '100', 'active', '2024-07-03 21:41:00', '2024-07-03 21:41:00'),
(387, 1934, 1003, 387, 56, 'Quidem ut exercitationem aliquam aliquam.', '10', '10', '50', '100', 'active', '2024-07-03 21:41:00', '2024-07-03 21:41:00'),
(388, 1939, 1003, 388, 56, 'Unde laborum ipsam assumenda non.', '10', '10', '50', '100', 'active', '2024-07-03 21:41:00', '2024-07-03 21:41:00'),
(389, 1944, 1003, 389, 56, 'Voluptatum aut eos ut vitae repudiandae.', '10', '10', '50', '100', 'active', '2024-07-03 21:41:00', '2024-07-03 21:41:00'),
(390, 1949, 1003, 390, 56, 'Molestias et aperiam et ut reiciendis.', '10', '10', '50', '100', 'active', '2024-07-03 21:41:00', '2024-07-03 21:41:00'),
(391, 1954, 1003, 391, 56, 'Quia omnis dicta consectetur non ea.', '10', '10', '50', '100', 'active', '2024-07-03 21:41:00', '2024-07-03 21:41:00'),
(392, 1959, 1003, 392, 56, 'Reiciendis quaerat et iure alias.', '10', '10', '50', '100', 'active', '2024-07-03 21:41:00', '2024-07-03 21:41:00'),
(393, 1964, 1003, 393, 57, 'QUIZ: This is a demo quiz test', '10', '10', '50', '100', 'active', '2024-07-03 21:41:00', '2024-07-03 21:41:00'),
(394, 1969, 1003, 394, 57, 'Aperiam qui earum ut.', '10', '10', '50', '100', 'active', '2024-07-03 21:41:00', '2024-07-03 21:41:00'),
(395, 1974, 1003, 395, 57, 'Amet ut voluptas rerum.', '10', '10', '50', '100', 'active', '2024-07-03 21:41:00', '2024-07-03 21:41:00'),
(396, 1979, 1003, 396, 57, 'Culpa totam odit molestias.', '10', '10', '50', '100', 'active', '2024-07-03 21:41:00', '2024-07-03 21:41:00'),
(397, 1984, 1003, 397, 57, 'Fuga veritatis voluptatem qui quo mollitia.', '10', '10', '50', '100', 'active', '2024-07-03 21:41:00', '2024-07-03 21:41:00'),
(398, 1989, 1003, 398, 57, 'Ut minus ipsam accusantium.', '10', '10', '50', '100', 'active', '2024-07-03 21:41:00', '2024-07-03 21:41:00'),
(399, 1994, 1003, 399, 57, 'Dolor qui harum et reprehenderit.', '10', '10', '50', '100', 'active', '2024-07-03 21:41:00', '2024-07-03 21:41:00'),
(400, 1999, 1004, 400, 58, 'QUIZ: This is a demo quiz test', '10', '10', '50', '100', 'active', '2024-07-03 21:41:00', '2024-07-03 21:41:00'),
(401, 2004, 1004, 401, 58, 'Provident illum ducimus voluptatem.', '10', '10', '50', '100', 'active', '2024-07-03 21:41:00', '2024-07-03 21:41:00'),
(402, 2009, 1004, 402, 58, 'Cum provident facilis in dolor.', '10', '10', '50', '100', 'active', '2024-07-03 21:41:00', '2024-07-03 21:41:00'),
(403, 2014, 1004, 403, 58, 'Eveniet voluptatum quae autem non explicabo ea.', '10', '10', '50', '100', 'active', '2024-07-03 21:41:00', '2024-07-03 21:41:00'),
(404, 2019, 1004, 404, 58, 'Eos aut qui voluptas magni dolores et.', '10', '10', '50', '100', 'active', '2024-07-03 21:41:00', '2024-07-03 21:41:00'),
(405, 2024, 1004, 405, 58, 'Numquam adipisci iusto velit alias accusantium eligendi.', '10', '10', '50', '100', 'active', '2024-07-03 21:41:00', '2024-07-03 21:41:00'),
(406, 2029, 1004, 406, 58, 'Culpa facere quam explicabo et.', '10', '10', '50', '100', 'active', '2024-07-03 21:41:00', '2024-07-03 21:41:00'),
(407, 2034, 1009, 407, 59, 'QUIZ: This is a demo quiz test', '10', '10', '50', '100', 'active', '2024-07-03 21:41:01', '2024-07-03 21:41:01'),
(408, 2039, 1009, 408, 59, 'Ut recusandae libero quam et et quo.', '10', '10', '50', '100', 'active', '2024-07-03 21:41:01', '2024-07-03 21:41:01'),
(409, 2044, 1009, 409, 59, 'Nemo quia consequatur officia vel.', '10', '10', '50', '100', 'active', '2024-07-03 21:41:01', '2024-07-03 21:41:01'),
(410, 2049, 1009, 410, 59, 'Nostrum aut illum omnis voluptatibus.', '10', '10', '50', '100', 'active', '2024-07-03 21:41:01', '2024-07-03 21:41:01'),
(411, 2054, 1009, 411, 59, 'Minima repudiandae maxime voluptas odio sapiente libero.', '10', '10', '50', '100', 'active', '2024-07-03 21:41:01', '2024-07-03 21:41:01'),
(412, 2059, 1009, 412, 59, 'Ducimus debitis ipsam reprehenderit ratione optio ratione.', '10', '10', '50', '100', 'active', '2024-07-03 21:41:01', '2024-07-03 21:41:01'),
(413, 2064, 1009, 413, 59, 'In illo consequuntur est voluptates doloremque.', '10', '10', '50', '100', 'active', '2024-07-03 21:41:01', '2024-07-03 21:41:01'),
(414, 2069, 1006, 414, 60, 'QUIZ: This is a demo quiz test', '10', '10', '50', '100', 'active', '2024-07-03 21:41:01', '2024-07-03 21:41:01'),
(415, 2074, 1006, 415, 60, 'Deleniti mollitia hic voluptatem.', '10', '10', '50', '100', 'active', '2024-07-03 21:41:01', '2024-07-03 21:41:01'),
(416, 2079, 1006, 416, 60, 'Nobis commodi eum minima hic et.', '10', '10', '50', '100', 'active', '2024-07-03 21:41:01', '2024-07-03 21:41:01'),
(417, 2084, 1006, 417, 60, 'Omnis quod suscipit voluptates repudiandae quae.', '10', '10', '50', '100', 'active', '2024-07-03 21:41:01', '2024-07-03 21:41:01'),
(418, 2089, 1006, 418, 60, 'Cumque aut deleniti delectus corporis.', '10', '10', '50', '100', 'active', '2024-07-03 21:41:01', '2024-07-03 21:41:01'),
(419, 2094, 1006, 419, 60, 'Maxime consequuntur necessitatibus aut aliquam aut commodi.', '10', '10', '50', '100', 'active', '2024-07-03 21:41:01', '2024-07-03 21:41:01'),
(420, 2099, 1006, 420, 60, 'Animi vel ut et.', '10', '10', '50', '100', 'active', '2024-07-03 21:41:01', '2024-07-03 21:41:01'),
(421, 2104, 1002, 421, 61, 'QUIZ: This is a demo quiz test', '10', '10', '50', '100', 'active', '2024-07-03 21:41:01', '2024-07-03 21:41:01'),
(422, 2109, 1002, 422, 61, 'Dignissimos ab debitis harum dolores repellat molestiae.', '10', '10', '50', '100', 'active', '2024-07-03 21:41:01', '2024-07-03 21:41:01'),
(423, 2114, 1002, 423, 61, 'Laudantium voluptatem odio omnis.', '10', '10', '50', '100', 'active', '2024-07-03 21:41:01', '2024-07-03 21:41:01'),
(424, 2119, 1002, 424, 61, 'Debitis numquam incidunt et est.', '10', '10', '50', '100', 'active', '2024-07-03 21:41:01', '2024-07-03 21:41:01'),
(425, 2124, 1002, 425, 61, 'Quia libero non voluptate earum.', '10', '10', '50', '100', 'active', '2024-07-03 21:41:01', '2024-07-03 21:41:01'),
(426, 2129, 1002, 426, 61, 'Officiis quo vel nisi itaque.', '10', '10', '50', '100', 'active', '2024-07-03 21:41:01', '2024-07-03 21:41:01'),
(427, 2134, 1002, 427, 61, 'Vitae quaerat voluptatem et delectus eos quia.', '10', '10', '50', '100', 'active', '2024-07-03 21:41:01', '2024-07-03 21:41:01'),
(428, 2139, 1005, 428, 62, 'QUIZ: This is a demo quiz test', '10', '10', '50', '100', 'active', '2024-07-03 21:41:01', '2024-07-03 21:41:01'),
(429, 2144, 1005, 429, 62, 'Unde ipsa excepturi rerum sint velit.', '10', '10', '50', '100', 'active', '2024-07-03 21:41:01', '2024-07-03 21:41:01'),
(430, 2149, 1005, 430, 62, 'Rem laboriosam dolores quod eos deserunt.', '10', '10', '50', '100', 'active', '2024-07-03 21:41:01', '2024-07-03 21:41:01'),
(431, 2154, 1005, 431, 62, 'Nostrum eveniet earum qui provident rem unde.', '10', '10', '50', '100', 'active', '2024-07-03 21:41:01', '2024-07-03 21:41:01'),
(432, 2159, 1005, 432, 62, 'Inventore vero cum et nihil.', '10', '10', '50', '100', 'active', '2024-07-03 21:41:02', '2024-07-03 21:41:02'),
(433, 2164, 1005, 433, 62, 'Repudiandae quo asperiores est assumenda.', '10', '10', '50', '100', 'active', '2024-07-03 21:41:02', '2024-07-03 21:41:02'),
(434, 2169, 1005, 434, 62, 'Iusto molestiae consectetur voluptatem.', '10', '10', '50', '100', 'active', '2024-07-03 21:41:02', '2024-07-03 21:41:02'),
(435, 2174, 1004, 435, 63, 'QUIZ: This is a demo quiz test', '10', '10', '50', '100', 'active', '2024-07-03 21:41:02', '2024-07-03 21:41:02'),
(436, 2179, 1004, 436, 63, 'Aut in fuga hic labore sit perspiciatis.', '10', '10', '50', '100', 'active', '2024-07-03 21:41:02', '2024-07-03 21:41:02'),
(437, 2184, 1004, 437, 63, 'Et velit inventore animi dolores natus.', '10', '10', '50', '100', 'active', '2024-07-03 21:41:02', '2024-07-03 21:41:02'),
(438, 2189, 1004, 438, 63, 'Est dolore mollitia ex natus.', '10', '10', '50', '100', 'active', '2024-07-03 21:41:02', '2024-07-03 21:41:02'),
(439, 2194, 1004, 439, 63, 'Est quasi asperiores laudantium.', '10', '10', '50', '100', 'active', '2024-07-03 21:41:02', '2024-07-03 21:41:02'),
(440, 2199, 1004, 440, 63, 'Dolor ut sint laudantium accusantium.', '10', '10', '50', '100', 'active', '2024-07-03 21:41:02', '2024-07-03 21:41:02'),
(441, 2204, 1004, 441, 63, 'Ut hic omnis aliquam.', '10', '10', '50', '100', 'active', '2024-07-03 21:41:02', '2024-07-03 21:41:02'),
(442, 2209, 1003, 442, 64, 'QUIZ: This is a demo quiz test', '10', '10', '50', '100', 'active', '2024-07-03 21:41:02', '2024-07-03 21:41:02'),
(443, 2214, 1003, 443, 64, 'Maiores sapiente architecto quidem inventore.', '10', '10', '50', '100', 'active', '2024-07-03 21:41:02', '2024-07-03 21:41:02'),
(444, 2219, 1003, 444, 64, 'Reiciendis ex quasi iure.', '10', '10', '50', '100', 'active', '2024-07-03 21:41:02', '2024-07-03 21:41:02'),
(445, 2224, 1003, 445, 64, 'Quasi earum saepe et in nulla voluptatum similique.', '10', '10', '50', '100', 'active', '2024-07-03 21:41:02', '2024-07-03 21:41:02'),
(446, 2229, 1003, 446, 64, 'Aspernatur vero cupiditate sint impedit.', '10', '10', '50', '100', 'active', '2024-07-03 21:41:02', '2024-07-03 21:41:02'),
(447, 2234, 1003, 447, 64, 'In ab porro non ipsam vel.', '10', '10', '50', '100', 'active', '2024-07-03 21:41:02', '2024-07-03 21:41:02'),
(448, 2239, 1003, 448, 64, 'Aut aut a et cum nostrum ut.', '10', '10', '50', '100', 'active', '2024-07-03 21:41:02', '2024-07-03 21:41:02'),
(449, 2244, 1003, 449, 65, 'QUIZ: This is a demo quiz test', '10', '10', '50', '100', 'active', '2024-07-03 21:41:02', '2024-07-03 21:41:02'),
(450, 2249, 1003, 450, 65, 'Sunt nihil voluptates earum.', '10', '10', '50', '100', 'active', '2024-07-03 21:41:02', '2024-07-03 21:41:02'),
(451, 2254, 1003, 451, 65, 'Ut quasi laborum voluptas eum.', '10', '10', '50', '100', 'active', '2024-07-03 21:41:02', '2024-07-03 21:41:02'),
(452, 2259, 1003, 452, 65, 'Eos rem voluptatem a.', '10', '10', '50', '100', 'active', '2024-07-03 21:41:02', '2024-07-03 21:41:02'),
(453, 2264, 1003, 453, 65, 'Qui quisquam id deleniti explicabo molestiae.', '10', '10', '50', '100', 'active', '2024-07-03 21:41:02', '2024-07-03 21:41:02'),
(454, 2269, 1003, 454, 65, 'Tempore quo quisquam corrupti vero officia.', '10', '10', '50', '100', 'active', '2024-07-03 21:41:02', '2024-07-03 21:41:02'),
(455, 2274, 1003, 455, 65, 'Quo numquam doloremque debitis id occaecati ut.', '10', '10', '50', '100', 'active', '2024-07-03 21:41:02', '2024-07-03 21:41:02'),
(456, 2279, 1011, 456, 66, 'QUIZ: This is a demo quiz test', '10', '10', '50', '100', 'active', '2024-07-03 21:41:03', '2024-07-03 21:41:03'),
(457, 2284, 1011, 457, 66, 'Perspiciatis officiis a quidem.', '10', '10', '50', '100', 'active', '2024-07-03 21:41:03', '2024-07-03 21:41:03'),
(458, 2289, 1011, 458, 66, 'In provident sit ut.', '10', '10', '50', '100', 'active', '2024-07-03 21:41:03', '2024-07-03 21:41:03'),
(459, 2294, 1011, 459, 66, 'Et vitae omnis qui aut.', '10', '10', '50', '100', 'active', '2024-07-03 21:41:03', '2024-07-03 21:41:03'),
(460, 2299, 1011, 460, 66, 'Quasi veritatis magnam ab adipisci provident.', '10', '10', '50', '100', 'active', '2024-07-03 21:41:03', '2024-07-03 21:41:03'),
(461, 2304, 1011, 461, 66, 'Ipsa earum cum praesentium.', '10', '10', '50', '100', 'active', '2024-07-03 21:41:03', '2024-07-03 21:41:03'),
(462, 2309, 1011, 462, 66, 'Placeat eum provident ipsam.', '10', '10', '50', '100', 'active', '2024-07-03 21:41:03', '2024-07-03 21:41:03'),
(463, 2314, 1005, 463, 67, 'QUIZ: This is a demo quiz test', '10', '10', '50', '100', 'active', '2024-07-03 21:41:03', '2024-07-03 21:41:03'),
(464, 2319, 1005, 464, 67, 'Nihil mollitia sint blanditiis eos.', '10', '10', '50', '100', 'active', '2024-07-03 21:41:03', '2024-07-03 21:41:03'),
(465, 2324, 1005, 465, 67, 'Fuga dolorem suscipit neque.', '10', '10', '50', '100', 'active', '2024-07-03 21:41:03', '2024-07-03 21:41:03'),
(466, 2329, 1005, 466, 67, 'Veritatis nesciunt id repellendus.', '10', '10', '50', '100', 'active', '2024-07-03 21:41:03', '2024-07-03 21:41:03'),
(467, 2334, 1005, 467, 67, 'Quos quia omnis est quo.', '10', '10', '50', '100', 'active', '2024-07-03 21:41:03', '2024-07-03 21:41:03'),
(468, 2339, 1005, 468, 67, 'Sunt amet at ipsam assumenda vel.', '10', '10', '50', '100', 'active', '2024-07-03 21:41:03', '2024-07-03 21:41:03'),
(469, 2344, 1005, 469, 67, 'Voluptas a quia labore necessitatibus sit.', '10', '10', '50', '100', 'active', '2024-07-03 21:41:03', '2024-07-03 21:41:03'),
(470, 2349, 1003, 470, 68, 'QUIZ: This is a demo quiz test', '10', '10', '50', '100', 'active', '2024-07-03 21:41:03', '2024-07-03 21:41:03'),
(471, 2354, 1003, 471, 68, 'Sed eligendi soluta fugit sed nihil quo.', '10', '10', '50', '100', 'active', '2024-07-03 21:41:03', '2024-07-03 21:41:03'),
(472, 2359, 1003, 472, 68, 'Dolorem quia quo mollitia.', '10', '10', '50', '100', 'active', '2024-07-03 21:41:03', '2024-07-03 21:41:03'),
(473, 2364, 1003, 473, 68, 'Quasi ipsum neque eum ut molestiae sit.', '10', '10', '50', '100', 'active', '2024-07-03 21:41:03', '2024-07-03 21:41:03'),
(474, 2369, 1003, 474, 68, 'Incidunt dolorum est voluptatem quis ipsum.', '10', '10', '50', '100', 'active', '2024-07-03 21:41:03', '2024-07-03 21:41:03'),
(475, 2374, 1003, 475, 68, 'Quo ut autem earum officiis fuga.', '10', '10', '50', '100', 'active', '2024-07-03 21:41:03', '2024-07-03 21:41:03'),
(476, 2379, 1003, 476, 68, 'In voluptatem deleniti officiis.', '10', '10', '50', '100', 'active', '2024-07-03 21:41:03', '2024-07-03 21:41:03'),
(477, 2384, 1001, 477, 69, 'QUIZ: This is a demo quiz test', '10', '10', '50', '100', 'active', '2024-07-03 21:41:03', '2024-07-03 21:41:03'),
(478, 2389, 1001, 478, 69, 'Repellendus perspiciatis dolor deserunt commodi minima.', '10', '10', '50', '100', 'active', '2024-07-03 21:41:03', '2024-07-03 21:41:03'),
(479, 2394, 1001, 479, 69, 'Dolorem provident dolorem omnis.', '10', '10', '50', '100', 'active', '2024-07-03 21:41:03', '2024-07-03 21:41:03'),
(480, 2399, 1001, 480, 69, 'Recusandae similique magnam voluptates rerum.', '10', '10', '50', '100', 'active', '2024-07-03 21:41:04', '2024-07-03 21:41:04'),
(481, 2404, 1001, 481, 69, 'Laudantium dicta delectus rerum.', '10', '10', '50', '100', 'active', '2024-07-03 21:41:04', '2024-07-03 21:41:04'),
(482, 2409, 1001, 482, 69, 'Deserunt consequuntur id tempora magnam temporibus quo perferendis.', '10', '10', '50', '100', 'active', '2024-07-03 21:41:04', '2024-07-03 21:41:04'),
(483, 2414, 1001, 483, 69, 'Aut dolor et qui eius aut eius.', '10', '10', '50', '100', 'active', '2024-07-03 21:41:04', '2024-07-03 21:41:04'),
(484, 2419, 1002, 484, 70, 'QUIZ: This is a demo quiz test', '10', '10', '50', '100', 'active', '2024-07-03 21:41:04', '2024-07-03 21:41:04'),
(485, 2424, 1002, 485, 70, 'Non aut nobis totam enim dolores et dolore.', '10', '10', '50', '100', 'active', '2024-07-03 21:41:04', '2024-07-03 21:41:04'),
(486, 2429, 1002, 486, 70, 'Quia et commodi veritatis.', '10', '10', '50', '100', 'active', '2024-07-03 21:41:04', '2024-07-03 21:41:04'),
(487, 2434, 1002, 487, 70, 'Consectetur ducimus quod ad.', '10', '10', '50', '100', 'active', '2024-07-03 21:41:04', '2024-07-03 21:41:04'),
(488, 2439, 1002, 488, 70, 'Quia eius et explicabo.', '10', '10', '50', '100', 'active', '2024-07-03 21:41:04', '2024-07-03 21:41:04'),
(489, 2444, 1002, 489, 70, 'Dolorem sint qui tempore delectus iusto sed qui.', '10', '10', '50', '100', 'active', '2024-07-03 21:41:04', '2024-07-03 21:41:04'),
(490, 2449, 1002, 490, 70, 'Pariatur sed corrupti necessitatibus.', '10', '10', '50', '100', 'active', '2024-07-03 21:41:04', '2024-07-03 21:41:04');

-- --------------------------------------------------------

--
